{"id":9475,"date":"2026-01-03T14:06:51","date_gmt":"2026-01-03T17:06:51","guid":{"rendered":"https:\/\/gloriadeus.com\/home\/?page_id=9475"},"modified":"2026-05-06T10:41:56","modified_gmt":"2026-05-06T13:41:56","slug":"sauda-vidas-instagram","status":"publish","type":"page","link":"https:\/\/gloriadeus.com\/home\/sauda-vidas-instagram\/","title":{"rendered":"Sa\u00fada Vidas &#8211; Instagram"},"content":{"rendered":"<!--1ALTIMGTXT-OK-->\r\n<p>&nbsp;<\/p>\r\n\r\n<figure data-wp-context=\"{&quot;imageId&quot;:&quot;69fc5b030661e&quot;}\" data-wp-interactive=\"core\/image\" data-wp-key=\"69fc5b030661e\" class=\"wp-block-image size-full is-resized wp-lightbox-container\">\r\n<p><a href=\"https:\/\/www.instagram.com\/saudavidas\/\"><img loading=\"lazy\" decoding=\"async\" data-wp-class--hide=\"state.isContentHidden\" data-wp-class--show=\"state.isContentVisible\" data-wp-init=\"callbacks.setButtonStyles\" data-wp-on--click=\"actions.showLightbox\" data-wp-on--load=\"callbacks.setButtonStyles\" data-wp-on-window--resize=\"callbacks.setButtonStyles\" class=\"alignnone wp-image-9476\" src=\"https:\/\/gloriadeus.com\/wp-content\/uploads\/2025\/12\/241218AMDIMG01fdf.jpeg\" alt=\"imagem ilustrativa post sauda vidas\" width=\"239\" height=\"239\" srcset=\"https:\/\/gloriadeus.com\/wp-content\/uploads\/2025\/12\/241218AMDIMG01fdf.jpeg 1024w, https:\/\/gloriadeus.com\/wp-content\/uploads\/2025\/12\/241218AMDIMG01fdf-300x300.jpeg 300w, https:\/\/gloriadeus.com\/wp-content\/uploads\/2025\/12\/241218AMDIMG01fdf-150x150.jpeg 150w, https:\/\/gloriadeus.com\/wp-content\/uploads\/2025\/12\/241218AMDIMG01fdf-768x768.jpeg 768w\" sizes=\"auto, (max-width: 239px) 100vw, 239px\" \/><button\n\t\t\tclass=\"lightbox-trigger\"\n\t\t\ttype=\"button\"\n\t\t\taria-haspopup=\"dialog\"\n\t\t\taria-label=\"Ampliar\"\n\t\t\tdata-wp-init=\"callbacks.initTriggerButton\"\n\t\t\tdata-wp-on--click=\"actions.showLightbox\"\n\t\t\tdata-wp-style--right=\"state.imageButtonRight\"\n\t\t\tdata-wp-style--top=\"state.imageButtonTop\"\n\t\t>\n\t\t\t<svg xmlns=\"http:\/\/www.w3.org\/2000\/svg\" width=\"12\" height=\"12\" fill=\"none\" viewBox=\"0 0 12 12\">\n\t\t\t\t<path fill=\"#fff\" d=\"M2 0a2 2 0 0 0-2 2v2h1.5V2a.5.5 0 0 1 .5-.5h2V0H2Zm2 10.5H2a.5.5 0 0 1-.5-.5V8H0v2a2 2 0 0 0 2 2h2v-1.5ZM8 12v-1.5h2a.5.5 0 0 0 .5-.5V8H12v2a2 2 0 0 1-2 2H8Zm2-12a2 2 0 0 1 2 2v2h-1.5V2a.5.5 0 0 0-.5-.5H8V0h2Z\" \/>\n\t\t\t<\/svg>\n\t\t<\/button><\/a><\/p>\r\n<\/figure>\r\n\r\n\r\n\r\n<p>Para acessar a sauda\u00e7\u00f5es referentes a Sa\u00fada Vidas &#8211; Instagram, toque nos campos a seguir:<\/p>\r\n\r\n\r\n\r\n<p>\u2192 <span style=\"text-decoration: underline;\"><em><a href=\"https:\/\/gloriadeus.com\/home\/saudacao-para-o-dia-dia-escolha-o-que-lhe-interessa\/\">Sauda\u00e7\u00f5es para o dia dia<\/a><\/em><\/span><\/p>\r\n\r\n\r\n\r\n<p>\u2192 <em><span style=\"text-decoration: underline;\"><a href=\"https:\/\/gloriadeus.com\/home\/notificacao-de-parabens-e-feliz-aniversario\/\">Parab\u00e9ns e feliz anivers\u00e1rio<\/a><\/span><\/em><\/p>\r\n\r\n\r\n\r\n<p>\u2192 <span style=\"text-decoration: underline;\"><em><a href=\"https:\/\/gloriadeus.com\/home\/saudacao-para-semana-escolha-e-acesse\/\">Sauda\u00e7\u00f5es para a semana<\/a><\/em><\/span><\/p>\r\n\r\n\r\n\r\n<p>\u2192 <em><span style=\"text-decoration: underline;\"><a href=\"https:\/\/gloriadeus.com\/home\/acesse-feriados-e-datas\/\">Feriados e datas dos meses do ano\u00a0<\/a><\/span> <\/em><\/p>\r\n<p>Confira a P\u00e1gina no Instagram \u2192 <a href=\"https:\/\/www.instagram.com\/saudavidas\/\"><em>Sa\u00fada Vidas<\/em><\/a><\/p>\r\n\r\n\r\n\r\n\r\n\r\n<p><strong>Que a paz de Deus esteja com voc\u00ea. Volte sempre para fortalecer sua f\u00e9 e esperan\u00e7a.\u00a0<\/strong><\/p>","protected":false},"excerpt":{"rendered":"<p>&nbsp; Para acessar a sauda\u00e7\u00f5es referentes a Sa\u00fada Vidas &#8211; Instagram, toque nos campos a seguir: \u2192 Sauda\u00e7\u00f5es para o &hellip; <\/p>\n","protected":false},"author":1,"featured_media":0,"parent":0,"menu_order":0,"comment_status":"open","ping_status":"closed","template":"","meta":{"_uf_show_specific_survey":0,"_uf_disable_surveys":false,"footnotes":""},"class_list":["post-9475","page","type-page","status-publish","hentry"],"yoast_head":"<!-- This site is optimized with the Yoast SEO plugin v27.5 - https:\/\/yoast.com\/product\/yoast-seo-wordpress\/ -->\n<title>Sa\u00fada Vidas - Instagram - Gl\u00f3ria Deus<\/title>\n<meta name=\"robots\" content=\"index, follow, max-snippet:-1, max-image-preview:large, max-video-preview:-1\" \/>\n<link rel=\"canonical\" href=\"https:\/\/gloriadeus.com\/home\/sauda-vidas-instagram\/\" \/>\n<meta property=\"og:locale\" content=\"pt_BR\" \/>\n<meta property=\"og:type\" content=\"article\" \/>\n<meta property=\"og:title\" content=\"Sa\u00fada Vidas - Instagram - Gl\u00f3ria Deus\" \/>\n<meta property=\"og:description\" content=\"&nbsp; Para acessar a sauda\u00e7\u00f5es referentes a Sa\u00fada Vidas &#8211; Instagram, toque nos campos a seguir: \u2192 Sauda\u00e7\u00f5es para o &hellip;\" \/>\n<meta property=\"og:url\" content=\"https:\/\/gloriadeus.com\/home\/sauda-vidas-instagram\/\" \/>\n<meta property=\"og:site_name\" content=\"Gl\u00f3ria Deus\" \/>\n<meta property=\"article:modified_time\" content=\"2026-05-06T13:41:56+00:00\" \/>\n<meta property=\"og:image\" content=\"https:\/\/gloriadeus.com\/wp-content\/uploads\/2025\/12\/241218AMDIMG01fdf.jpeg\" \/>\n\t<meta property=\"og:image:width\" content=\"1024\" \/>\n\t<meta property=\"og:image:height\" content=\"1024\" \/>\n\t<meta property=\"og:image:type\" content=\"image\/jpeg\" \/>\n<meta name=\"twitter:card\" content=\"summary_large_image\" \/>\n<meta name=\"twitter:label1\" content=\"Est. tempo de leitura\" \/>\n\t<meta name=\"twitter:data1\" content=\"1 minuto\" \/>\n<script type=\"application\/ld+json\" class=\"yoast-schema-graph\">{\"@context\":\"https:\\\/\\\/schema.org\",\"@graph\":[{\"@type\":\"WebPage\",\"@id\":\"https:\\\/\\\/gloriadeus.com\\\/home\\\/sauda-vidas-instagram\\\/\",\"url\":\"https:\\\/\\\/gloriadeus.com\\\/home\\\/sauda-vidas-instagram\\\/\",\"name\":\"Sa\u00fada Vidas - Instagram - Gl\u00f3ria Deus\",\"isPartOf\":{\"@id\":\"https:\\\/\\\/gloriadeus.com\\\/home\\\/#website\"},\"primaryImageOfPage\":{\"@id\":\"https:\\\/\\\/gloriadeus.com\\\/home\\\/sauda-vidas-instagram\\\/#primaryimage\"},\"image\":{\"@id\":\"https:\\\/\\\/gloriadeus.com\\\/home\\\/sauda-vidas-instagram\\\/#primaryimage\"},\"thumbnailUrl\":\"https:\\\/\\\/gloriadeus.com\\\/wp-content\\\/uploads\\\/2025\\\/12\\\/241218AMDIMG01fdf.jpeg\",\"datePublished\":\"2026-01-03T17:06:51+00:00\",\"dateModified\":\"2026-05-06T13:41:56+00:00\",\"breadcrumb\":{\"@id\":\"https:\\\/\\\/gloriadeus.com\\\/home\\\/sauda-vidas-instagram\\\/#breadcrumb\"},\"inLanguage\":\"pt-BR\",\"potentialAction\":[{\"@type\":\"ReadAction\",\"target\":[\"https:\\\/\\\/gloriadeus.com\\\/home\\\/sauda-vidas-instagram\\\/\"]}]},{\"@type\":\"ImageObject\",\"inLanguage\":\"pt-BR\",\"@id\":\"https:\\\/\\\/gloriadeus.com\\\/home\\\/sauda-vidas-instagram\\\/#primaryimage\",\"url\":\"https:\\\/\\\/gloriadeus.com\\\/wp-content\\\/uploads\\\/2025\\\/12\\\/241218AMDIMG01fdf.jpeg\",\"contentUrl\":\"https:\\\/\\\/gloriadeus.com\\\/wp-content\\\/uploads\\\/2025\\\/12\\\/241218AMDIMG01fdf.jpeg\"},{\"@type\":\"BreadcrumbList\",\"@id\":\"https:\\\/\\\/gloriadeus.com\\\/home\\\/sauda-vidas-instagram\\\/#breadcrumb\",\"itemListElement\":[{\"@type\":\"ListItem\",\"position\":1,\"name\":\"In\u00edcio\",\"item\":\"https:\\\/\\\/gloriadeus.com\\\/home\\\/\"},{\"@type\":\"ListItem\",\"position\":2,\"name\":\"Sa\u00fada Vidas &#8211; Instagram\"}]},{\"@type\":\"WebSite\",\"@id\":\"https:\\\/\\\/gloriadeus.com\\\/home\\\/#website\",\"url\":\"https:\\\/\\\/gloriadeus.com\\\/home\\\/\",\"name\":\"Gloria Deus\",\"description\":\"\u21a8 Deslize para descobrir mais \u21a8\",\"publisher\":{\"@id\":\"https:\\\/\\\/gloriadeus.com\\\/home\\\/#\\\/schema\\\/person\\\/ab2365ca8f87ea38e53ba3c2275e65c4\"},\"alternateName\":\"Muita f\u00e9\",\"potentialAction\":[{\"@type\":\"SearchAction\",\"target\":{\"@type\":\"EntryPoint\",\"urlTemplate\":\"https:\\\/\\\/gloriadeus.com\\\/home\\\/?s={search_term_string}\"},\"query-input\":{\"@type\":\"PropertyValueSpecification\",\"valueRequired\":true,\"valueName\":\"search_term_string\"}}],\"inLanguage\":\"pt-BR\"},{\"@type\":[\"Person\",\"Organization\"],\"@id\":\"https:\\\/\\\/gloriadeus.com\\\/home\\\/#\\\/schema\\\/person\\\/ab2365ca8f87ea38e53ba3c2275e65c4\",\"name\":\"gloriadeus.com\",\"image\":{\"@type\":\"ImageObject\",\"inLanguage\":\"pt-BR\",\"@id\":\"https:\\\/\\\/gloriadeus.com\\\/wp-content\\\/uploads\\\/2024\\\/03\\\/230525DDPNG-21.png\",\"url\":\"https:\\\/\\\/gloriadeus.com\\\/wp-content\\\/uploads\\\/2024\\\/03\\\/230525DDPNG-21.png\",\"contentUrl\":\"https:\\\/\\\/gloriadeus.com\\\/wp-content\\\/uploads\\\/2024\\\/03\\\/230525DDPNG-21.png\",\"width\":220,\"height\":230,\"caption\":\"gloriadeus.com\"},\"logo\":{\"@id\":\"https:\\\/\\\/gloriadeus.com\\\/wp-content\\\/uploads\\\/2024\\\/03\\\/230525DDPNG-21.png\"},\"sameAs\":[\"https:\\\/\\\/gloriadeus.com\"]}]}<\/script>\n<!-- \/ Yoast SEO plugin. -->","yoast_head_json":{"title":"Sa\u00fada Vidas - Instagram - Gl\u00f3ria Deus","robots":{"index":"index","follow":"follow","max-snippet":"max-snippet:-1","max-image-preview":"max-image-preview:large","max-video-preview":"max-video-preview:-1"},"canonical":"https:\/\/gloriadeus.com\/home\/sauda-vidas-instagram\/","og_locale":"pt_BR","og_type":"article","og_title":"Sa\u00fada Vidas - Instagram - Gl\u00f3ria Deus","og_description":"&nbsp; Para acessar a sauda\u00e7\u00f5es referentes a Sa\u00fada Vidas &#8211; Instagram, toque nos campos a seguir: \u2192 Sauda\u00e7\u00f5es para o &hellip;","og_url":"https:\/\/gloriadeus.com\/home\/sauda-vidas-instagram\/","og_site_name":"Gl\u00f3ria Deus","article_modified_time":"2026-05-06T13:41:56+00:00","og_image":[{"width":1024,"height":1024,"url":"https:\/\/gloriadeus.com\/wp-content\/uploads\/2025\/12\/241218AMDIMG01fdf.jpeg","type":"image\/jpeg"}],"twitter_card":"summary_large_image","twitter_misc":{"Est. tempo de leitura":"1 minuto"},"schema":{"@context":"https:\/\/schema.org","@graph":[{"@type":"WebPage","@id":"https:\/\/gloriadeus.com\/home\/sauda-vidas-instagram\/","url":"https:\/\/gloriadeus.com\/home\/sauda-vidas-instagram\/","name":"Sa\u00fada Vidas - Instagram - Gl\u00f3ria Deus","isPartOf":{"@id":"https:\/\/gloriadeus.com\/home\/#website"},"primaryImageOfPage":{"@id":"https:\/\/gloriadeus.com\/home\/sauda-vidas-instagram\/#primaryimage"},"image":{"@id":"https:\/\/gloriadeus.com\/home\/sauda-vidas-instagram\/#primaryimage"},"thumbnailUrl":"https:\/\/gloriadeus.com\/wp-content\/uploads\/2025\/12\/241218AMDIMG01fdf.jpeg","datePublished":"2026-01-03T17:06:51+00:00","dateModified":"2026-05-06T13:41:56+00:00","breadcrumb":{"@id":"https:\/\/gloriadeus.com\/home\/sauda-vidas-instagram\/#breadcrumb"},"inLanguage":"pt-BR","potentialAction":[{"@type":"ReadAction","target":["https:\/\/gloriadeus.com\/home\/sauda-vidas-instagram\/"]}]},{"@type":"ImageObject","inLanguage":"pt-BR","@id":"https:\/\/gloriadeus.com\/home\/sauda-vidas-instagram\/#primaryimage","url":"https:\/\/gloriadeus.com\/wp-content\/uploads\/2025\/12\/241218AMDIMG01fdf.jpeg","contentUrl":"https:\/\/gloriadeus.com\/wp-content\/uploads\/2025\/12\/241218AMDIMG01fdf.jpeg"},{"@type":"BreadcrumbList","@id":"https:\/\/gloriadeus.com\/home\/sauda-vidas-instagram\/#breadcrumb","itemListElement":[{"@type":"ListItem","position":1,"name":"In\u00edcio","item":"https:\/\/gloriadeus.com\/home\/"},{"@type":"ListItem","position":2,"name":"Sa\u00fada Vidas &#8211; Instagram"}]},{"@type":"WebSite","@id":"https:\/\/gloriadeus.com\/home\/#website","url":"https:\/\/gloriadeus.com\/home\/","name":"Gloria Deus","description":"\u21a8 Deslize para descobrir mais \u21a8","publisher":{"@id":"https:\/\/gloriadeus.com\/home\/#\/schema\/person\/ab2365ca8f87ea38e53ba3c2275e65c4"},"alternateName":"Muita f\u00e9","potentialAction":[{"@type":"SearchAction","target":{"@type":"EntryPoint","urlTemplate":"https:\/\/gloriadeus.com\/home\/?s={search_term_string}"},"query-input":{"@type":"PropertyValueSpecification","valueRequired":true,"valueName":"search_term_string"}}],"inLanguage":"pt-BR"},{"@type":["Person","Organization"],"@id":"https:\/\/gloriadeus.com\/home\/#\/schema\/person\/ab2365ca8f87ea38e53ba3c2275e65c4","name":"gloriadeus.com","image":{"@type":"ImageObject","inLanguage":"pt-BR","@id":"https:\/\/gloriadeus.com\/wp-content\/uploads\/2024\/03\/230525DDPNG-21.png","url":"https:\/\/gloriadeus.com\/wp-content\/uploads\/2024\/03\/230525DDPNG-21.png","contentUrl":"https:\/\/gloriadeus.com\/wp-content\/uploads\/2024\/03\/230525DDPNG-21.png","width":220,"height":230,"caption":"gloriadeus.com"},"logo":{"@id":"https:\/\/gloriadeus.com\/wp-content\/uploads\/2024\/03\/230525DDPNG-21.png"},"sameAs":["https:\/\/gloriadeus.com"]}]}},"_links":{"self":[{"href":"https:\/\/gloriadeus.com\/home\/wp-json\/wp\/v2\/pages\/9475","targetHints":{"allow":["GET"]}}],"collection":[{"href":"https:\/\/gloriadeus.com\/home\/wp-json\/wp\/v2\/pages"}],"about":[{"href":"https:\/\/gloriadeus.com\/home\/wp-json\/wp\/v2\/types\/page"}],"author":[{"embeddable":true,"href":"https:\/\/gloriadeus.com\/home\/wp-json\/wp\/v2\/users\/1"}],"replies":[{"embeddable":true,"href":"https:\/\/gloriadeus.com\/home\/wp-json\/wp\/v2\/comments?post=9475"}],"version-history":[{"count":8,"href":"https:\/\/gloriadeus.com\/home\/wp-json\/wp\/v2\/pages\/9475\/revisions"}],"predecessor-version":[{"id":11739,"href":"https:\/\/gloriadeus.com\/home\/wp-json\/wp\/v2\/pages\/9475\/revisions\/11739"}],"wp:attachment":[{"href":"https:\/\/gloriadeus.com\/home\/wp-json\/wp\/v2\/media?parent=9475"}],"curies":[{"name":"wp","href":"https:\/\/api.w.org\/{rel}","templated":true}]}}