{"id":6975,"date":"2025-01-12T21:11:30","date_gmt":"2025-01-13T00:11:30","guid":{"rendered":"https:\/\/gloriadeus.com\/home\/?page_id=6975"},"modified":"2026-04-30T19:28:56","modified_gmt":"2026-04-30T22:28:56","slug":"grupo-whatsapp-fe-no-espirito-santo-participe","status":"publish","type":"page","link":"https:\/\/gloriadeus.com\/home\/grupo-whatsapp-fe-no-espirito-santo-participe\/","title":{"rendered":"Grupo WhatsApp \ud83d\ude4f F\u00e9 no Esp\u00edrito Santo #participe"},"content":{"rendered":"<!-- subtitulo, palavra, paragrafo ok -->\r\n\r\n\r\n<figure class=\"wp-block-image size-full\"><a href=\"https:\/\/chat.whatsapp.com\/DOzDkjrOPqUKNn7meDERce\" ><img loading=\"lazy\" decoding=\"async\" width=\"326\" height=\"334\" class=\"wp-image-6976\" src=\"https:\/\/gloriadeus.com\/wp-content\/uploads\/2025\/04\/250412AMDIMG01.jpg\" alt=\"Participe do Grupo WhatsApp chamado F\u00e9 no Esp\u00edrito Santo\" srcset=\"https:\/\/gloriadeus.com\/wp-content\/uploads\/2025\/04\/250412AMDIMG01.jpg 326w, https:\/\/gloriadeus.com\/wp-content\/uploads\/2025\/04\/250412AMDIMG01-293x300.jpg 293w\" sizes=\"auto, (max-width: 326px) 100vw, 326px\" \/><\/a><\/figure>\r\n\r\n\r\n\r\n<p>Para acessar o grupo, toque na figura acima #segue\u00a0<\/p>\r\n\r\n\r\n\r\n<p>Observa\u00e7\u00e3o:\u00a0Se quiseres permanecer no grupo \u00e9 preciso saber respeitar #regra<\/p>\r\n\r\n\r\n\r\n<h2><strong>Existem regras<\/strong>\u00a0<\/h2>\r\n\r\n\r\n\r\n<p>Para evitar atritos, \u00e9 proibido o envio de mensagens inapropriadas. Por exemplo:\u00a0<\/p>\r\n\r\n\r\n\r\n<p>\u2192 N\u00e3o invadir o espa\u00e7o do grupo, afinal o grupo \u00e9 de todos que participam e n\u00e3o \u00e9 legal apenas uma pessoa enviar um monte mensagens invasivas o que acaba dominando a janela de conversa ou o bate papo entre amizades.\u00a0<\/p>\r\n\r\n\r\n\r\n<p>\u2192 Se voc\u00ea reparar que tem algu\u00e9m mandando conte\u00fados, n\u00e3o ligados ao tema do grupo (como nudes ou ideias impr\u00f3prias), voc\u00ea pode imediatamente chamar uma das pessoas que administram o para solucionar esse problema.\u00a0<\/p>\r\n\r\n\r\n\r\n<p>\u2192 Se quiser conhecer algu\u00e9m particularmente, \u00e9 correto solicitar permiss\u00e3o para saber se a pessoa aceita conversar em particular. Exemplo:\u00a0<\/p>\r\n\r\n\r\n\r\n<p>Se eu percebo que tem algu\u00e9m enviando mensagens legais ou at\u00e9 mesmo falando comigo ali nas conversas do grupo, antes de invadir o privado dessa pessoa eu posso perguntar pra ela se ela permite que eu a chame no privado #ok\u00a0<\/p>\r\n\r\n\r\n\r\n<p>\u2192 Por fim, a regra de etiqueta \u00e9: Evitar o envio de correntes #IssoIncomoda Aqui voc\u00ea pode bem desenvolver sua fidelidade e ganhar muito conhecimento.\u00a0<\/p>\r\n\r\n\r\n\r\n<p>Boas vindas ao grupo, divirta-se conhecendo novas pessoas e interagindo se quiser #sorria\u00a0<\/p>\r\n\r\n\r\n\r\n<p>Caso for sua prefer\u00eancia, podes acessar o grupo a partir do endere\u00e7o:\u00a0<\/p>\r\n\r\n\r\n\r\n<p><span style=\"text-decoration: underline;\"><em><a href=\"https:\/\/bit.ly\/whatsappf\u00e9\" >https:\/\/chat.whatsapp.com\/f\u00e9\u00a0<\/a><\/em><\/span><\/p>\r\n<p>Encurtamos:\u00a0<\/p>\r\n<p><em><a href=\"https:\/\/bit.ly\/whatsappf\u00e9\" ><span style=\"text-decoration: underline;\">https:\/\/bit.ly\/whatsappf\u00e9<\/span><\/a><\/em><\/p>\r\n\r\n\r\n\r\n\r\n","protected":false},"excerpt":{"rendered":"<p>Para acessar o grupo, toque na figura acima #segue\u00a0 Observa\u00e7\u00e3o:\u00a0Se quiseres permanecer no grupo \u00e9 preciso saber respeitar #regra Existem &hellip; <\/p>\n","protected":false},"author":1,"featured_media":6976,"parent":0,"menu_order":0,"comment_status":"closed","ping_status":"closed","template":"","meta":{"_uf_show_specific_survey":0,"_uf_disable_surveys":false,"footnotes":""},"class_list":["post-6975","page","type-page","status-publish","has-post-thumbnail","hentry"],"yoast_head":"<!-- This site is optimized with the Yoast SEO plugin v27.5 - https:\/\/yoast.com\/product\/yoast-seo-wordpress\/ -->\n<title>Grupo WhatsApp \ud83d\ude4f F\u00e9 no Esp\u00edrito Santo #participe - Gl\u00f3ria Deus<\/title>\n<meta name=\"robots\" content=\"index, follow, max-snippet:-1, max-image-preview:large, max-video-preview:-1\" \/>\n<link rel=\"canonical\" href=\"https:\/\/gloriadeus.com\/home\/grupo-whatsapp-fe-no-espirito-santo-participe\/\" \/>\n<meta property=\"og:locale\" content=\"pt_BR\" \/>\n<meta property=\"og:type\" content=\"article\" \/>\n<meta property=\"og:title\" content=\"Grupo WhatsApp \ud83d\ude4f F\u00e9 no Esp\u00edrito Santo #participe - Gl\u00f3ria Deus\" \/>\n<meta property=\"og:description\" content=\"Para acessar o grupo, toque na figura acima #segue\u00a0 Observa\u00e7\u00e3o:\u00a0Se quiseres permanecer no grupo \u00e9 preciso saber respeitar #regra Existem &hellip;\" \/>\n<meta property=\"og:url\" content=\"https:\/\/gloriadeus.com\/home\/grupo-whatsapp-fe-no-espirito-santo-participe\/\" \/>\n<meta property=\"og:site_name\" content=\"Gl\u00f3ria Deus\" \/>\n<meta property=\"article:modified_time\" content=\"2026-04-30T22:28:56+00:00\" \/>\n<meta property=\"og:image\" content=\"https:\/\/gloriadeus.com\/wp-content\/uploads\/2025\/04\/250412AMDIMG01.jpg\" \/>\n\t<meta property=\"og:image:width\" content=\"326\" \/>\n\t<meta property=\"og:image:height\" content=\"334\" \/>\n\t<meta property=\"og:image:type\" content=\"image\/jpeg\" \/>\n<meta name=\"twitter:card\" content=\"summary_large_image\" \/>\n<meta name=\"twitter:label1\" content=\"Est. tempo de leitura\" \/>\n\t<meta name=\"twitter:data1\" content=\"2 minutos\" \/>\n<script type=\"application\/ld+json\" class=\"yoast-schema-graph\">{\"@context\":\"https:\\\/\\\/schema.org\",\"@graph\":[{\"@type\":\"WebPage\",\"@id\":\"https:\\\/\\\/gloriadeus.com\\\/home\\\/grupo-whatsapp-fe-no-espirito-santo-participe\\\/\",\"url\":\"https:\\\/\\\/gloriadeus.com\\\/home\\\/grupo-whatsapp-fe-no-espirito-santo-participe\\\/\",\"name\":\"Grupo WhatsApp \ud83d\ude4f F\u00e9 no Esp\u00edrito Santo #participe - Gl\u00f3ria Deus\",\"isPartOf\":{\"@id\":\"https:\\\/\\\/gloriadeus.com\\\/home\\\/#website\"},\"primaryImageOfPage\":{\"@id\":\"https:\\\/\\\/gloriadeus.com\\\/home\\\/grupo-whatsapp-fe-no-espirito-santo-participe\\\/#primaryimage\"},\"image\":{\"@id\":\"https:\\\/\\\/gloriadeus.com\\\/home\\\/grupo-whatsapp-fe-no-espirito-santo-participe\\\/#primaryimage\"},\"thumbnailUrl\":\"https:\\\/\\\/gloriadeus.com\\\/wp-content\\\/uploads\\\/2025\\\/04\\\/250412AMDIMG01.jpg\",\"datePublished\":\"2025-01-13T00:11:30+00:00\",\"dateModified\":\"2026-04-30T22:28:56+00:00\",\"breadcrumb\":{\"@id\":\"https:\\\/\\\/gloriadeus.com\\\/home\\\/grupo-whatsapp-fe-no-espirito-santo-participe\\\/#breadcrumb\"},\"inLanguage\":\"pt-BR\",\"potentialAction\":[{\"@type\":\"ReadAction\",\"target\":[\"https:\\\/\\\/gloriadeus.com\\\/home\\\/grupo-whatsapp-fe-no-espirito-santo-participe\\\/\"]}]},{\"@type\":\"ImageObject\",\"inLanguage\":\"pt-BR\",\"@id\":\"https:\\\/\\\/gloriadeus.com\\\/home\\\/grupo-whatsapp-fe-no-espirito-santo-participe\\\/#primaryimage\",\"url\":\"https:\\\/\\\/gloriadeus.com\\\/wp-content\\\/uploads\\\/2025\\\/04\\\/250412AMDIMG01.jpg\",\"contentUrl\":\"https:\\\/\\\/gloriadeus.com\\\/wp-content\\\/uploads\\\/2025\\\/04\\\/250412AMDIMG01.jpg\",\"width\":326,\"height\":334},{\"@type\":\"BreadcrumbList\",\"@id\":\"https:\\\/\\\/gloriadeus.com\\\/home\\\/grupo-whatsapp-fe-no-espirito-santo-participe\\\/#breadcrumb\",\"itemListElement\":[{\"@type\":\"ListItem\",\"position\":1,\"name\":\"In\u00edcio\",\"item\":\"https:\\\/\\\/gloriadeus.com\\\/home\\\/\"},{\"@type\":\"ListItem\",\"position\":2,\"name\":\"Grupo WhatsApp \ud83d\ude4f F\u00e9 no Esp\u00edrito Santo #participe\"}]},{\"@type\":\"WebSite\",\"@id\":\"https:\\\/\\\/gloriadeus.com\\\/home\\\/#website\",\"url\":\"https:\\\/\\\/gloriadeus.com\\\/home\\\/\",\"name\":\"Gloria Deus\",\"description\":\"\u21a8 Deslize para descobrir mais \u21a8\",\"publisher\":{\"@id\":\"https:\\\/\\\/gloriadeus.com\\\/home\\\/#\\\/schema\\\/person\\\/ab2365ca8f87ea38e53ba3c2275e65c4\"},\"alternateName\":\"Muita f\u00e9\",\"potentialAction\":[{\"@type\":\"SearchAction\",\"target\":{\"@type\":\"EntryPoint\",\"urlTemplate\":\"https:\\\/\\\/gloriadeus.com\\\/home\\\/?s={search_term_string}\"},\"query-input\":{\"@type\":\"PropertyValueSpecification\",\"valueRequired\":true,\"valueName\":\"search_term_string\"}}],\"inLanguage\":\"pt-BR\"},{\"@type\":[\"Person\",\"Organization\"],\"@id\":\"https:\\\/\\\/gloriadeus.com\\\/home\\\/#\\\/schema\\\/person\\\/ab2365ca8f87ea38e53ba3c2275e65c4\",\"name\":\"gloriadeus.com\",\"image\":{\"@type\":\"ImageObject\",\"inLanguage\":\"pt-BR\",\"@id\":\"https:\\\/\\\/gloriadeus.com\\\/wp-content\\\/uploads\\\/2024\\\/03\\\/230525DDPNG-21.png\",\"url\":\"https:\\\/\\\/gloriadeus.com\\\/wp-content\\\/uploads\\\/2024\\\/03\\\/230525DDPNG-21.png\",\"contentUrl\":\"https:\\\/\\\/gloriadeus.com\\\/wp-content\\\/uploads\\\/2024\\\/03\\\/230525DDPNG-21.png\",\"width\":220,\"height\":230,\"caption\":\"gloriadeus.com\"},\"logo\":{\"@id\":\"https:\\\/\\\/gloriadeus.com\\\/wp-content\\\/uploads\\\/2024\\\/03\\\/230525DDPNG-21.png\"},\"sameAs\":[\"https:\\\/\\\/gloriadeus.com\"]}]}<\/script>\n<!-- \/ Yoast SEO plugin. -->","yoast_head_json":{"title":"Grupo WhatsApp \ud83d\ude4f F\u00e9 no Esp\u00edrito Santo #participe - Gl\u00f3ria Deus","robots":{"index":"index","follow":"follow","max-snippet":"max-snippet:-1","max-image-preview":"max-image-preview:large","max-video-preview":"max-video-preview:-1"},"canonical":"https:\/\/gloriadeus.com\/home\/grupo-whatsapp-fe-no-espirito-santo-participe\/","og_locale":"pt_BR","og_type":"article","og_title":"Grupo WhatsApp \ud83d\ude4f F\u00e9 no Esp\u00edrito Santo #participe - Gl\u00f3ria Deus","og_description":"Para acessar o grupo, toque na figura acima #segue\u00a0 Observa\u00e7\u00e3o:\u00a0Se quiseres permanecer no grupo \u00e9 preciso saber respeitar #regra Existem &hellip;","og_url":"https:\/\/gloriadeus.com\/home\/grupo-whatsapp-fe-no-espirito-santo-participe\/","og_site_name":"Gl\u00f3ria Deus","article_modified_time":"2026-04-30T22:28:56+00:00","og_image":[{"width":326,"height":334,"url":"https:\/\/gloriadeus.com\/wp-content\/uploads\/2025\/04\/250412AMDIMG01.jpg","type":"image\/jpeg"}],"twitter_card":"summary_large_image","twitter_misc":{"Est. tempo de leitura":"2 minutos"},"schema":{"@context":"https:\/\/schema.org","@graph":[{"@type":"WebPage","@id":"https:\/\/gloriadeus.com\/home\/grupo-whatsapp-fe-no-espirito-santo-participe\/","url":"https:\/\/gloriadeus.com\/home\/grupo-whatsapp-fe-no-espirito-santo-participe\/","name":"Grupo WhatsApp \ud83d\ude4f F\u00e9 no Esp\u00edrito Santo #participe - Gl\u00f3ria Deus","isPartOf":{"@id":"https:\/\/gloriadeus.com\/home\/#website"},"primaryImageOfPage":{"@id":"https:\/\/gloriadeus.com\/home\/grupo-whatsapp-fe-no-espirito-santo-participe\/#primaryimage"},"image":{"@id":"https:\/\/gloriadeus.com\/home\/grupo-whatsapp-fe-no-espirito-santo-participe\/#primaryimage"},"thumbnailUrl":"https:\/\/gloriadeus.com\/wp-content\/uploads\/2025\/04\/250412AMDIMG01.jpg","datePublished":"2025-01-13T00:11:30+00:00","dateModified":"2026-04-30T22:28:56+00:00","breadcrumb":{"@id":"https:\/\/gloriadeus.com\/home\/grupo-whatsapp-fe-no-espirito-santo-participe\/#breadcrumb"},"inLanguage":"pt-BR","potentialAction":[{"@type":"ReadAction","target":["https:\/\/gloriadeus.com\/home\/grupo-whatsapp-fe-no-espirito-santo-participe\/"]}]},{"@type":"ImageObject","inLanguage":"pt-BR","@id":"https:\/\/gloriadeus.com\/home\/grupo-whatsapp-fe-no-espirito-santo-participe\/#primaryimage","url":"https:\/\/gloriadeus.com\/wp-content\/uploads\/2025\/04\/250412AMDIMG01.jpg","contentUrl":"https:\/\/gloriadeus.com\/wp-content\/uploads\/2025\/04\/250412AMDIMG01.jpg","width":326,"height":334},{"@type":"BreadcrumbList","@id":"https:\/\/gloriadeus.com\/home\/grupo-whatsapp-fe-no-espirito-santo-participe\/#breadcrumb","itemListElement":[{"@type":"ListItem","position":1,"name":"In\u00edcio","item":"https:\/\/gloriadeus.com\/home\/"},{"@type":"ListItem","position":2,"name":"Grupo WhatsApp \ud83d\ude4f F\u00e9 no Esp\u00edrito Santo #participe"}]},{"@type":"WebSite","@id":"https:\/\/gloriadeus.com\/home\/#website","url":"https:\/\/gloriadeus.com\/home\/","name":"Gloria Deus","description":"\u21a8 Deslize para descobrir mais \u21a8","publisher":{"@id":"https:\/\/gloriadeus.com\/home\/#\/schema\/person\/ab2365ca8f87ea38e53ba3c2275e65c4"},"alternateName":"Muita f\u00e9","potentialAction":[{"@type":"SearchAction","target":{"@type":"EntryPoint","urlTemplate":"https:\/\/gloriadeus.com\/home\/?s={search_term_string}"},"query-input":{"@type":"PropertyValueSpecification","valueRequired":true,"valueName":"search_term_string"}}],"inLanguage":"pt-BR"},{"@type":["Person","Organization"],"@id":"https:\/\/gloriadeus.com\/home\/#\/schema\/person\/ab2365ca8f87ea38e53ba3c2275e65c4","name":"gloriadeus.com","image":{"@type":"ImageObject","inLanguage":"pt-BR","@id":"https:\/\/gloriadeus.com\/wp-content\/uploads\/2024\/03\/230525DDPNG-21.png","url":"https:\/\/gloriadeus.com\/wp-content\/uploads\/2024\/03\/230525DDPNG-21.png","contentUrl":"https:\/\/gloriadeus.com\/wp-content\/uploads\/2024\/03\/230525DDPNG-21.png","width":220,"height":230,"caption":"gloriadeus.com"},"logo":{"@id":"https:\/\/gloriadeus.com\/wp-content\/uploads\/2024\/03\/230525DDPNG-21.png"},"sameAs":["https:\/\/gloriadeus.com"]}]}},"_links":{"self":[{"href":"https:\/\/gloriadeus.com\/home\/wp-json\/wp\/v2\/pages\/6975","targetHints":{"allow":["GET"]}}],"collection":[{"href":"https:\/\/gloriadeus.com\/home\/wp-json\/wp\/v2\/pages"}],"about":[{"href":"https:\/\/gloriadeus.com\/home\/wp-json\/wp\/v2\/types\/page"}],"author":[{"embeddable":true,"href":"https:\/\/gloriadeus.com\/home\/wp-json\/wp\/v2\/users\/1"}],"replies":[{"embeddable":true,"href":"https:\/\/gloriadeus.com\/home\/wp-json\/wp\/v2\/comments?post=6975"}],"version-history":[{"count":9,"href":"https:\/\/gloriadeus.com\/home\/wp-json\/wp\/v2\/pages\/6975\/revisions"}],"predecessor-version":[{"id":11684,"href":"https:\/\/gloriadeus.com\/home\/wp-json\/wp\/v2\/pages\/6975\/revisions\/11684"}],"wp:featuredmedia":[{"embeddable":true,"href":"https:\/\/gloriadeus.com\/home\/wp-json\/wp\/v2\/media\/6976"}],"wp:attachment":[{"href":"https:\/\/gloriadeus.com\/home\/wp-json\/wp\/v2\/media?parent=6975"}],"curies":[{"name":"wp","href":"https:\/\/api.w.org\/{rel}","templated":true}]}}