{"id":6325,"date":"2026-01-07T15:12:06","date_gmt":"2026-01-07T18:12:06","guid":{"rendered":"https:\/\/gloriadeus.com\/?page_id=6325"},"modified":"2026-01-31T14:33:01","modified_gmt":"2026-01-31T17:33:01","slug":"acesse-categorias-do-blog-gloria-deus","status":"publish","type":"page","link":"https:\/\/gloriadeus.com\/home\/acesse-categorias-do-blog-gloria-deus\/","title":{"rendered":"Acesse Categorias do Blog Gl\u00f3ria Deus"},"content":{"rendered":"<!-- subtitulo, palavra, paragrafo ok --> \r\n\r\n\r\n<figure class=\"wp-block-image is-resized\"><img decoding=\"async\" style=\"width: 312px; height: auto;\" src=\"https:\/\/gloriadeus.com\/wp-content\/uploads\/2025\/04\/241115AMD09cx-792x1024.png\" alt=\"\" \/><\/figure>\r\n\r\n\r\n\r\n<p>Para ir at\u00e9 o diret\u00f3rio, basta tocar sobre o campo a seguir:<\/p>\r\n<p>\u2192 <a href=\"https:\/\/gloriadeus.com\/home\/acesse-categorias-do-blog-gloria-deus\/\"><em>Categorias<\/em><\/a>\u00a0<\/p>\r\n\r\n\r\n","protected":false},"excerpt":{"rendered":"<p>Para ir at\u00e9 o diret\u00f3rio, basta tocar sobre o campo a seguir: \u2192 Categorias\u00a0<\/p>\n","protected":false},"author":1,"featured_media":6327,"parent":0,"menu_order":0,"comment_status":"closed","ping_status":"closed","template":"","meta":{"_uf_show_specific_survey":0,"_uf_disable_surveys":false,"footnotes":""},"class_list":["post-6325","page","type-page","status-publish","has-post-thumbnail","hentry"],"yoast_head":"<!-- This site is optimized with the Yoast SEO plugin v27.5 - https:\/\/yoast.com\/product\/yoast-seo-wordpress\/ -->\n<title>Acesse Categorias do Blog Gl\u00f3ria Deus - Gl\u00f3ria Deus<\/title>\n<meta name=\"robots\" content=\"index, follow, max-snippet:-1, max-image-preview:large, max-video-preview:-1\" \/>\n<link rel=\"canonical\" href=\"https:\/\/gloriadeus.com\/home\/acesse-categorias-do-blog-gloria-deus\/\" \/>\n<meta property=\"og:locale\" content=\"pt_BR\" \/>\n<meta property=\"og:type\" content=\"article\" \/>\n<meta property=\"og:title\" content=\"Acesse Categorias do Blog Gl\u00f3ria Deus - Gl\u00f3ria Deus\" \/>\n<meta property=\"og:description\" content=\"Para ir at\u00e9 o diret\u00f3rio, basta tocar sobre o campo a seguir: \u2192 Categorias\u00a0\" \/>\n<meta property=\"og:url\" content=\"https:\/\/gloriadeus.com\/home\/acesse-categorias-do-blog-gloria-deus\/\" \/>\n<meta property=\"og:site_name\" content=\"Gl\u00f3ria Deus\" \/>\n<meta property=\"article:modified_time\" content=\"2026-01-31T17:33:01+00:00\" \/>\n<meta property=\"og:image\" content=\"https:\/\/gloriadeus.com\/wp-content\/uploads\/2025\/04\/241115AMD09cx.png\" \/>\n\t<meta property=\"og:image:width\" content=\"1176\" \/>\n\t<meta property=\"og:image:height\" content=\"1520\" \/>\n\t<meta property=\"og:image:type\" content=\"image\/png\" \/>\n<meta name=\"twitter:card\" content=\"summary_large_image\" \/>\n<meta name=\"twitter:label1\" content=\"Est. tempo de leitura\" \/>\n\t<meta name=\"twitter:data1\" content=\"1 minuto\" \/>\n<script type=\"application\/ld+json\" class=\"yoast-schema-graph\">{\"@context\":\"https:\\\/\\\/schema.org\",\"@graph\":[{\"@type\":\"WebPage\",\"@id\":\"https:\\\/\\\/gloriadeus.com\\\/home\\\/acesse-categorias-do-blog-gloria-deus\\\/\",\"url\":\"https:\\\/\\\/gloriadeus.com\\\/home\\\/acesse-categorias-do-blog-gloria-deus\\\/\",\"name\":\"Acesse Categorias do Blog Gl\u00f3ria Deus - Gl\u00f3ria Deus\",\"isPartOf\":{\"@id\":\"https:\\\/\\\/gloriadeus.com\\\/home\\\/#website\"},\"primaryImageOfPage\":{\"@id\":\"https:\\\/\\\/gloriadeus.com\\\/home\\\/acesse-categorias-do-blog-gloria-deus\\\/#primaryimage\"},\"image\":{\"@id\":\"https:\\\/\\\/gloriadeus.com\\\/home\\\/acesse-categorias-do-blog-gloria-deus\\\/#primaryimage\"},\"thumbnailUrl\":\"https:\\\/\\\/gloriadeus.com\\\/wp-content\\\/uploads\\\/2025\\\/04\\\/241115AMD09cx.png\",\"datePublished\":\"2026-01-07T18:12:06+00:00\",\"dateModified\":\"2026-01-31T17:33:01+00:00\",\"breadcrumb\":{\"@id\":\"https:\\\/\\\/gloriadeus.com\\\/home\\\/acesse-categorias-do-blog-gloria-deus\\\/#breadcrumb\"},\"inLanguage\":\"pt-BR\",\"potentialAction\":[{\"@type\":\"ReadAction\",\"target\":[\"https:\\\/\\\/gloriadeus.com\\\/home\\\/acesse-categorias-do-blog-gloria-deus\\\/\"]}]},{\"@type\":\"ImageObject\",\"inLanguage\":\"pt-BR\",\"@id\":\"https:\\\/\\\/gloriadeus.com\\\/home\\\/acesse-categorias-do-blog-gloria-deus\\\/#primaryimage\",\"url\":\"https:\\\/\\\/gloriadeus.com\\\/wp-content\\\/uploads\\\/2025\\\/04\\\/241115AMD09cx.png\",\"contentUrl\":\"https:\\\/\\\/gloriadeus.com\\\/wp-content\\\/uploads\\\/2025\\\/04\\\/241115AMD09cx.png\",\"width\":1176,\"height\":1520,\"caption\":\"Categorias Blog Gl\u00f3ria Deus\"},{\"@type\":\"BreadcrumbList\",\"@id\":\"https:\\\/\\\/gloriadeus.com\\\/home\\\/acesse-categorias-do-blog-gloria-deus\\\/#breadcrumb\",\"itemListElement\":[{\"@type\":\"ListItem\",\"position\":1,\"name\":\"In\u00edcio\",\"item\":\"https:\\\/\\\/gloriadeus.com\\\/home\\\/\"},{\"@type\":\"ListItem\",\"position\":2,\"name\":\"Acesse Categorias do Blog Gl\u00f3ria Deus\"}]},{\"@type\":\"WebSite\",\"@id\":\"https:\\\/\\\/gloriadeus.com\\\/home\\\/#website\",\"url\":\"https:\\\/\\\/gloriadeus.com\\\/home\\\/\",\"name\":\"Gloria Deus\",\"description\":\"\u21a8 Deslize para descobrir mais \u21a8\",\"publisher\":{\"@id\":\"https:\\\/\\\/gloriadeus.com\\\/home\\\/#\\\/schema\\\/person\\\/ab2365ca8f87ea38e53ba3c2275e65c4\"},\"alternateName\":\"Muita f\u00e9\",\"potentialAction\":[{\"@type\":\"SearchAction\",\"target\":{\"@type\":\"EntryPoint\",\"urlTemplate\":\"https:\\\/\\\/gloriadeus.com\\\/home\\\/?s={search_term_string}\"},\"query-input\":{\"@type\":\"PropertyValueSpecification\",\"valueRequired\":true,\"valueName\":\"search_term_string\"}}],\"inLanguage\":\"pt-BR\"},{\"@type\":[\"Person\",\"Organization\"],\"@id\":\"https:\\\/\\\/gloriadeus.com\\\/home\\\/#\\\/schema\\\/person\\\/ab2365ca8f87ea38e53ba3c2275e65c4\",\"name\":\"gloriadeus.com\",\"image\":{\"@type\":\"ImageObject\",\"inLanguage\":\"pt-BR\",\"@id\":\"https:\\\/\\\/gloriadeus.com\\\/wp-content\\\/uploads\\\/2024\\\/03\\\/230525DDPNG-21.png\",\"url\":\"https:\\\/\\\/gloriadeus.com\\\/wp-content\\\/uploads\\\/2024\\\/03\\\/230525DDPNG-21.png\",\"contentUrl\":\"https:\\\/\\\/gloriadeus.com\\\/wp-content\\\/uploads\\\/2024\\\/03\\\/230525DDPNG-21.png\",\"width\":220,\"height\":230,\"caption\":\"gloriadeus.com\"},\"logo\":{\"@id\":\"https:\\\/\\\/gloriadeus.com\\\/wp-content\\\/uploads\\\/2024\\\/03\\\/230525DDPNG-21.png\"},\"sameAs\":[\"https:\\\/\\\/gloriadeus.com\"]}]}<\/script>\n<!-- \/ Yoast SEO plugin. -->","yoast_head_json":{"title":"Acesse Categorias do Blog Gl\u00f3ria Deus - Gl\u00f3ria Deus","robots":{"index":"index","follow":"follow","max-snippet":"max-snippet:-1","max-image-preview":"max-image-preview:large","max-video-preview":"max-video-preview:-1"},"canonical":"https:\/\/gloriadeus.com\/home\/acesse-categorias-do-blog-gloria-deus\/","og_locale":"pt_BR","og_type":"article","og_title":"Acesse Categorias do Blog Gl\u00f3ria Deus - Gl\u00f3ria Deus","og_description":"Para ir at\u00e9 o diret\u00f3rio, basta tocar sobre o campo a seguir: \u2192 Categorias\u00a0","og_url":"https:\/\/gloriadeus.com\/home\/acesse-categorias-do-blog-gloria-deus\/","og_site_name":"Gl\u00f3ria Deus","article_modified_time":"2026-01-31T17:33:01+00:00","og_image":[{"width":1176,"height":1520,"url":"https:\/\/gloriadeus.com\/wp-content\/uploads\/2025\/04\/241115AMD09cx.png","type":"image\/png"}],"twitter_card":"summary_large_image","twitter_misc":{"Est. tempo de leitura":"1 minuto"},"schema":{"@context":"https:\/\/schema.org","@graph":[{"@type":"WebPage","@id":"https:\/\/gloriadeus.com\/home\/acesse-categorias-do-blog-gloria-deus\/","url":"https:\/\/gloriadeus.com\/home\/acesse-categorias-do-blog-gloria-deus\/","name":"Acesse Categorias do Blog Gl\u00f3ria Deus - Gl\u00f3ria Deus","isPartOf":{"@id":"https:\/\/gloriadeus.com\/home\/#website"},"primaryImageOfPage":{"@id":"https:\/\/gloriadeus.com\/home\/acesse-categorias-do-blog-gloria-deus\/#primaryimage"},"image":{"@id":"https:\/\/gloriadeus.com\/home\/acesse-categorias-do-blog-gloria-deus\/#primaryimage"},"thumbnailUrl":"https:\/\/gloriadeus.com\/wp-content\/uploads\/2025\/04\/241115AMD09cx.png","datePublished":"2026-01-07T18:12:06+00:00","dateModified":"2026-01-31T17:33:01+00:00","breadcrumb":{"@id":"https:\/\/gloriadeus.com\/home\/acesse-categorias-do-blog-gloria-deus\/#breadcrumb"},"inLanguage":"pt-BR","potentialAction":[{"@type":"ReadAction","target":["https:\/\/gloriadeus.com\/home\/acesse-categorias-do-blog-gloria-deus\/"]}]},{"@type":"ImageObject","inLanguage":"pt-BR","@id":"https:\/\/gloriadeus.com\/home\/acesse-categorias-do-blog-gloria-deus\/#primaryimage","url":"https:\/\/gloriadeus.com\/wp-content\/uploads\/2025\/04\/241115AMD09cx.png","contentUrl":"https:\/\/gloriadeus.com\/wp-content\/uploads\/2025\/04\/241115AMD09cx.png","width":1176,"height":1520,"caption":"Categorias Blog Gl\u00f3ria Deus"},{"@type":"BreadcrumbList","@id":"https:\/\/gloriadeus.com\/home\/acesse-categorias-do-blog-gloria-deus\/#breadcrumb","itemListElement":[{"@type":"ListItem","position":1,"name":"In\u00edcio","item":"https:\/\/gloriadeus.com\/home\/"},{"@type":"ListItem","position":2,"name":"Acesse Categorias do Blog Gl\u00f3ria Deus"}]},{"@type":"WebSite","@id":"https:\/\/gloriadeus.com\/home\/#website","url":"https:\/\/gloriadeus.com\/home\/","name":"Gloria Deus","description":"\u21a8 Deslize para descobrir mais \u21a8","publisher":{"@id":"https:\/\/gloriadeus.com\/home\/#\/schema\/person\/ab2365ca8f87ea38e53ba3c2275e65c4"},"alternateName":"Muita f\u00e9","potentialAction":[{"@type":"SearchAction","target":{"@type":"EntryPoint","urlTemplate":"https:\/\/gloriadeus.com\/home\/?s={search_term_string}"},"query-input":{"@type":"PropertyValueSpecification","valueRequired":true,"valueName":"search_term_string"}}],"inLanguage":"pt-BR"},{"@type":["Person","Organization"],"@id":"https:\/\/gloriadeus.com\/home\/#\/schema\/person\/ab2365ca8f87ea38e53ba3c2275e65c4","name":"gloriadeus.com","image":{"@type":"ImageObject","inLanguage":"pt-BR","@id":"https:\/\/gloriadeus.com\/wp-content\/uploads\/2024\/03\/230525DDPNG-21.png","url":"https:\/\/gloriadeus.com\/wp-content\/uploads\/2024\/03\/230525DDPNG-21.png","contentUrl":"https:\/\/gloriadeus.com\/wp-content\/uploads\/2024\/03\/230525DDPNG-21.png","width":220,"height":230,"caption":"gloriadeus.com"},"logo":{"@id":"https:\/\/gloriadeus.com\/wp-content\/uploads\/2024\/03\/230525DDPNG-21.png"},"sameAs":["https:\/\/gloriadeus.com"]}]}},"_links":{"self":[{"href":"https:\/\/gloriadeus.com\/home\/wp-json\/wp\/v2\/pages\/6325","targetHints":{"allow":["GET"]}}],"collection":[{"href":"https:\/\/gloriadeus.com\/home\/wp-json\/wp\/v2\/pages"}],"about":[{"href":"https:\/\/gloriadeus.com\/home\/wp-json\/wp\/v2\/types\/page"}],"author":[{"embeddable":true,"href":"https:\/\/gloriadeus.com\/home\/wp-json\/wp\/v2\/users\/1"}],"replies":[{"embeddable":true,"href":"https:\/\/gloriadeus.com\/home\/wp-json\/wp\/v2\/comments?post=6325"}],"version-history":[{"count":8,"href":"https:\/\/gloriadeus.com\/home\/wp-json\/wp\/v2\/pages\/6325\/revisions"}],"predecessor-version":[{"id":10252,"href":"https:\/\/gloriadeus.com\/home\/wp-json\/wp\/v2\/pages\/6325\/revisions\/10252"}],"wp:featuredmedia":[{"embeddable":true,"href":"https:\/\/gloriadeus.com\/home\/wp-json\/wp\/v2\/media\/6327"}],"wp:attachment":[{"href":"https:\/\/gloriadeus.com\/home\/wp-json\/wp\/v2\/media?parent=6325"}],"curies":[{"name":"wp","href":"https:\/\/api.w.org\/{rel}","templated":true}]}}