{"id":5900,"date":"2026-01-23T20:03:31","date_gmt":"2026-01-23T23:03:31","guid":{"rendered":"https:\/\/gloriadeus.com\/?page_id=5900"},"modified":"2026-01-31T16:52:09","modified_gmt":"2026-01-31T19:52:09","slug":"fe-amor-pensamento-positivo-e-paz-para-a-semana-que-chega","status":"publish","type":"page","link":"https:\/\/gloriadeus.com\/home\/fe-amor-pensamento-positivo-e-paz-para-a-semana-que-chega\/","title":{"rendered":"F\u00e9, amor, pensamento positivo e paz para a semana que chega"},"content":{"rendered":"<!-- subtitulo, palavra, paragrafo ok -->\r\n\r\n\r\n<figure class=\"wp-lightbox-container\" data-wp-context=\"{&quot;imageId&quot;:&quot;69fa28202f767&quot;}\" data-wp-interactive=\"core\/image\" data-wp-key=\"69fa28202f767\">\r\n<div class=\"markdownContainer\" data-projected=\"true\">\r\n<div class=\"markdownContainer\">\r\n<p>Nesta nova semana que se inicia, \u00e9 importante cultivarmos pilares que fortalecem nossa jornada: f\u00e9, amor, pensamento positivo e paz. A f\u00e9 nos d\u00e1 esperan\u00e7a e for\u00e7a para enfrentar desafios, enquanto o amor une cora\u00e7\u00f5es e promove compreens\u00e3o.\u00a0<\/p>\r\n<\/div>\r\n<\/div>\r\n<\/figure>\r\n<figure class=\"wp-block-image size-large is-resized\"><img loading=\"lazy\" decoding=\"async\" width=\"480\" height=\"480\" data-wp-class--hide=\"state.isContentHidden\" data-wp-class--show=\"state.isContentVisible\" data-wp-init=\"callbacks.setButtonStyles\" data-wp-on--click=\"actions.showLightbox\" data-wp-on--load=\"callbacks.setButtonStyles\" data-wp-on-window--resize=\"callbacks.setButtonStyles\" class=\"wp-image-5901\" style=\"width: 349px; height: auto;\" src=\"https:\/\/gloriadeus.com\/wp-content\/uploads\/2025\/03\/250217AMDIMG-31.jpg\" alt=\"F\u00e9, amor, pensamento positivo e paz para a semana que chega\" srcset=\"https:\/\/gloriadeus.com\/wp-content\/uploads\/2025\/03\/250217AMDIMG-31.jpg 480w, https:\/\/gloriadeus.com\/wp-content\/uploads\/2025\/03\/250217AMDIMG-31-300x300.jpg 300w, https:\/\/gloriadeus.com\/wp-content\/uploads\/2025\/03\/250217AMDIMG-31-150x150.jpg 150w\" sizes=\"auto, (max-width: 480px) 100vw, 480px\" \/><button\n\t\t\tclass=\"lightbox-trigger\"\n\t\t\ttype=\"button\"\n\t\t\taria-haspopup=\"dialog\"\n\t\t\taria-label=\"Ampliar\"\n\t\t\tdata-wp-init=\"callbacks.initTriggerButton\"\n\t\t\tdata-wp-on--click=\"actions.showLightbox\"\n\t\t\tdata-wp-style--right=\"state.imageButtonRight\"\n\t\t\tdata-wp-style--top=\"state.imageButtonTop\"\n\t\t>\n\t\t\t<svg xmlns=\"http:\/\/www.w3.org\/2000\/svg\" width=\"12\" height=\"12\" fill=\"none\" viewBox=\"0 0 12 12\">\n\t\t\t\t<path fill=\"#fff\" d=\"M2 0a2 2 0 0 0-2 2v2h1.5V2a.5.5 0 0 1 .5-.5h2V0H2Zm2 10.5H2a.5.5 0 0 1-.5-.5V8H0v2a2 2 0 0 0 2 2h2v-1.5ZM8 12v-1.5h2a.5.5 0 0 0 .5-.5V8H12v2a2 2 0 0 1-2 2H8Zm2-12a2 2 0 0 1 2 2v2h-1.5V2a.5.5 0 0 0-.5-.5H8V0h2Z\" \/>\n\t\t\t<\/svg>\n\t\t<\/button>\u00a0<\/figure>\r\n\r\n\r\n\r\n<p>Para a semana que se aproxima, desejo profundamente que cada um de n\u00f3s seja envolto por uma atmosfera de f\u00e9, amor, pensamento positivo e paz, elementos fundamentais que nos guiam em nossa jornada cotidiana e nos fortalecem diante das adversidades da vida.\u00a0<\/p>\r\n<h2>Inspira\u00e7\u00e3o de f\u00e9, amor e paz para uma semana positiva\u00a0<\/h2>\r\n<p>Em um mundo muitas vezes repleto de incertezas e desafios, \u00e9 crucial que cultivemos a f\u00e9, n\u00e3o apenas em n\u00f3s mesmos, mas tamb\u00e9m na capacidade de transforma\u00e7\u00e3o e supera\u00e7\u00e3o que existe em cada situa\u00e7\u00e3o. Isso nos permite enfrentar os obst\u00e1culos com coragem e esperan\u00e7a, acreditando que h\u00e1 sempre um caminho a seguir, mesmo quando tudo parece nebuloso.\u00a0<\/p>\r\n<p>O amor, por sua vez, \u00e9 a for\u00e7a que nos une e nos motiva a cuidar uns dos outros, a praticar a empatia e a compreens\u00e3o, tornando nossos relacionamentos mais profundos e significativos. Quando espalhamos amor, criamos um ciclo virtuoso que eleva nosso esp\u00edrito e ilumina os dias mais sombrios.\u00a0<\/p>\r\n\r\n\r\n\r\n<figure data-wp-context=\"{&quot;imageId&quot;:&quot;69fa28202fb73&quot;}\" data-wp-interactive=\"core\/image\" data-wp-key=\"69fa28202fb73\" class=\"wp-block-image size-large is-resized wp-lightbox-container\"><img loading=\"lazy\" decoding=\"async\" width=\"351\" height=\"557\" data-wp-class--hide=\"state.isContentHidden\" data-wp-class--show=\"state.isContentVisible\" data-wp-init=\"callbacks.setButtonStyles\" data-wp-on--click=\"actions.showLightbox\" data-wp-on--load=\"callbacks.setButtonStyles\" data-wp-on-window--resize=\"callbacks.setButtonStyles\" class=\"wp-image-5908\" style=\"width: 268px; height: auto;\" src=\"https:\/\/gloriadeus.com\/wp-content\/uploads\/2025\/03\/250217AMDIMG-35.jpg\" alt=\"F\u00e9, amor, pensamento positivo e paz para a semana que chega\" srcset=\"https:\/\/gloriadeus.com\/wp-content\/uploads\/2025\/03\/250217AMDIMG-35.jpg 351w, https:\/\/gloriadeus.com\/wp-content\/uploads\/2025\/03\/250217AMDIMG-35-189x300.jpg 189w\" sizes=\"auto, (max-width: 351px) 100vw, 351px\" \/><button\n\t\t\tclass=\"lightbox-trigger\"\n\t\t\ttype=\"button\"\n\t\t\taria-haspopup=\"dialog\"\n\t\t\taria-label=\"Ampliar\"\n\t\t\tdata-wp-init=\"callbacks.initTriggerButton\"\n\t\t\tdata-wp-on--click=\"actions.showLightbox\"\n\t\t\tdata-wp-style--right=\"state.imageButtonRight\"\n\t\t\tdata-wp-style--top=\"state.imageButtonTop\"\n\t\t>\n\t\t\t<svg xmlns=\"http:\/\/www.w3.org\/2000\/svg\" width=\"12\" height=\"12\" fill=\"none\" viewBox=\"0 0 12 12\">\n\t\t\t\t<path fill=\"#fff\" d=\"M2 0a2 2 0 0 0-2 2v2h1.5V2a.5.5 0 0 1 .5-.5h2V0H2Zm2 10.5H2a.5.5 0 0 1-.5-.5V8H0v2a2 2 0 0 0 2 2h2v-1.5ZM8 12v-1.5h2a.5.5 0 0 0 .5-.5V8H12v2a2 2 0 0 1-2 2H8Zm2-12a2 2 0 0 1 2 2v2h-1.5V2a.5.5 0 0 0-.5-.5H8V0h2Z\" \/>\n\t\t\t<\/svg>\n\t\t<\/button>\u00a0<\/figure>\r\n<p>Que possamos acreditar que, ao unirmos nossas energias e inten\u00e7\u00f5es em prol de um mundo mais amoroso, positivo e pac\u00edfico, estamos contribuindo para um futuro melhor, n\u00e3o apenas para n\u00f3s, mas para todos ao nosso redor. Vamos nos lembrar de que cada pequeno gesto, cada pensamento positivo e cada ato de amor t\u00eam o poder de criar ondas de mudan\u00e7a.\u00a0<\/p>\r\n<h2>Pensamentos positivos e amor para fortalecer sua f\u00e9 semanal\u00a0<\/h2>\r\n<p>\u00c9 essencial mantermos um pensamento positivo, isso n\u00e3o significa ignorar as dificuldades, mas sim abord\u00e1-las com uma perspectiva otimista que nos impulsiona a buscar solu\u00e7\u00f5es e a encontrar aprendizado em cada experi\u00eancia. A paz interior, por sua vez, nos permite agir com serenidade e equil\u00edbrio.<\/p>\r\n<p>O pensamento positivo nos ajuda a manter a resili\u00eancia, transformando desafios em oportunidades de crescimento e desenvolvimento pessoal. E, por \u00faltimo, a paz \u00e9 um estado de esp\u00edrito que todos desejamos, e que devemos cultivar internamente e ao nosso redor.\u00a0<\/p>\r\n<p><img loading=\"lazy\" decoding=\"async\" width=\"351\" height=\"557\" data-wp-class--hide=\"state.isContentHidden\" data-wp-class--show=\"state.isContentVisible\" data-wp-init=\"callbacks.setButtonStyles\" data-wp-on--click=\"actions.showLightbox\" data-wp-on--load=\"callbacks.setButtonStyles\" data-wp-on-window--resize=\"callbacks.setButtonStyles\" class=\"wp-image-5908\" style=\"width: 268px; height: auto;\" src=\"https:\/\/gloriadeus.com\/wp-content\/uploads\/2025\/03\/250217AMDIMG-35.jpg\" alt=\"F\u00e9, amor, pensamento positivo e paz para a semana que chega\" srcset=\"https:\/\/gloriadeus.com\/wp-content\/uploads\/2025\/03\/250217AMDIMG-35.jpg 351w, https:\/\/gloriadeus.com\/wp-content\/uploads\/2025\/03\/250217AMDIMG-35-189x300.jpg 189w\" sizes=\"auto, (max-width: 351px) 100vw, 351px\" \/><button\n\t\t\tclass=\"lightbox-trigger\"\n\t\t\ttype=\"button\"\n\t\t\taria-haspopup=\"dialog\"\n\t\t\taria-label=\"Ampliar\"\n\t\t\tdata-wp-init=\"callbacks.initTriggerButton\"\n\t\t\tdata-wp-on--click=\"actions.showLightbox\"\n\t\t\tdata-wp-style--right=\"state.imageButtonRight\"\n\t\t\tdata-wp-style--top=\"state.imageButtonTop\"\n\t\t>\n\t\t\t<svg xmlns=\"http:\/\/www.w3.org\/2000\/svg\" width=\"12\" height=\"12\" fill=\"none\" viewBox=\"0 0 12 12\">\n\t\t\t\t<path fill=\"#fff\" d=\"M2 0a2 2 0 0 0-2 2v2h1.5V2a.5.5 0 0 1 .5-.5h2V0H2Zm2 10.5H2a.5.5 0 0 1-.5-.5V8H0v2a2 2 0 0 0 2 2h2v-1.5ZM8 12v-1.5h2a.5.5 0 0 0 .5-.5V8H12v2a2 2 0 0 1-2 2H8Zm2-12a2 2 0 0 1 2 2v2h-1.5V2a.5.5 0 0 0-.5-.5H8V0h2Z\" \/>\n\t\t\t<\/svg>\n\t\t<\/button>\u00a0<\/p>\r\n<p>Que as pr\u00f3ximas dias sejam repletos de esperan\u00e7a, que possamos encontrar raz\u00f5es para sorrir, para agradecer e para nos conectar de forma genu\u00edna uns com os outros #boasemana Que esses valores guiem nossos passos nesta semana, inspirando a\u00e7\u00f5es de esperan\u00e7a, solidariedade e tranquilidade, para que possamos viver cada dia com prop\u00f3sito e harmonia.\u00a0<\/p>\r\n<p>\r\n\r\n\r\n\r\n\r\n\r\n\r\n\r\n\r\n\r\n<\/p>\r\n<p>Buscar a paz implica na pr\u00e1tica da medita\u00e7\u00e3o, na reflex\u00e3o silenciosa e na promo\u00e7\u00e3o de um ambiente harmonioso tanto dentro de casa quanto na comunidade. Proponho que nesta nova semana, dedicamos momentos para exercitar cada um desses sentimentos, conectando-nos com nossa ess\u00eancia e com aqueles que nos cercam.<\/p>\r\n<p>Que a f\u00e9 nos guie, o amor nos envolva, a positividade transforme nossa vis\u00e3o e a paz reine em nossos cora\u00e7\u00f5es e em nossas vidas. Que essa jornada comece agora e nos leve a um lugar de harmonia e felicidade coletiva. Pensar de forma otimista nos ajuda a enxergar possibilidades em cada momento, trazendo leveza e motiva\u00e7\u00e3o.\u00a0<\/p>\r\n<p><img loading=\"lazy\" decoding=\"async\" width=\"400\" height=\"400\" class=\"wp-image-5904\" style=\"width: 258px; height: auto;\" src=\"https:\/\/gloriadeus.com\/wp-content\/uploads\/2025\/03\/250217AMDIMG-38.jpg\" alt=\"F\u00e9, amor, pensamento positivo e paz para a semana que chega\" srcset=\"https:\/\/gloriadeus.com\/wp-content\/uploads\/2025\/03\/250217AMDIMG-38.jpg 400w, https:\/\/gloriadeus.com\/wp-content\/uploads\/2025\/03\/250217AMDIMG-38-300x300.jpg 300w, https:\/\/gloriadeus.com\/wp-content\/uploads\/2025\/03\/250217AMDIMG-38-150x150.jpg 150w\" sizes=\"auto, (max-width: 400px) 100vw, 400px\" \/>\u00a0<\/p>\r\n<div class=\"markdownContainer\" data-projected=\"true\">\r\n<div class=\"markdownContainer\">\r\n<p>Para a semana que se inicia, que possamos cultivar a f\u00e9 em nossas possibilidades, o amor em cada gesto, o pensamento positivo para enfrentar desafios e a paz interior para harmonizar nossos dias. Que esses valores nos guiem, trazendo esperan\u00e7a e for\u00e7a para conquistar nossos objetivos e espalhar alegria ao nosso redor. Desejo uma semana repleta de b\u00ean\u00e7\u00e3os e realiza\u00e7\u00f5es!\u00a0<\/p><\/div><\/div>","protected":false},"excerpt":{"rendered":"<p>Para a semana que se aproxima, desejo profundamente que cada um de n\u00f3s seja envolto por uma atmosfera de f\u00e9, &hellip; <\/p>\n","protected":false},"author":1,"featured_media":5901,"parent":0,"menu_order":0,"comment_status":"closed","ping_status":"closed","template":"","meta":{"_uf_show_specific_survey":0,"_uf_disable_surveys":false,"footnotes":""},"class_list":["post-5900","page","type-page","status-publish","has-post-thumbnail","hentry"],"yoast_head":"<!-- This site is optimized with the Yoast SEO plugin v27.5 - https:\/\/yoast.com\/product\/yoast-seo-wordpress\/ -->\n<title>F\u00e9, amor, pensamento positivo e paz para a semana que chega - Gl\u00f3ria Deus<\/title>\n<meta name=\"robots\" content=\"index, follow, max-snippet:-1, max-image-preview:large, max-video-preview:-1\" \/>\n<link rel=\"canonical\" href=\"https:\/\/gloriadeus.com\/home\/fe-amor-pensamento-positivo-e-paz-para-a-semana-que-chega\/\" \/>\n<meta property=\"og:locale\" content=\"pt_BR\" \/>\n<meta property=\"og:type\" content=\"article\" \/>\n<meta property=\"og:title\" content=\"F\u00e9, amor, pensamento positivo e paz para a semana que chega - Gl\u00f3ria Deus\" \/>\n<meta property=\"og:description\" content=\"Para a semana que se aproxima, desejo profundamente que cada um de n\u00f3s seja envolto por uma atmosfera de f\u00e9, &hellip;\" \/>\n<meta property=\"og:url\" content=\"https:\/\/gloriadeus.com\/home\/fe-amor-pensamento-positivo-e-paz-para-a-semana-que-chega\/\" \/>\n<meta property=\"og:site_name\" content=\"Gl\u00f3ria Deus\" \/>\n<meta property=\"article:modified_time\" content=\"2026-01-31T19:52:09+00:00\" \/>\n<meta property=\"og:image\" content=\"https:\/\/gloriadeus.com\/wp-content\/uploads\/2025\/03\/250217AMDIMG-31.jpg\" \/>\n\t<meta property=\"og:image:width\" content=\"480\" \/>\n\t<meta property=\"og:image:height\" content=\"480\" \/>\n\t<meta property=\"og:image:type\" content=\"image\/jpeg\" \/>\n<meta name=\"twitter:card\" content=\"summary_large_image\" \/>\n<meta name=\"twitter:label1\" content=\"Est. tempo de leitura\" \/>\n\t<meta name=\"twitter:data1\" content=\"5 minutos\" \/>\n<script type=\"application\/ld+json\" class=\"yoast-schema-graph\">{\"@context\":\"https:\\\/\\\/schema.org\",\"@graph\":[{\"@type\":\"WebPage\",\"@id\":\"https:\\\/\\\/gloriadeus.com\\\/home\\\/fe-amor-pensamento-positivo-e-paz-para-a-semana-que-chega\\\/\",\"url\":\"https:\\\/\\\/gloriadeus.com\\\/home\\\/fe-amor-pensamento-positivo-e-paz-para-a-semana-que-chega\\\/\",\"name\":\"F\u00e9, amor, pensamento positivo e paz para a semana que chega - Gl\u00f3ria Deus\",\"isPartOf\":{\"@id\":\"https:\\\/\\\/gloriadeus.com\\\/home\\\/#website\"},\"primaryImageOfPage\":{\"@id\":\"https:\\\/\\\/gloriadeus.com\\\/home\\\/fe-amor-pensamento-positivo-e-paz-para-a-semana-que-chega\\\/#primaryimage\"},\"image\":{\"@id\":\"https:\\\/\\\/gloriadeus.com\\\/home\\\/fe-amor-pensamento-positivo-e-paz-para-a-semana-que-chega\\\/#primaryimage\"},\"thumbnailUrl\":\"https:\\\/\\\/gloriadeus.com\\\/wp-content\\\/uploads\\\/2025\\\/03\\\/250217AMDIMG-31.jpg\",\"datePublished\":\"2026-01-23T23:03:31+00:00\",\"dateModified\":\"2026-01-31T19:52:09+00:00\",\"breadcrumb\":{\"@id\":\"https:\\\/\\\/gloriadeus.com\\\/home\\\/fe-amor-pensamento-positivo-e-paz-para-a-semana-que-chega\\\/#breadcrumb\"},\"inLanguage\":\"pt-BR\",\"potentialAction\":[{\"@type\":\"ReadAction\",\"target\":[\"https:\\\/\\\/gloriadeus.com\\\/home\\\/fe-amor-pensamento-positivo-e-paz-para-a-semana-que-chega\\\/\"]}]},{\"@type\":\"ImageObject\",\"inLanguage\":\"pt-BR\",\"@id\":\"https:\\\/\\\/gloriadeus.com\\\/home\\\/fe-amor-pensamento-positivo-e-paz-para-a-semana-que-chega\\\/#primaryimage\",\"url\":\"https:\\\/\\\/gloriadeus.com\\\/wp-content\\\/uploads\\\/2025\\\/03\\\/250217AMDIMG-31.jpg\",\"contentUrl\":\"https:\\\/\\\/gloriadeus.com\\\/wp-content\\\/uploads\\\/2025\\\/03\\\/250217AMDIMG-31.jpg\",\"width\":480,\"height\":480,\"caption\":\"F\u00e9, amor, pensamento positivo e paz para a semana que chega\"},{\"@type\":\"BreadcrumbList\",\"@id\":\"https:\\\/\\\/gloriadeus.com\\\/home\\\/fe-amor-pensamento-positivo-e-paz-para-a-semana-que-chega\\\/#breadcrumb\",\"itemListElement\":[{\"@type\":\"ListItem\",\"position\":1,\"name\":\"In\u00edcio\",\"item\":\"https:\\\/\\\/gloriadeus.com\\\/home\\\/\"},{\"@type\":\"ListItem\",\"position\":2,\"name\":\"F\u00e9, amor, pensamento positivo e paz para a semana que chega\"}]},{\"@type\":\"WebSite\",\"@id\":\"https:\\\/\\\/gloriadeus.com\\\/home\\\/#website\",\"url\":\"https:\\\/\\\/gloriadeus.com\\\/home\\\/\",\"name\":\"Gloria Deus\",\"description\":\"\u21a8 Deslize para descobrir mais \u21a8\",\"publisher\":{\"@id\":\"https:\\\/\\\/gloriadeus.com\\\/home\\\/#\\\/schema\\\/person\\\/ab2365ca8f87ea38e53ba3c2275e65c4\"},\"alternateName\":\"Muita f\u00e9\",\"potentialAction\":[{\"@type\":\"SearchAction\",\"target\":{\"@type\":\"EntryPoint\",\"urlTemplate\":\"https:\\\/\\\/gloriadeus.com\\\/home\\\/?s={search_term_string}\"},\"query-input\":{\"@type\":\"PropertyValueSpecification\",\"valueRequired\":true,\"valueName\":\"search_term_string\"}}],\"inLanguage\":\"pt-BR\"},{\"@type\":[\"Person\",\"Organization\"],\"@id\":\"https:\\\/\\\/gloriadeus.com\\\/home\\\/#\\\/schema\\\/person\\\/ab2365ca8f87ea38e53ba3c2275e65c4\",\"name\":\"gloriadeus.com\",\"image\":{\"@type\":\"ImageObject\",\"inLanguage\":\"pt-BR\",\"@id\":\"https:\\\/\\\/gloriadeus.com\\\/wp-content\\\/uploads\\\/2024\\\/03\\\/230525DDPNG-21.png\",\"url\":\"https:\\\/\\\/gloriadeus.com\\\/wp-content\\\/uploads\\\/2024\\\/03\\\/230525DDPNG-21.png\",\"contentUrl\":\"https:\\\/\\\/gloriadeus.com\\\/wp-content\\\/uploads\\\/2024\\\/03\\\/230525DDPNG-21.png\",\"width\":220,\"height\":230,\"caption\":\"gloriadeus.com\"},\"logo\":{\"@id\":\"https:\\\/\\\/gloriadeus.com\\\/wp-content\\\/uploads\\\/2024\\\/03\\\/230525DDPNG-21.png\"},\"sameAs\":[\"https:\\\/\\\/gloriadeus.com\"]}]}<\/script>\n<!-- \/ Yoast SEO plugin. -->","yoast_head_json":{"title":"F\u00e9, amor, pensamento positivo e paz para a semana que chega - Gl\u00f3ria Deus","robots":{"index":"index","follow":"follow","max-snippet":"max-snippet:-1","max-image-preview":"max-image-preview:large","max-video-preview":"max-video-preview:-1"},"canonical":"https:\/\/gloriadeus.com\/home\/fe-amor-pensamento-positivo-e-paz-para-a-semana-que-chega\/","og_locale":"pt_BR","og_type":"article","og_title":"F\u00e9, amor, pensamento positivo e paz para a semana que chega - Gl\u00f3ria Deus","og_description":"Para a semana que se aproxima, desejo profundamente que cada um de n\u00f3s seja envolto por uma atmosfera de f\u00e9, &hellip;","og_url":"https:\/\/gloriadeus.com\/home\/fe-amor-pensamento-positivo-e-paz-para-a-semana-que-chega\/","og_site_name":"Gl\u00f3ria Deus","article_modified_time":"2026-01-31T19:52:09+00:00","og_image":[{"width":480,"height":480,"url":"https:\/\/gloriadeus.com\/wp-content\/uploads\/2025\/03\/250217AMDIMG-31.jpg","type":"image\/jpeg"}],"twitter_card":"summary_large_image","twitter_misc":{"Est. tempo de leitura":"5 minutos"},"schema":{"@context":"https:\/\/schema.org","@graph":[{"@type":"WebPage","@id":"https:\/\/gloriadeus.com\/home\/fe-amor-pensamento-positivo-e-paz-para-a-semana-que-chega\/","url":"https:\/\/gloriadeus.com\/home\/fe-amor-pensamento-positivo-e-paz-para-a-semana-que-chega\/","name":"F\u00e9, amor, pensamento positivo e paz para a semana que chega - Gl\u00f3ria Deus","isPartOf":{"@id":"https:\/\/gloriadeus.com\/home\/#website"},"primaryImageOfPage":{"@id":"https:\/\/gloriadeus.com\/home\/fe-amor-pensamento-positivo-e-paz-para-a-semana-que-chega\/#primaryimage"},"image":{"@id":"https:\/\/gloriadeus.com\/home\/fe-amor-pensamento-positivo-e-paz-para-a-semana-que-chega\/#primaryimage"},"thumbnailUrl":"https:\/\/gloriadeus.com\/wp-content\/uploads\/2025\/03\/250217AMDIMG-31.jpg","datePublished":"2026-01-23T23:03:31+00:00","dateModified":"2026-01-31T19:52:09+00:00","breadcrumb":{"@id":"https:\/\/gloriadeus.com\/home\/fe-amor-pensamento-positivo-e-paz-para-a-semana-que-chega\/#breadcrumb"},"inLanguage":"pt-BR","potentialAction":[{"@type":"ReadAction","target":["https:\/\/gloriadeus.com\/home\/fe-amor-pensamento-positivo-e-paz-para-a-semana-que-chega\/"]}]},{"@type":"ImageObject","inLanguage":"pt-BR","@id":"https:\/\/gloriadeus.com\/home\/fe-amor-pensamento-positivo-e-paz-para-a-semana-que-chega\/#primaryimage","url":"https:\/\/gloriadeus.com\/wp-content\/uploads\/2025\/03\/250217AMDIMG-31.jpg","contentUrl":"https:\/\/gloriadeus.com\/wp-content\/uploads\/2025\/03\/250217AMDIMG-31.jpg","width":480,"height":480,"caption":"F\u00e9, amor, pensamento positivo e paz para a semana que chega"},{"@type":"BreadcrumbList","@id":"https:\/\/gloriadeus.com\/home\/fe-amor-pensamento-positivo-e-paz-para-a-semana-que-chega\/#breadcrumb","itemListElement":[{"@type":"ListItem","position":1,"name":"In\u00edcio","item":"https:\/\/gloriadeus.com\/home\/"},{"@type":"ListItem","position":2,"name":"F\u00e9, amor, pensamento positivo e paz para a semana que chega"}]},{"@type":"WebSite","@id":"https:\/\/gloriadeus.com\/home\/#website","url":"https:\/\/gloriadeus.com\/home\/","name":"Gloria Deus","description":"\u21a8 Deslize para descobrir mais \u21a8","publisher":{"@id":"https:\/\/gloriadeus.com\/home\/#\/schema\/person\/ab2365ca8f87ea38e53ba3c2275e65c4"},"alternateName":"Muita f\u00e9","potentialAction":[{"@type":"SearchAction","target":{"@type":"EntryPoint","urlTemplate":"https:\/\/gloriadeus.com\/home\/?s={search_term_string}"},"query-input":{"@type":"PropertyValueSpecification","valueRequired":true,"valueName":"search_term_string"}}],"inLanguage":"pt-BR"},{"@type":["Person","Organization"],"@id":"https:\/\/gloriadeus.com\/home\/#\/schema\/person\/ab2365ca8f87ea38e53ba3c2275e65c4","name":"gloriadeus.com","image":{"@type":"ImageObject","inLanguage":"pt-BR","@id":"https:\/\/gloriadeus.com\/wp-content\/uploads\/2024\/03\/230525DDPNG-21.png","url":"https:\/\/gloriadeus.com\/wp-content\/uploads\/2024\/03\/230525DDPNG-21.png","contentUrl":"https:\/\/gloriadeus.com\/wp-content\/uploads\/2024\/03\/230525DDPNG-21.png","width":220,"height":230,"caption":"gloriadeus.com"},"logo":{"@id":"https:\/\/gloriadeus.com\/wp-content\/uploads\/2024\/03\/230525DDPNG-21.png"},"sameAs":["https:\/\/gloriadeus.com"]}]}},"_links":{"self":[{"href":"https:\/\/gloriadeus.com\/home\/wp-json\/wp\/v2\/pages\/5900","targetHints":{"allow":["GET"]}}],"collection":[{"href":"https:\/\/gloriadeus.com\/home\/wp-json\/wp\/v2\/pages"}],"about":[{"href":"https:\/\/gloriadeus.com\/home\/wp-json\/wp\/v2\/types\/page"}],"author":[{"embeddable":true,"href":"https:\/\/gloriadeus.com\/home\/wp-json\/wp\/v2\/users\/1"}],"replies":[{"embeddable":true,"href":"https:\/\/gloriadeus.com\/home\/wp-json\/wp\/v2\/comments?post=5900"}],"version-history":[{"count":6,"href":"https:\/\/gloriadeus.com\/home\/wp-json\/wp\/v2\/pages\/5900\/revisions"}],"predecessor-version":[{"id":10266,"href":"https:\/\/gloriadeus.com\/home\/wp-json\/wp\/v2\/pages\/5900\/revisions\/10266"}],"wp:featuredmedia":[{"embeddable":true,"href":"https:\/\/gloriadeus.com\/home\/wp-json\/wp\/v2\/media\/5901"}],"wp:attachment":[{"href":"https:\/\/gloriadeus.com\/home\/wp-json\/wp\/v2\/media?parent=5900"}],"curies":[{"name":"wp","href":"https:\/\/api.w.org\/{rel}","templated":true}]}}