{"id":5715,"date":"2026-01-19T12:12:18","date_gmt":"2026-01-19T15:12:18","guid":{"rendered":"https:\/\/gloriadeus.com\/?page_id=5715"},"modified":"2026-02-05T06:53:41","modified_gmt":"2026-02-05T09:53:41","slug":"escorpiao-e-o-nome-do-meu-signo","status":"publish","type":"page","link":"https:\/\/gloriadeus.com\/home\/escorpiao-e-o-nome-do-meu-signo\/","title":{"rendered":"Escorpi\u00e3o \u00e9 o nome do meu signo"},"content":{"rendered":"<!-- subtitulo, palavra, paragrafo ok -->\r\n\r\n\r\n<figure data-wp-context=\"{&quot;imageId&quot;:&quot;69fa366dde234&quot;}\" data-wp-interactive=\"core\/image\" data-wp-key=\"69fa366dde234\" class=\"wp-block-image size-large is-resized wp-lightbox-container\"><img loading=\"lazy\" decoding=\"async\" width=\"480\" height=\"464\" data-wp-class--hide=\"state.isContentHidden\" data-wp-class--show=\"state.isContentVisible\" data-wp-init=\"callbacks.setButtonStyles\" data-wp-on--click=\"actions.showLightbox\" data-wp-on--load=\"callbacks.setButtonStyles\" data-wp-on-window--resize=\"callbacks.setButtonStyles\" class=\"wp-image-5718\" style=\"width: 291px; height: auto;\" src=\"https:\/\/gloriadeus.com\/wp-content\/uploads\/2025\/03\/250319AMDIMG02.jpg\" alt=\"Escorpi\u00e3o \u00e9 o nome do meu signo\" srcset=\"https:\/\/gloriadeus.com\/wp-content\/uploads\/2025\/03\/250319AMDIMG02.jpg 480w, https:\/\/gloriadeus.com\/wp-content\/uploads\/2025\/03\/250319AMDIMG02-300x290.jpg 300w\" sizes=\"auto, (max-width: 480px) 100vw, 480px\" \/><button\n\t\t\tclass=\"lightbox-trigger\"\n\t\t\ttype=\"button\"\n\t\t\taria-haspopup=\"dialog\"\n\t\t\taria-label=\"Ampliar\"\n\t\t\tdata-wp-init=\"callbacks.initTriggerButton\"\n\t\t\tdata-wp-on--click=\"actions.showLightbox\"\n\t\t\tdata-wp-style--right=\"state.imageButtonRight\"\n\t\t\tdata-wp-style--top=\"state.imageButtonTop\"\n\t\t>\n\t\t\t<svg xmlns=\"http:\/\/www.w3.org\/2000\/svg\" width=\"12\" height=\"12\" fill=\"none\" viewBox=\"0 0 12 12\">\n\t\t\t\t<path fill=\"#fff\" d=\"M2 0a2 2 0 0 0-2 2v2h1.5V2a.5.5 0 0 1 .5-.5h2V0H2Zm2 10.5H2a.5.5 0 0 1-.5-.5V8H0v2a2 2 0 0 0 2 2h2v-1.5ZM8 12v-1.5h2a.5.5 0 0 0 .5-.5V8H12v2a2 2 0 0 1-2 2H8Zm2-12a2 2 0 0 1 2 2v2h-1.5V2a.5.5 0 0 0-.5-.5H8V0h2Z\" \/>\n\t\t\t<\/svg>\n\t\t<\/button><\/figure>\r\n\r\n\r\n\r\n<p>Escorpi\u00e3o, regido por Plut\u00e3o e Marte, \u00e9 frequentemente visto como o signo do mist\u00e9rio e da intensidade, aqueles que nasceram sob essa constela\u00e7\u00e3o s\u00e3o conhecidos por sua profundidade emocional e determina\u00e7\u00e3o, a intensidade dos escorpianos pode ser tanto atraente quanto intimidadora.\u00a0<\/p>\r\n<h2>Amigos leais\u00a0<\/h2>\r\n<p>Um Signo de capacidade inigual\u00e1vel de mergulhar nos mist\u00e9rios da vida, revelando verdades ocultas que outros podem temer enfrentar, a paix\u00e3o que eles colocam em cada aspecto de suas vidas faz com que sejam amigos leais e amantes ardentes.<\/p>\r\n<p>Tamb\u00e9m podem ser ciumentos e possessivos, revelando o lado sombrio que muitas vezes acompanha sua natureza intensa, essas emo\u00e7\u00f5es extremas tornam-nos seres extremamente aut\u00eanticos, que n\u00e3o t\u00eam medo de se expor, e que buscam conex\u00f5es profundas e significativas, no entanto.<\/p>\r\n\r\n\r\n\r\n<figure data-wp-context=\"{&quot;imageId&quot;:&quot;69fa366dde63d&quot;}\" data-wp-interactive=\"core\/image\" data-wp-key=\"69fa366dde63d\" class=\"wp-block-image size-large is-resized wp-lightbox-container\"><img loading=\"lazy\" decoding=\"async\" width=\"567\" height=\"720\" data-wp-class--hide=\"state.isContentHidden\" data-wp-class--show=\"state.isContentVisible\" data-wp-init=\"callbacks.setButtonStyles\" data-wp-on--click=\"actions.showLightbox\" data-wp-on--load=\"callbacks.setButtonStyles\" data-wp-on-window--resize=\"callbacks.setButtonStyles\" class=\"wp-image-5717\" style=\"width: 344px; height: auto;\" src=\"https:\/\/gloriadeus.com\/wp-content\/uploads\/2025\/03\/250319AMDIMG01.jpg\" alt=\"Escorpi\u00e3o \u00e9 o nome do meu signo\" srcset=\"https:\/\/gloriadeus.com\/wp-content\/uploads\/2025\/03\/250319AMDIMG01.jpg 567w, https:\/\/gloriadeus.com\/wp-content\/uploads\/2025\/03\/250319AMDIMG01-236x300.jpg 236w\" sizes=\"auto, (max-width: 567px) 100vw, 567px\" \/><button\n\t\t\tclass=\"lightbox-trigger\"\n\t\t\ttype=\"button\"\n\t\t\taria-haspopup=\"dialog\"\n\t\t\taria-label=\"Ampliar\"\n\t\t\tdata-wp-init=\"callbacks.initTriggerButton\"\n\t\t\tdata-wp-on--click=\"actions.showLightbox\"\n\t\t\tdata-wp-style--right=\"state.imageButtonRight\"\n\t\t\tdata-wp-style--top=\"state.imageButtonTop\"\n\t\t>\n\t\t\t<svg xmlns=\"http:\/\/www.w3.org\/2000\/svg\" width=\"12\" height=\"12\" fill=\"none\" viewBox=\"0 0 12 12\">\n\t\t\t\t<path fill=\"#fff\" d=\"M2 0a2 2 0 0 0-2 2v2h1.5V2a.5.5 0 0 1 .5-.5h2V0H2Zm2 10.5H2a.5.5 0 0 1-.5-.5V8H0v2a2 2 0 0 0 2 2h2v-1.5ZM8 12v-1.5h2a.5.5 0 0 0 .5-.5V8H12v2a2 2 0 0 1-2 2H8Zm2-12a2 2 0 0 1 2 2v2h-1.5V2a.5.5 0 0 0-.5-.5H8V0h2Z\" \/>\n\t\t\t<\/svg>\n\t\t<\/button>\u00a0<\/figure>\r\n<p>Pessoas desse Signo tem uma \u00f3tima habilidade de manipular situa\u00e7\u00f5es pode lev\u00e1-las a serem vistas como controladoras, muitos escorpianos preferem permanecer nas sombras, observando os outros antes de se revelar.\u00a0<\/p>\r\n<h2>Escorpi\u00e3o \u00e9 o nome do meu signo\u00a0<\/h2>\r\n<p>Uma caracter\u00edstica que os torna excelentes investigadores e indiv\u00edduos que possuem uma percep\u00e7\u00e3o agu\u00e7ada do que se passa ao seu redor, eles s\u00e3o fascinados por segredos e muitas vezes encontrando conforto no que \u00e9 desconhecido.\u00a0<\/p>\r\n<p>A busca pela verdade \u00e9 um dos pilares do escorpiano, fazendo com que eles sejam indom\u00e1veis em suas convic\u00e7\u00f5es e joguem com as cartas na mesa, mesmo que isso implique em conflitos, eles est\u00e3o propensos a ressentimentos, ent\u00e3o aprender a liberar essas emo\u00e7\u00f5es negativas \u00e9 um desafio constante, pois guardam m\u00e1goas por longos per\u00edodos.\u00a0<\/p>\r\n\r\n\r\n\r\n<figure data-wp-context=\"{&quot;imageId&quot;:&quot;69fa366dde95a&quot;}\" data-wp-interactive=\"core\/image\" data-wp-key=\"69fa366dde95a\" class=\"wp-block-image size-large is-resized wp-lightbox-container\"><img loading=\"lazy\" decoding=\"async\" width=\"564\" height=\"564\" data-wp-class--hide=\"state.isContentHidden\" data-wp-class--show=\"state.isContentVisible\" data-wp-init=\"callbacks.setButtonStyles\" data-wp-on--click=\"actions.showLightbox\" data-wp-on--load=\"callbacks.setButtonStyles\" data-wp-on-window--resize=\"callbacks.setButtonStyles\" class=\"wp-image-5720\" style=\"width: 344px; height: auto;\" src=\"https:\/\/gloriadeus.com\/wp-content\/uploads\/2025\/03\/250319AMDIMG03.jpg\" alt=\"Escorpi\u00e3o \u00e9 o nome do meu signo\" srcset=\"https:\/\/gloriadeus.com\/wp-content\/uploads\/2025\/03\/250319AMDIMG03.jpg 564w, https:\/\/gloriadeus.com\/wp-content\/uploads\/2025\/03\/250319AMDIMG03-300x300.jpg 300w, https:\/\/gloriadeus.com\/wp-content\/uploads\/2025\/03\/250319AMDIMG03-150x150.jpg 150w\" sizes=\"auto, (max-width: 564px) 100vw, 564px\" \/><button\n\t\t\tclass=\"lightbox-trigger\"\n\t\t\ttype=\"button\"\n\t\t\taria-haspopup=\"dialog\"\n\t\t\taria-label=\"Ampliar\"\n\t\t\tdata-wp-init=\"callbacks.initTriggerButton\"\n\t\t\tdata-wp-on--click=\"actions.showLightbox\"\n\t\t\tdata-wp-style--right=\"state.imageButtonRight\"\n\t\t\tdata-wp-style--top=\"state.imageButtonTop\"\n\t\t>\n\t\t\t<svg xmlns=\"http:\/\/www.w3.org\/2000\/svg\" width=\"12\" height=\"12\" fill=\"none\" viewBox=\"0 0 12 12\">\n\t\t\t\t<path fill=\"#fff\" d=\"M2 0a2 2 0 0 0-2 2v2h1.5V2a.5.5 0 0 1 .5-.5h2V0H2Zm2 10.5H2a.5.5 0 0 1-.5-.5V8H0v2a2 2 0 0 0 2 2h2v-1.5ZM8 12v-1.5h2a.5.5 0 0 0 .5-.5V8H12v2a2 2 0 0 1-2 2H8Zm2-12a2 2 0 0 1 2 2v2h-1.5V2a.5.5 0 0 0-.5-.5H8V0h2Z\" \/>\n\t\t\t<\/svg>\n\t\t<\/button>\u00a0<\/figure>\r\n\r\n\r\n\r\n<p>Uma vez que aprendem a transformar essa energia em algo produtivo, tornam-se figuras resilientes e inspiradoras, conhecidos por sua transforma\u00e7\u00e3o pessoal, escorpianos t\u00eam a capacidade de renascer das cinzas, assim como a f\u00eanix, ao longo de suas vidas, testemunham e provocam mudan\u00e7as significativas, deixando um rastro de pessoas impressionadas por sua for\u00e7a.\u00a0<\/p>\r\n<h2>Um instinto que guia\u00a0<\/h2>\r\n<p>Intrigados por sua habilidade de se reinventar, o que pode ser uma famosa mensagem em suas hist\u00f3rias de vida, s\u00e3o tamb\u00e9m um dos signos mais intuitivos, frequentemente guiados por instintos que os fazem entender mais do que as palavras podem dizer.<\/p>\r\n<p>Uma intui\u00e7\u00e3o que \u00e9 frequentemente acompanhada por um senso de humor mordaz que pode desarmar at\u00e9 mesmo os mais s\u00e9rios, como amigos, eles s\u00e3o leais at\u00e9 o fim, mas se sentir tra\u00eddos pode ser devastador, levando-os a se afastar sem olhar para tr\u00e1s, no campo profissional, escorpianos s\u00e3o verdadeiros guerreiros, que n\u00e3o desistem facilmente diante de adversidades.<\/p>\r\n\r\n\r\n\r\n<figure data-wp-context=\"{&quot;imageId&quot;:&quot;69fa366ddec4d&quot;}\" data-wp-interactive=\"core\/image\" data-wp-key=\"69fa366ddec4d\" class=\"wp-block-image size-large is-resized wp-lightbox-container\"><img loading=\"lazy\" decoding=\"async\" width=\"735\" height=\"726\" data-wp-class--hide=\"state.isContentHidden\" data-wp-class--show=\"state.isContentVisible\" data-wp-init=\"callbacks.setButtonStyles\" data-wp-on--click=\"actions.showLightbox\" data-wp-on--load=\"callbacks.setButtonStyles\" data-wp-on-window--resize=\"callbacks.setButtonStyles\" class=\"wp-image-5719\" style=\"width: 323px; height: auto;\" src=\"https:\/\/gloriadeus.com\/wp-content\/uploads\/2025\/03\/250319AMDIMG04.jpg\" alt=\"Escorpi\u00e3o \u00e9 o nome do meu signo\" srcset=\"https:\/\/gloriadeus.com\/wp-content\/uploads\/2025\/03\/250319AMDIMG04.jpg 735w, https:\/\/gloriadeus.com\/wp-content\/uploads\/2025\/03\/250319AMDIMG04-300x296.jpg 300w\" sizes=\"auto, (max-width: 735px) 100vw, 735px\" \/><button\n\t\t\tclass=\"lightbox-trigger\"\n\t\t\ttype=\"button\"\n\t\t\taria-haspopup=\"dialog\"\n\t\t\taria-label=\"Ampliar\"\n\t\t\tdata-wp-init=\"callbacks.initTriggerButton\"\n\t\t\tdata-wp-on--click=\"actions.showLightbox\"\n\t\t\tdata-wp-style--right=\"state.imageButtonRight\"\n\t\t\tdata-wp-style--top=\"state.imageButtonTop\"\n\t\t>\n\t\t\t<svg xmlns=\"http:\/\/www.w3.org\/2000\/svg\" width=\"12\" height=\"12\" fill=\"none\" viewBox=\"0 0 12 12\">\n\t\t\t\t<path fill=\"#fff\" d=\"M2 0a2 2 0 0 0-2 2v2h1.5V2a.5.5 0 0 1 .5-.5h2V0H2Zm2 10.5H2a.5.5 0 0 1-.5-.5V8H0v2a2 2 0 0 0 2 2h2v-1.5ZM8 12v-1.5h2a.5.5 0 0 0 .5-.5V8H12v2a2 2 0 0 1-2 2H8Zm2-12a2 2 0 0 1 2 2v2h-1.5V2a.5.5 0 0 0-.5-.5H8V0h2Z\" \/>\n\t\t\t<\/svg>\n\t\t<\/button>\u00a0<\/figure>\r\n\r\n\r\n\r\n\r\n\r\n\r\n\r\n<figure data-wp-context=\"{&quot;imageId&quot;:&quot;69fa366ded07e&quot;}\" data-wp-interactive=\"core\/image\" data-wp-key=\"69fa366ded07e\" class=\"wp-block-image size-large is-resized wp-lightbox-container\"><img loading=\"lazy\" decoding=\"async\" width=\"480\" height=\"470\" data-wp-class--hide=\"state.isContentHidden\" data-wp-class--show=\"state.isContentVisible\" data-wp-init=\"callbacks.setButtonStyles\" data-wp-on--click=\"actions.showLightbox\" data-wp-on--load=\"callbacks.setButtonStyles\" data-wp-on-window--resize=\"callbacks.setButtonStyles\" class=\"wp-image-5716\" style=\"width: 289px; height: auto;\" src=\"https:\/\/gloriadeus.com\/wp-content\/uploads\/2025\/03\/250319AMDIMG06.jpg\" alt=\"Escorpi\u00e3o \u00e9 o nome do meu signo\" srcset=\"https:\/\/gloriadeus.com\/wp-content\/uploads\/2025\/03\/250319AMDIMG06.jpg 480w, https:\/\/gloriadeus.com\/wp-content\/uploads\/2025\/03\/250319AMDIMG06-300x294.jpg 300w\" sizes=\"auto, (max-width: 480px) 100vw, 480px\" \/><button\n\t\t\tclass=\"lightbox-trigger\"\n\t\t\ttype=\"button\"\n\t\t\taria-haspopup=\"dialog\"\n\t\t\taria-label=\"Ampliar\"\n\t\t\tdata-wp-init=\"callbacks.initTriggerButton\"\n\t\t\tdata-wp-on--click=\"actions.showLightbox\"\n\t\t\tdata-wp-style--right=\"state.imageButtonRight\"\n\t\t\tdata-wp-style--top=\"state.imageButtonTop\"\n\t\t>\n\t\t\t<svg xmlns=\"http:\/\/www.w3.org\/2000\/svg\" width=\"12\" height=\"12\" fill=\"none\" viewBox=\"0 0 12 12\">\n\t\t\t\t<path fill=\"#fff\" d=\"M2 0a2 2 0 0 0-2 2v2h1.5V2a.5.5 0 0 1 .5-.5h2V0H2Zm2 10.5H2a.5.5 0 0 1-.5-.5V8H0v2a2 2 0 0 0 2 2h2v-1.5ZM8 12v-1.5h2a.5.5 0 0 0 .5-.5V8H12v2a2 2 0 0 1-2 2H8Zm2-12a2 2 0 0 1 2 2v2h-1.5V2a.5.5 0 0 0-.5-.5H8V0h2Z\" \/>\n\t\t\t<\/svg>\n\t\t<\/button>\u00a0<\/figure>\r\n\r\n\r\n\r\n<p>Que os fa\u00e7a sentir que pertencem a algo maior, e essa busca muitas vezes envolve desafios, mas s\u00e3o essas mesmas dificuldades que os moldam, fazendo-os crescer e amadurecer, um escorpiano em sua forma mais aut\u00eantica \u00e9 um ser de luz e sombra, capaz de confrontar suas pr\u00f3prias limita\u00e7\u00f5es, e ao mesmo tempo iluminar o caminho para outros.\u00a0<\/p>\r\n<h2>Intensidade justificada\u00a0<\/h2>\r\n<p>Em um mundo repleto de superficialidade, a profundidade de um escorpiano \u00e9 um presente raro, e embora possam ser intensos em suas rea\u00e7\u00f5es, esta intensidade \u00e9 apenas uma faceta de seu car\u00e1ter complexo, que merece ser celebrado e compreendido.<\/p>\r\n<p>Quando voc\u00ea cruzar o caminho de um escorpiano, esteja preparado para uma experi\u00eancia \u00fanica, repleta de emo\u00e7\u00f5es profundas e momentos que transcendem o comum, refletindo a beleza e a dor que interagem constantemente na vida, pois, em \u00faltima an\u00e1lise, os escorpianos nos ensinam que a verdadeira for\u00e7a reside na vulnerabilidade e que amar e ser amado de forma incondicional \u00e9 a mais poderosa transforma\u00e7\u00e3o que podemos experimentar.<\/p>\r\n","protected":false},"excerpt":{"rendered":"<p>Escorpi\u00e3o, regido por Plut\u00e3o e Marte, \u00e9 frequentemente visto como o signo do mist\u00e9rio e da intensidade, aqueles que nasceram &hellip; <\/p>\n","protected":false},"author":1,"featured_media":5719,"parent":0,"menu_order":0,"comment_status":"closed","ping_status":"closed","template":"","meta":{"_uf_show_specific_survey":0,"_uf_disable_surveys":false,"footnotes":""},"class_list":["post-5715","page","type-page","status-publish","has-post-thumbnail","hentry"],"yoast_head":"<!-- This site is optimized with the Yoast SEO plugin v27.5 - https:\/\/yoast.com\/product\/yoast-seo-wordpress\/ -->\n<title>Escorpi\u00e3o \u00e9 o nome do meu signo - Gl\u00f3ria Deus<\/title>\n<meta name=\"robots\" content=\"index, follow, max-snippet:-1, max-image-preview:large, max-video-preview:-1\" \/>\n<link rel=\"canonical\" href=\"https:\/\/gloriadeus.com\/home\/escorpiao-e-o-nome-do-meu-signo\/\" \/>\n<meta property=\"og:locale\" content=\"pt_BR\" \/>\n<meta property=\"og:type\" content=\"article\" \/>\n<meta property=\"og:title\" content=\"Escorpi\u00e3o \u00e9 o nome do meu signo - Gl\u00f3ria Deus\" \/>\n<meta property=\"og:description\" content=\"Escorpi\u00e3o, regido por Plut\u00e3o e Marte, \u00e9 frequentemente visto como o signo do mist\u00e9rio e da intensidade, aqueles que nasceram &hellip;\" \/>\n<meta property=\"og:url\" content=\"https:\/\/gloriadeus.com\/home\/escorpiao-e-o-nome-do-meu-signo\/\" \/>\n<meta property=\"og:site_name\" content=\"Gl\u00f3ria Deus\" \/>\n<meta property=\"article:modified_time\" content=\"2026-02-05T09:53:41+00:00\" \/>\n<meta property=\"og:image\" content=\"https:\/\/gloriadeus.com\/wp-content\/uploads\/2025\/03\/250319AMDIMG04.jpg\" \/>\n\t<meta property=\"og:image:width\" content=\"735\" \/>\n\t<meta property=\"og:image:height\" content=\"726\" \/>\n\t<meta property=\"og:image:type\" content=\"image\/jpeg\" \/>\n<meta name=\"twitter:card\" content=\"summary_large_image\" \/>\n<meta name=\"twitter:label1\" content=\"Est. tempo de leitura\" \/>\n\t<meta name=\"twitter:data1\" content=\"6 minutos\" \/>\n<script type=\"application\/ld+json\" class=\"yoast-schema-graph\">{\"@context\":\"https:\\\/\\\/schema.org\",\"@graph\":[{\"@type\":\"WebPage\",\"@id\":\"https:\\\/\\\/gloriadeus.com\\\/home\\\/escorpiao-e-o-nome-do-meu-signo\\\/\",\"url\":\"https:\\\/\\\/gloriadeus.com\\\/home\\\/escorpiao-e-o-nome-do-meu-signo\\\/\",\"name\":\"Escorpi\u00e3o \u00e9 o nome do meu signo - Gl\u00f3ria Deus\",\"isPartOf\":{\"@id\":\"https:\\\/\\\/gloriadeus.com\\\/home\\\/#website\"},\"primaryImageOfPage\":{\"@id\":\"https:\\\/\\\/gloriadeus.com\\\/home\\\/escorpiao-e-o-nome-do-meu-signo\\\/#primaryimage\"},\"image\":{\"@id\":\"https:\\\/\\\/gloriadeus.com\\\/home\\\/escorpiao-e-o-nome-do-meu-signo\\\/#primaryimage\"},\"thumbnailUrl\":\"https:\\\/\\\/gloriadeus.com\\\/wp-content\\\/uploads\\\/2025\\\/03\\\/250319AMDIMG04.jpg\",\"datePublished\":\"2026-01-19T15:12:18+00:00\",\"dateModified\":\"2026-02-05T09:53:41+00:00\",\"breadcrumb\":{\"@id\":\"https:\\\/\\\/gloriadeus.com\\\/home\\\/escorpiao-e-o-nome-do-meu-signo\\\/#breadcrumb\"},\"inLanguage\":\"pt-BR\",\"potentialAction\":[{\"@type\":\"ReadAction\",\"target\":[\"https:\\\/\\\/gloriadeus.com\\\/home\\\/escorpiao-e-o-nome-do-meu-signo\\\/\"]}]},{\"@type\":\"ImageObject\",\"inLanguage\":\"pt-BR\",\"@id\":\"https:\\\/\\\/gloriadeus.com\\\/home\\\/escorpiao-e-o-nome-do-meu-signo\\\/#primaryimage\",\"url\":\"https:\\\/\\\/gloriadeus.com\\\/wp-content\\\/uploads\\\/2025\\\/03\\\/250319AMDIMG04.jpg\",\"contentUrl\":\"https:\\\/\\\/gloriadeus.com\\\/wp-content\\\/uploads\\\/2025\\\/03\\\/250319AMDIMG04.jpg\",\"width\":735,\"height\":726,\"caption\":\"Escorpi\u00e3o \u00e9 o nome do meu signo\"},{\"@type\":\"BreadcrumbList\",\"@id\":\"https:\\\/\\\/gloriadeus.com\\\/home\\\/escorpiao-e-o-nome-do-meu-signo\\\/#breadcrumb\",\"itemListElement\":[{\"@type\":\"ListItem\",\"position\":1,\"name\":\"In\u00edcio\",\"item\":\"https:\\\/\\\/gloriadeus.com\\\/home\\\/\"},{\"@type\":\"ListItem\",\"position\":2,\"name\":\"Escorpi\u00e3o \u00e9 o nome do meu signo\"}]},{\"@type\":\"WebSite\",\"@id\":\"https:\\\/\\\/gloriadeus.com\\\/home\\\/#website\",\"url\":\"https:\\\/\\\/gloriadeus.com\\\/home\\\/\",\"name\":\"Gloria Deus\",\"description\":\"\u21a8 Deslize para descobrir mais \u21a8\",\"publisher\":{\"@id\":\"https:\\\/\\\/gloriadeus.com\\\/home\\\/#\\\/schema\\\/person\\\/ab2365ca8f87ea38e53ba3c2275e65c4\"},\"alternateName\":\"Muita f\u00e9\",\"potentialAction\":[{\"@type\":\"SearchAction\",\"target\":{\"@type\":\"EntryPoint\",\"urlTemplate\":\"https:\\\/\\\/gloriadeus.com\\\/home\\\/?s={search_term_string}\"},\"query-input\":{\"@type\":\"PropertyValueSpecification\",\"valueRequired\":true,\"valueName\":\"search_term_string\"}}],\"inLanguage\":\"pt-BR\"},{\"@type\":[\"Person\",\"Organization\"],\"@id\":\"https:\\\/\\\/gloriadeus.com\\\/home\\\/#\\\/schema\\\/person\\\/ab2365ca8f87ea38e53ba3c2275e65c4\",\"name\":\"gloriadeus.com\",\"image\":{\"@type\":\"ImageObject\",\"inLanguage\":\"pt-BR\",\"@id\":\"https:\\\/\\\/gloriadeus.com\\\/wp-content\\\/uploads\\\/2024\\\/03\\\/230525DDPNG-21.png\",\"url\":\"https:\\\/\\\/gloriadeus.com\\\/wp-content\\\/uploads\\\/2024\\\/03\\\/230525DDPNG-21.png\",\"contentUrl\":\"https:\\\/\\\/gloriadeus.com\\\/wp-content\\\/uploads\\\/2024\\\/03\\\/230525DDPNG-21.png\",\"width\":220,\"height\":230,\"caption\":\"gloriadeus.com\"},\"logo\":{\"@id\":\"https:\\\/\\\/gloriadeus.com\\\/wp-content\\\/uploads\\\/2024\\\/03\\\/230525DDPNG-21.png\"},\"sameAs\":[\"https:\\\/\\\/gloriadeus.com\"]}]}<\/script>\n<!-- \/ Yoast SEO plugin. -->","yoast_head_json":{"title":"Escorpi\u00e3o \u00e9 o nome do meu signo - Gl\u00f3ria Deus","robots":{"index":"index","follow":"follow","max-snippet":"max-snippet:-1","max-image-preview":"max-image-preview:large","max-video-preview":"max-video-preview:-1"},"canonical":"https:\/\/gloriadeus.com\/home\/escorpiao-e-o-nome-do-meu-signo\/","og_locale":"pt_BR","og_type":"article","og_title":"Escorpi\u00e3o \u00e9 o nome do meu signo - Gl\u00f3ria Deus","og_description":"Escorpi\u00e3o, regido por Plut\u00e3o e Marte, \u00e9 frequentemente visto como o signo do mist\u00e9rio e da intensidade, aqueles que nasceram &hellip;","og_url":"https:\/\/gloriadeus.com\/home\/escorpiao-e-o-nome-do-meu-signo\/","og_site_name":"Gl\u00f3ria Deus","article_modified_time":"2026-02-05T09:53:41+00:00","og_image":[{"width":735,"height":726,"url":"https:\/\/gloriadeus.com\/wp-content\/uploads\/2025\/03\/250319AMDIMG04.jpg","type":"image\/jpeg"}],"twitter_card":"summary_large_image","twitter_misc":{"Est. tempo de leitura":"6 minutos"},"schema":{"@context":"https:\/\/schema.org","@graph":[{"@type":"WebPage","@id":"https:\/\/gloriadeus.com\/home\/escorpiao-e-o-nome-do-meu-signo\/","url":"https:\/\/gloriadeus.com\/home\/escorpiao-e-o-nome-do-meu-signo\/","name":"Escorpi\u00e3o \u00e9 o nome do meu signo - Gl\u00f3ria Deus","isPartOf":{"@id":"https:\/\/gloriadeus.com\/home\/#website"},"primaryImageOfPage":{"@id":"https:\/\/gloriadeus.com\/home\/escorpiao-e-o-nome-do-meu-signo\/#primaryimage"},"image":{"@id":"https:\/\/gloriadeus.com\/home\/escorpiao-e-o-nome-do-meu-signo\/#primaryimage"},"thumbnailUrl":"https:\/\/gloriadeus.com\/wp-content\/uploads\/2025\/03\/250319AMDIMG04.jpg","datePublished":"2026-01-19T15:12:18+00:00","dateModified":"2026-02-05T09:53:41+00:00","breadcrumb":{"@id":"https:\/\/gloriadeus.com\/home\/escorpiao-e-o-nome-do-meu-signo\/#breadcrumb"},"inLanguage":"pt-BR","potentialAction":[{"@type":"ReadAction","target":["https:\/\/gloriadeus.com\/home\/escorpiao-e-o-nome-do-meu-signo\/"]}]},{"@type":"ImageObject","inLanguage":"pt-BR","@id":"https:\/\/gloriadeus.com\/home\/escorpiao-e-o-nome-do-meu-signo\/#primaryimage","url":"https:\/\/gloriadeus.com\/wp-content\/uploads\/2025\/03\/250319AMDIMG04.jpg","contentUrl":"https:\/\/gloriadeus.com\/wp-content\/uploads\/2025\/03\/250319AMDIMG04.jpg","width":735,"height":726,"caption":"Escorpi\u00e3o \u00e9 o nome do meu signo"},{"@type":"BreadcrumbList","@id":"https:\/\/gloriadeus.com\/home\/escorpiao-e-o-nome-do-meu-signo\/#breadcrumb","itemListElement":[{"@type":"ListItem","position":1,"name":"In\u00edcio","item":"https:\/\/gloriadeus.com\/home\/"},{"@type":"ListItem","position":2,"name":"Escorpi\u00e3o \u00e9 o nome do meu signo"}]},{"@type":"WebSite","@id":"https:\/\/gloriadeus.com\/home\/#website","url":"https:\/\/gloriadeus.com\/home\/","name":"Gloria Deus","description":"\u21a8 Deslize para descobrir mais \u21a8","publisher":{"@id":"https:\/\/gloriadeus.com\/home\/#\/schema\/person\/ab2365ca8f87ea38e53ba3c2275e65c4"},"alternateName":"Muita f\u00e9","potentialAction":[{"@type":"SearchAction","target":{"@type":"EntryPoint","urlTemplate":"https:\/\/gloriadeus.com\/home\/?s={search_term_string}"},"query-input":{"@type":"PropertyValueSpecification","valueRequired":true,"valueName":"search_term_string"}}],"inLanguage":"pt-BR"},{"@type":["Person","Organization"],"@id":"https:\/\/gloriadeus.com\/home\/#\/schema\/person\/ab2365ca8f87ea38e53ba3c2275e65c4","name":"gloriadeus.com","image":{"@type":"ImageObject","inLanguage":"pt-BR","@id":"https:\/\/gloriadeus.com\/wp-content\/uploads\/2024\/03\/230525DDPNG-21.png","url":"https:\/\/gloriadeus.com\/wp-content\/uploads\/2024\/03\/230525DDPNG-21.png","contentUrl":"https:\/\/gloriadeus.com\/wp-content\/uploads\/2024\/03\/230525DDPNG-21.png","width":220,"height":230,"caption":"gloriadeus.com"},"logo":{"@id":"https:\/\/gloriadeus.com\/wp-content\/uploads\/2024\/03\/230525DDPNG-21.png"},"sameAs":["https:\/\/gloriadeus.com"]}]}},"_links":{"self":[{"href":"https:\/\/gloriadeus.com\/home\/wp-json\/wp\/v2\/pages\/5715","targetHints":{"allow":["GET"]}}],"collection":[{"href":"https:\/\/gloriadeus.com\/home\/wp-json\/wp\/v2\/pages"}],"about":[{"href":"https:\/\/gloriadeus.com\/home\/wp-json\/wp\/v2\/types\/page"}],"author":[{"embeddable":true,"href":"https:\/\/gloriadeus.com\/home\/wp-json\/wp\/v2\/users\/1"}],"replies":[{"embeddable":true,"href":"https:\/\/gloriadeus.com\/home\/wp-json\/wp\/v2\/comments?post=5715"}],"version-history":[{"count":6,"href":"https:\/\/gloriadeus.com\/home\/wp-json\/wp\/v2\/pages\/5715\/revisions"}],"predecessor-version":[{"id":10359,"href":"https:\/\/gloriadeus.com\/home\/wp-json\/wp\/v2\/pages\/5715\/revisions\/10359"}],"wp:featuredmedia":[{"embeddable":true,"href":"https:\/\/gloriadeus.com\/home\/wp-json\/wp\/v2\/media\/5719"}],"wp:attachment":[{"href":"https:\/\/gloriadeus.com\/home\/wp-json\/wp\/v2\/media?parent=5715"}],"curies":[{"name":"wp","href":"https:\/\/api.w.org\/{rel}","templated":true}]}}