{"id":5616,"date":"2026-01-16T21:03:40","date_gmt":"2026-01-17T00:03:40","guid":{"rendered":"https:\/\/gloriadeus.com\/?page_id=5616"},"modified":"2026-02-07T13:45:59","modified_gmt":"2026-02-07T16:45:59","slug":"boa-noite-domingo-feliz-semana","status":"publish","type":"page","link":"https:\/\/gloriadeus.com\/home\/boa-noite-domingo-feliz-semana\/","title":{"rendered":"Boa noite domingo &#8211; Feliz semana"},"content":{"rendered":"<!-- subtitulo, palavra, paragrafo ok --> \r\n\r\n<figure data-wp-context=\"{&quot;imageId&quot;:&quot;69fc4acec97f5&quot;}\" data-wp-interactive=\"core\/image\" data-wp-key=\"69fc4acec97f5\" class=\"wp-block-image size-large is-resized wp-lightbox-container\"><img loading=\"lazy\" decoding=\"async\" width=\"683\" height=\"1024\" data-wp-class--hide=\"state.isContentHidden\" data-wp-class--show=\"state.isContentVisible\" data-wp-init=\"callbacks.setButtonStyles\" data-wp-on--click=\"actions.showLightbox\" data-wp-on--load=\"callbacks.setButtonStyles\" data-wp-on-window--resize=\"callbacks.setButtonStyles\" class=\"wp-image-5620\" style=\"width: 284px; height: auto;\" src=\"https:\/\/gloriadeus.com\/wp-content\/uploads\/2025\/03\/210910BNDIMG04-683x1024.jpg\" alt=\"Boa noite domingo - Feliz semana\" srcset=\"https:\/\/gloriadeus.com\/wp-content\/uploads\/2025\/03\/210910BNDIMG04-683x1024.jpg 683w, https:\/\/gloriadeus.com\/wp-content\/uploads\/2025\/03\/210910BNDIMG04-200x300.jpg 200w, https:\/\/gloriadeus.com\/wp-content\/uploads\/2025\/03\/210910BNDIMG04.jpg 735w\" sizes=\"auto, (max-width: 683px) 100vw, 683px\" \/><button\n\t\t\tclass=\"lightbox-trigger\"\n\t\t\ttype=\"button\"\n\t\t\taria-haspopup=\"dialog\"\n\t\t\taria-label=\"Ampliar\"\n\t\t\tdata-wp-init=\"callbacks.initTriggerButton\"\n\t\t\tdata-wp-on--click=\"actions.showLightbox\"\n\t\t\tdata-wp-style--right=\"state.imageButtonRight\"\n\t\t\tdata-wp-style--top=\"state.imageButtonTop\"\n\t\t>\n\t\t\t<svg xmlns=\"http:\/\/www.w3.org\/2000\/svg\" width=\"12\" height=\"12\" fill=\"none\" viewBox=\"0 0 12 12\">\n\t\t\t\t<path fill=\"#fff\" d=\"M2 0a2 2 0 0 0-2 2v2h1.5V2a.5.5 0 0 1 .5-.5h2V0H2Zm2 10.5H2a.5.5 0 0 1-.5-.5V8H0v2a2 2 0 0 0 2 2h2v-1.5ZM8 12v-1.5h2a.5.5 0 0 0 .5-.5V8H12v2a2 2 0 0 1-2 2H8Zm2-12a2 2 0 0 1 2 2v2h-1.5V2a.5.5 0 0 0-.5-.5H8V0h2Z\" \/>\n\t\t\t<\/svg>\n\t\t<\/button>\u00a0<\/figure>\r\n\r\n\r\n\r\n<p>Que a semana que se aproxima seja repleta de encontros inspiradores, de aprendizados significativos e de momentos que far\u00e3o o cora\u00e7\u00e3o acelerar de alegria, porque cada dia \u00e9 uma p\u00e1gina em branco onde voc\u00ea \u00e9 o autor da sua pr\u00f3pria hist\u00f3ria e pode escolher como quer preench\u00ea-la.\u00a0<\/p>\r\n<p>Ao se acomodar sob os len\u00e7\u00f3is quentes e confort\u00e1veis, \u00e9 importante permitir que a mente vagueie por um universo de possibilidades que a nova semana trar\u00e1, <strong>vibrante e cheia de oportunidades<\/strong>, quem sabe n\u00e3o ser\u00e1 a hora de iniciar aquele projeto que estava guardado na gaveta, ou de retomar um hobby esquecido que pode ressuscitar a sua criatividade e trazer alegria ao cotidiano.\u00a0<\/p>\r\n<h2>\u00c9 hora de fazer planos para a nova semana\u00a0<\/h2>\r\n<p>Que as risadas sejam frequentes, os abra\u00e7os apertados e que, mesmo diante das adversidades que a vida, com sua sabedoria, pode reservar, voc\u00ea encontre for\u00e7a interna para se levantar e dan\u00e7ar sob a tempestade, e assim, ao agradecer por este domingo e se preparar para a semana que vem, que ecoe em seu ser a certeza de que novos horizontes de felicidade est\u00e3o por vir.\u00a0<\/p>\r\n<p>A noite de domingo contribui para um mundo mais justo, mais bonito e mais digno para todos, ent\u00e3o, ao submergir na calmaria desta noite deliciosa, que voc\u00ea se sinta em paz e seguro, pronto para abra\u00e7ar a magia que cada amanhecer traz consigo, e para que sua jornada na nova semana se transforme em uma fabulosa aventura de auto-descobrimento e crescimento.<\/p>\r\n<p><img loading=\"lazy\" decoding=\"async\" width=\"564\" height=\"448\" class=\"wp-image-5618\" style=\"width: 294px; height: auto;\" src=\"https:\/\/gloriadeus.com\/wp-content\/uploads\/2025\/03\/211031BNDIMG01.jpg\" alt=\"Boa noite domingo - Feliz semana\" srcset=\"https:\/\/gloriadeus.com\/wp-content\/uploads\/2025\/03\/211031BNDIMG01.jpg 564w, https:\/\/gloriadeus.com\/wp-content\/uploads\/2025\/03\/211031BNDIMG01-300x238.jpg 300w\" sizes=\"auto, (max-width: 564px) 100vw, 564px\" \/>\u00a0<\/p>\r\n<p>E que tal fazer uma lista mental ou at\u00e9 mesmo escrita dos objetivos que guiar\u00e3o os pr\u00f3ximos dias, desde os mais simples, como tomar um copo d\u2019\u00e1gua a cada hora, at\u00e9 aqueles mais desafiadores, como buscar um equil\u00edbrio entre trabalho e lazer.<\/p>\r\n<p>Ou mesmo aprender algo novo, como um idioma ou uma receita diferente que possa se tornar um prato especial para compartilhar com quem se ama, \u00e9 fundamental tamb\u00e9m lembrar-se de que a vida \u00e9 feita de ciclos e que cada domingo traz consigo a b\u00ean\u00e7\u00e3o do recome\u00e7o.\u00a0<\/p>\r\n<h2>Boa noite domingo &#8211; Feliz semana\u00a0<\/h2>\r\n<p>Como um ciclo lunar que nos inspira a nos renovarmos e nos reinventarmos, que esta noite seja um convite ao descanso reparador, que envolva cada pensamento em um manto de tranquilidade, permitindo que as preocupa\u00e7\u00f5es se dissipem enquanto os sonhos tomam o seu lugar, aquecendo o cora\u00e7\u00e3o com esperan\u00e7as de dias ensolarados pela frente.\u00a0<\/p>\r\n<p>Que a serenidade da noite penetre nos lares e nas almas, tranquilizando mentes inquietas e permitindo que um novo amanhecer seja recebido com gratid\u00e3o.\u00a0<\/p>\r\n<p><img loading=\"lazy\" decoding=\"async\" width=\"994\" height=\"1024\" class=\"wp-image-5617\" style=\"width: 297px; height: auto;\" src=\"https:\/\/gloriadeus.com\/wp-content\/uploads\/2025\/03\/250203AMDIMG-01-994x1024.jpg\" alt=\"Boa noite domingo - Feliz semana\" srcset=\"https:\/\/gloriadeus.com\/wp-content\/uploads\/2025\/03\/250203AMDIMG-01-994x1024.jpg 994w, https:\/\/gloriadeus.com\/wp-content\/uploads\/2025\/03\/250203AMDIMG-01-291x300.jpg 291w, https:\/\/gloriadeus.com\/wp-content\/uploads\/2025\/03\/250203AMDIMG-01-768x791.jpg 768w, https:\/\/gloriadeus.com\/wp-content\/uploads\/2025\/03\/250203AMDIMG-01.jpg 1179w\" sizes=\"auto, (max-width: 994px) 100vw, 994px\" \/>\u00a0<\/p>\r\n<p>Ao final de um domingo sereno, quando o sol se despede do c\u00e9u e as estrelas come\u00e7am a piscar timidamente, \u00e9 hora de refletir sobre os momentos vividos e os sonhos que se desenharam na mente e no cora\u00e7\u00e3o ao longo da semana.<\/p>\r\n<p>Quanto mais voc\u00ea se permitir sonhar e criar, mais as estrelas se alinhar\u00e3o para que seus desejos se realizem e se traduzam em a\u00e7\u00f5es concretas que ajudam a tornar o mundo um lugar mais bonito, e voc\u00ea, uma vers\u00e3o mais plena de si mesmo.\u00a0<\/p>\r\n<h2>\u00c9 hora de agradecer pelo que deu certo\u00a0<\/h2>\r\n<p>Este \u00e9 um instante prop\u00edcio para agradecer pelas pequenas conquistas, pelos sorrisos compartilhados, pelos desafios superados e pela companhia dos amigos e familiares que, de alguma forma, coloriram os dias com suas risadas e hist\u00f3rias.\u00a0<\/p>\r\n\r\n\r\n\r\n\r\n\r\n\r\n\r\n\r\n\r\n<p>Querida alma, ao fechar os olhos e sentir o pulsar suave do universo ao seu redor, que voc\u00ea encontre a coragem de seguir adiante, iluminado pela luz que \u00e9 a esperan\u00e7a, e que a felicidade se transforme em combust\u00edvel para cada passo que ser\u00e1 dado nos pr\u00f3ximos dias.\u00a0<\/p>\r\n<p><img loading=\"lazy\" decoding=\"async\" width=\"480\" height=\"640\" class=\"wp-image-5619\" style=\"width: 303px; height: auto;\" src=\"https:\/\/gloriadeus.com\/wp-content\/uploads\/2025\/03\/250203AMDIMG-19.jpg\" alt=\"Boa noite domingo - Feliz semana\" srcset=\"https:\/\/gloriadeus.com\/wp-content\/uploads\/2025\/03\/250203AMDIMG-19.jpg 480w, https:\/\/gloriadeus.com\/wp-content\/uploads\/2025\/03\/250203AMDIMG-19-225x300.jpg 225w\" sizes=\"auto, (max-width: 480px) 100vw, 480px\" \/>\u00a0<\/p>\r\n<p>Que suas noites sejam tranquilas, seus sonhos sejam envolvendo e suas manh\u00e3s cheias de energia nova para viver com intensidade cada segundo que a vida generosamente proporciona, pois n\u00e3o h\u00e1 presente maior do que este instante em que tudo se transforma e se renova.<\/p>\r\n<p>Como um ciclo eterno de possibilidades e realiza\u00e7\u00f5es, que cada estrela no c\u00e9u que brilha e ilumina o caminho tenha a sua ess\u00eancia, e que cada respira\u00e7\u00e3o seja um lembrete de que voc\u00ea \u00e9 parte integrante deste grandioso cosmos, e ao deixar que a esperan\u00e7a flua entre os sonhos da noite e a vida do dia-a-dia.\u00a0<\/p>\r\n<h2>Tudo \u00e9 poss\u00edvel para o novo ciclo que est\u00e1 pronto para iniciar\u00a0<\/h2>\r\n<p>Que voc\u00ea sinta, visceralmente, que tudo \u00e9 poss\u00edvel, pois a sua hist\u00f3ria \u00e9 escrita com base nas escolhas do presente, que, por sua vez, moldam o futuro que voc\u00ea busca, por isso, desejando-lhe uma boa noite de domingo, que sua semana seja feliz, repleta de luz, positividade e boa vibra\u00e7\u00e3o.<\/p>\r\n<p>Lembrando sempre que cada momento \u00e9 uma oportunidade de brilhar e fazer a diferen\u00e7a, n\u00e3o apenas na sua vida, mas tamb\u00e9m na vida daqueles que cruzarem o seu caminho e que juntos possam criar uma teia de amor e solidariedade que transcende barreiras e distancia.\u00a0<\/p>\r\n","protected":false},"excerpt":{"rendered":"<p>Que a semana que se aproxima seja repleta de encontros inspiradores, de aprendizados significativos e de momentos que far\u00e3o o &hellip; <\/p>\n","protected":false},"author":1,"featured_media":5619,"parent":0,"menu_order":0,"comment_status":"open","ping_status":"closed","template":"","meta":{"_uf_show_specific_survey":0,"_uf_disable_surveys":false,"footnotes":""},"class_list":["post-5616","page","type-page","status-publish","has-post-thumbnail","hentry"],"yoast_head":"<!-- This site is optimized with the Yoast SEO plugin v27.5 - https:\/\/yoast.com\/product\/yoast-seo-wordpress\/ -->\n<title>Boa noite domingo - Feliz semana - Gl\u00f3ria Deus<\/title>\n<meta name=\"robots\" content=\"index, follow, max-snippet:-1, max-image-preview:large, max-video-preview:-1\" \/>\n<link rel=\"canonical\" href=\"https:\/\/gloriadeus.com\/home\/boa-noite-domingo-feliz-semana\/\" \/>\n<meta property=\"og:locale\" content=\"pt_BR\" \/>\n<meta property=\"og:type\" content=\"article\" \/>\n<meta property=\"og:title\" content=\"Boa noite domingo - Feliz semana - Gl\u00f3ria Deus\" \/>\n<meta property=\"og:description\" content=\"Que a semana que se aproxima seja repleta de encontros inspiradores, de aprendizados significativos e de momentos que far\u00e3o o &hellip;\" \/>\n<meta property=\"og:url\" content=\"https:\/\/gloriadeus.com\/home\/boa-noite-domingo-feliz-semana\/\" \/>\n<meta property=\"og:site_name\" content=\"Gl\u00f3ria Deus\" \/>\n<meta property=\"article:modified_time\" content=\"2026-02-07T16:45:59+00:00\" \/>\n<meta property=\"og:image\" content=\"https:\/\/gloriadeus.com\/wp-content\/uploads\/2025\/03\/250203AMDIMG-19.jpg\" \/>\n\t<meta property=\"og:image:width\" content=\"480\" \/>\n\t<meta property=\"og:image:height\" content=\"640\" \/>\n\t<meta property=\"og:image:type\" content=\"image\/jpeg\" \/>\n<meta name=\"twitter:card\" content=\"summary_large_image\" \/>\n<meta name=\"twitter:label1\" content=\"Est. tempo de leitura\" \/>\n\t<meta name=\"twitter:data1\" content=\"6 minutos\" \/>\n<script type=\"application\/ld+json\" class=\"yoast-schema-graph\">{\"@context\":\"https:\\\/\\\/schema.org\",\"@graph\":[{\"@type\":\"WebPage\",\"@id\":\"https:\\\/\\\/gloriadeus.com\\\/home\\\/boa-noite-domingo-feliz-semana\\\/\",\"url\":\"https:\\\/\\\/gloriadeus.com\\\/home\\\/boa-noite-domingo-feliz-semana\\\/\",\"name\":\"Boa noite domingo - Feliz semana - Gl\u00f3ria Deus\",\"isPartOf\":{\"@id\":\"https:\\\/\\\/gloriadeus.com\\\/home\\\/#website\"},\"primaryImageOfPage\":{\"@id\":\"https:\\\/\\\/gloriadeus.com\\\/home\\\/boa-noite-domingo-feliz-semana\\\/#primaryimage\"},\"image\":{\"@id\":\"https:\\\/\\\/gloriadeus.com\\\/home\\\/boa-noite-domingo-feliz-semana\\\/#primaryimage\"},\"thumbnailUrl\":\"https:\\\/\\\/gloriadeus.com\\\/wp-content\\\/uploads\\\/2025\\\/03\\\/250203AMDIMG-19.jpg\",\"datePublished\":\"2026-01-17T00:03:40+00:00\",\"dateModified\":\"2026-02-07T16:45:59+00:00\",\"breadcrumb\":{\"@id\":\"https:\\\/\\\/gloriadeus.com\\\/home\\\/boa-noite-domingo-feliz-semana\\\/#breadcrumb\"},\"inLanguage\":\"pt-BR\",\"potentialAction\":[{\"@type\":\"ReadAction\",\"target\":[\"https:\\\/\\\/gloriadeus.com\\\/home\\\/boa-noite-domingo-feliz-semana\\\/\"]}]},{\"@type\":\"ImageObject\",\"inLanguage\":\"pt-BR\",\"@id\":\"https:\\\/\\\/gloriadeus.com\\\/home\\\/boa-noite-domingo-feliz-semana\\\/#primaryimage\",\"url\":\"https:\\\/\\\/gloriadeus.com\\\/wp-content\\\/uploads\\\/2025\\\/03\\\/250203AMDIMG-19.jpg\",\"contentUrl\":\"https:\\\/\\\/gloriadeus.com\\\/wp-content\\\/uploads\\\/2025\\\/03\\\/250203AMDIMG-19.jpg\",\"width\":480,\"height\":640,\"caption\":\"Boa noite domingo - Feliz semana\"},{\"@type\":\"BreadcrumbList\",\"@id\":\"https:\\\/\\\/gloriadeus.com\\\/home\\\/boa-noite-domingo-feliz-semana\\\/#breadcrumb\",\"itemListElement\":[{\"@type\":\"ListItem\",\"position\":1,\"name\":\"In\u00edcio\",\"item\":\"https:\\\/\\\/gloriadeus.com\\\/home\\\/\"},{\"@type\":\"ListItem\",\"position\":2,\"name\":\"Boa noite domingo &#8211; Feliz semana\"}]},{\"@type\":\"WebSite\",\"@id\":\"https:\\\/\\\/gloriadeus.com\\\/home\\\/#website\",\"url\":\"https:\\\/\\\/gloriadeus.com\\\/home\\\/\",\"name\":\"Gloria Deus\",\"description\":\"\u21a8 Deslize para descobrir mais \u21a8\",\"publisher\":{\"@id\":\"https:\\\/\\\/gloriadeus.com\\\/home\\\/#\\\/schema\\\/person\\\/ab2365ca8f87ea38e53ba3c2275e65c4\"},\"alternateName\":\"Muita f\u00e9\",\"potentialAction\":[{\"@type\":\"SearchAction\",\"target\":{\"@type\":\"EntryPoint\",\"urlTemplate\":\"https:\\\/\\\/gloriadeus.com\\\/home\\\/?s={search_term_string}\"},\"query-input\":{\"@type\":\"PropertyValueSpecification\",\"valueRequired\":true,\"valueName\":\"search_term_string\"}}],\"inLanguage\":\"pt-BR\"},{\"@type\":[\"Person\",\"Organization\"],\"@id\":\"https:\\\/\\\/gloriadeus.com\\\/home\\\/#\\\/schema\\\/person\\\/ab2365ca8f87ea38e53ba3c2275e65c4\",\"name\":\"gloriadeus.com\",\"image\":{\"@type\":\"ImageObject\",\"inLanguage\":\"pt-BR\",\"@id\":\"https:\\\/\\\/gloriadeus.com\\\/wp-content\\\/uploads\\\/2024\\\/03\\\/230525DDPNG-21.png\",\"url\":\"https:\\\/\\\/gloriadeus.com\\\/wp-content\\\/uploads\\\/2024\\\/03\\\/230525DDPNG-21.png\",\"contentUrl\":\"https:\\\/\\\/gloriadeus.com\\\/wp-content\\\/uploads\\\/2024\\\/03\\\/230525DDPNG-21.png\",\"width\":220,\"height\":230,\"caption\":\"gloriadeus.com\"},\"logo\":{\"@id\":\"https:\\\/\\\/gloriadeus.com\\\/wp-content\\\/uploads\\\/2024\\\/03\\\/230525DDPNG-21.png\"},\"sameAs\":[\"https:\\\/\\\/gloriadeus.com\"]}]}<\/script>\n<!-- \/ Yoast SEO plugin. -->","yoast_head_json":{"title":"Boa noite domingo - Feliz semana - Gl\u00f3ria Deus","robots":{"index":"index","follow":"follow","max-snippet":"max-snippet:-1","max-image-preview":"max-image-preview:large","max-video-preview":"max-video-preview:-1"},"canonical":"https:\/\/gloriadeus.com\/home\/boa-noite-domingo-feliz-semana\/","og_locale":"pt_BR","og_type":"article","og_title":"Boa noite domingo - Feliz semana - Gl\u00f3ria Deus","og_description":"Que a semana que se aproxima seja repleta de encontros inspiradores, de aprendizados significativos e de momentos que far\u00e3o o &hellip;","og_url":"https:\/\/gloriadeus.com\/home\/boa-noite-domingo-feliz-semana\/","og_site_name":"Gl\u00f3ria Deus","article_modified_time":"2026-02-07T16:45:59+00:00","og_image":[{"width":480,"height":640,"url":"https:\/\/gloriadeus.com\/wp-content\/uploads\/2025\/03\/250203AMDIMG-19.jpg","type":"image\/jpeg"}],"twitter_card":"summary_large_image","twitter_misc":{"Est. tempo de leitura":"6 minutos"},"schema":{"@context":"https:\/\/schema.org","@graph":[{"@type":"WebPage","@id":"https:\/\/gloriadeus.com\/home\/boa-noite-domingo-feliz-semana\/","url":"https:\/\/gloriadeus.com\/home\/boa-noite-domingo-feliz-semana\/","name":"Boa noite domingo - Feliz semana - Gl\u00f3ria Deus","isPartOf":{"@id":"https:\/\/gloriadeus.com\/home\/#website"},"primaryImageOfPage":{"@id":"https:\/\/gloriadeus.com\/home\/boa-noite-domingo-feliz-semana\/#primaryimage"},"image":{"@id":"https:\/\/gloriadeus.com\/home\/boa-noite-domingo-feliz-semana\/#primaryimage"},"thumbnailUrl":"https:\/\/gloriadeus.com\/wp-content\/uploads\/2025\/03\/250203AMDIMG-19.jpg","datePublished":"2026-01-17T00:03:40+00:00","dateModified":"2026-02-07T16:45:59+00:00","breadcrumb":{"@id":"https:\/\/gloriadeus.com\/home\/boa-noite-domingo-feliz-semana\/#breadcrumb"},"inLanguage":"pt-BR","potentialAction":[{"@type":"ReadAction","target":["https:\/\/gloriadeus.com\/home\/boa-noite-domingo-feliz-semana\/"]}]},{"@type":"ImageObject","inLanguage":"pt-BR","@id":"https:\/\/gloriadeus.com\/home\/boa-noite-domingo-feliz-semana\/#primaryimage","url":"https:\/\/gloriadeus.com\/wp-content\/uploads\/2025\/03\/250203AMDIMG-19.jpg","contentUrl":"https:\/\/gloriadeus.com\/wp-content\/uploads\/2025\/03\/250203AMDIMG-19.jpg","width":480,"height":640,"caption":"Boa noite domingo - Feliz semana"},{"@type":"BreadcrumbList","@id":"https:\/\/gloriadeus.com\/home\/boa-noite-domingo-feliz-semana\/#breadcrumb","itemListElement":[{"@type":"ListItem","position":1,"name":"In\u00edcio","item":"https:\/\/gloriadeus.com\/home\/"},{"@type":"ListItem","position":2,"name":"Boa noite domingo &#8211; Feliz semana"}]},{"@type":"WebSite","@id":"https:\/\/gloriadeus.com\/home\/#website","url":"https:\/\/gloriadeus.com\/home\/","name":"Gloria Deus","description":"\u21a8 Deslize para descobrir mais \u21a8","publisher":{"@id":"https:\/\/gloriadeus.com\/home\/#\/schema\/person\/ab2365ca8f87ea38e53ba3c2275e65c4"},"alternateName":"Muita f\u00e9","potentialAction":[{"@type":"SearchAction","target":{"@type":"EntryPoint","urlTemplate":"https:\/\/gloriadeus.com\/home\/?s={search_term_string}"},"query-input":{"@type":"PropertyValueSpecification","valueRequired":true,"valueName":"search_term_string"}}],"inLanguage":"pt-BR"},{"@type":["Person","Organization"],"@id":"https:\/\/gloriadeus.com\/home\/#\/schema\/person\/ab2365ca8f87ea38e53ba3c2275e65c4","name":"gloriadeus.com","image":{"@type":"ImageObject","inLanguage":"pt-BR","@id":"https:\/\/gloriadeus.com\/wp-content\/uploads\/2024\/03\/230525DDPNG-21.png","url":"https:\/\/gloriadeus.com\/wp-content\/uploads\/2024\/03\/230525DDPNG-21.png","contentUrl":"https:\/\/gloriadeus.com\/wp-content\/uploads\/2024\/03\/230525DDPNG-21.png","width":220,"height":230,"caption":"gloriadeus.com"},"logo":{"@id":"https:\/\/gloriadeus.com\/wp-content\/uploads\/2024\/03\/230525DDPNG-21.png"},"sameAs":["https:\/\/gloriadeus.com"]}]}},"_links":{"self":[{"href":"https:\/\/gloriadeus.com\/home\/wp-json\/wp\/v2\/pages\/5616","targetHints":{"allow":["GET"]}}],"collection":[{"href":"https:\/\/gloriadeus.com\/home\/wp-json\/wp\/v2\/pages"}],"about":[{"href":"https:\/\/gloriadeus.com\/home\/wp-json\/wp\/v2\/types\/page"}],"author":[{"embeddable":true,"href":"https:\/\/gloriadeus.com\/home\/wp-json\/wp\/v2\/users\/1"}],"replies":[{"embeddable":true,"href":"https:\/\/gloriadeus.com\/home\/wp-json\/wp\/v2\/comments?post=5616"}],"version-history":[{"count":5,"href":"https:\/\/gloriadeus.com\/home\/wp-json\/wp\/v2\/pages\/5616\/revisions"}],"predecessor-version":[{"id":10425,"href":"https:\/\/gloriadeus.com\/home\/wp-json\/wp\/v2\/pages\/5616\/revisions\/10425"}],"wp:featuredmedia":[{"embeddable":true,"href":"https:\/\/gloriadeus.com\/home\/wp-json\/wp\/v2\/media\/5619"}],"wp:attachment":[{"href":"https:\/\/gloriadeus.com\/home\/wp-json\/wp\/v2\/media?parent=5616"}],"curies":[{"name":"wp","href":"https:\/\/api.w.org\/{rel}","templated":true}]}}