{"id":5525,"date":"2026-01-15T14:18:10","date_gmt":"2026-01-15T17:18:10","guid":{"rendered":"https:\/\/gloriadeus.com\/?page_id=5525"},"modified":"2026-02-07T14:46:23","modified_gmt":"2026-02-07T17:46:23","slug":"a-leitura-e-capaz-de-transformar-nossas-vidas","status":"publish","type":"page","link":"https:\/\/gloriadeus.com\/home\/a-leitura-e-capaz-de-transformar-nossas-vidas\/","title":{"rendered":"A leitura \u00e9 capaz de transformar nossas vidas"},"content":{"rendered":"<!-- subtitulo, palavra, paragrafo ok --> \r\n\r\n<figure data-wp-context=\"{&quot;imageId&quot;:&quot;69fa366fa72e7&quot;}\" data-wp-interactive=\"core\/image\" data-wp-key=\"69fa366fa72e7\" class=\"wp-block-image size-large is-resized wp-lightbox-container\"><img loading=\"lazy\" decoding=\"async\" width=\"510\" height=\"382\" data-wp-class--hide=\"state.isContentHidden\" data-wp-class--show=\"state.isContentVisible\" data-wp-init=\"callbacks.setButtonStyles\" data-wp-on--click=\"actions.showLightbox\" data-wp-on--load=\"callbacks.setButtonStyles\" data-wp-on-window--resize=\"callbacks.setButtonStyles\" class=\"wp-image-5529\" style=\"width: 313px; height: auto;\" src=\"https:\/\/gloriadeus.com\/wp-content\/uploads\/2025\/03\/201022HDIMG06.jpg\" alt=\"A leitura \u00e9 capaz de transformar nossas vidas \" srcset=\"https:\/\/gloriadeus.com\/wp-content\/uploads\/2025\/03\/201022HDIMG06.jpg 510w, https:\/\/gloriadeus.com\/wp-content\/uploads\/2025\/03\/201022HDIMG06-300x225.jpg 300w\" sizes=\"auto, (max-width: 510px) 100vw, 510px\" \/><button\n\t\t\tclass=\"lightbox-trigger\"\n\t\t\ttype=\"button\"\n\t\t\taria-haspopup=\"dialog\"\n\t\t\taria-label=\"Ampliar\"\n\t\t\tdata-wp-init=\"callbacks.initTriggerButton\"\n\t\t\tdata-wp-on--click=\"actions.showLightbox\"\n\t\t\tdata-wp-style--right=\"state.imageButtonRight\"\n\t\t\tdata-wp-style--top=\"state.imageButtonTop\"\n\t\t>\n\t\t\t<svg xmlns=\"http:\/\/www.w3.org\/2000\/svg\" width=\"12\" height=\"12\" fill=\"none\" viewBox=\"0 0 12 12\">\n\t\t\t\t<path fill=\"#fff\" d=\"M2 0a2 2 0 0 0-2 2v2h1.5V2a.5.5 0 0 1 .5-.5h2V0H2Zm2 10.5H2a.5.5 0 0 1-.5-.5V8H0v2a2 2 0 0 0 2 2h2v-1.5ZM8 12v-1.5h2a.5.5 0 0 0 .5-.5V8H12v2a2 2 0 0 1-2 2H8Zm2-12a2 2 0 0 1 2 2v2h-1.5V2a.5.5 0 0 0-.5-.5H8V0h2Z\" \/>\n\t\t\t<\/svg>\n\t\t<\/button><\/figure>\r\n\r\n\r\n\r\n<p>A leitura \u00e9 uma porta m\u00e1gica que, ao ser aberta, nos transporta para mundos inexplorados e possibilidades infinitas, onde cada p\u00e1gina virada \u00e9 um passo rumo \u00e0 transforma\u00e7\u00e3o \u00edntima e profunda que molda n\u00e3o apenas nosso entendimento do mundo, mas tamb\u00e9m a maneira como nos percebemos nele.\u00a0<\/p>\r\n<h2>A leitura nos ilumina\u00a0<\/h2>\r\n<p>Ao mergulharmos em hist\u00f3rias cheias de personagens complexos, somos convidados a explorar a ess\u00eancia da condi\u00e7\u00e3o humana, a refletir sobre nossas pr\u00f3prias experi\u00eancias e emo\u00e7\u00f5es, o que nos leva a nos conectar com o outro de forma emp\u00e1tica.<\/p>\r\n<p>Ao entendermos que cada narrativa carrega uma fragilidade e uma for\u00e7a que pulsar\u00e3o em nossa pr\u00f3pria vida, provocando mudan\u00e7as sutis e, muitas vezes, impercept\u00edveis no modo como interagimos com as realidades que nos cercam.\u00a0<\/p>\r\n<p><img loading=\"lazy\" decoding=\"async\" width=\"564\" height=\"797\" class=\"wp-image-5527\" style=\"width: 327px; height: auto;\" src=\"https:\/\/gloriadeus.com\/wp-content\/uploads\/2025\/03\/GD250315AMDIMG03.jpg\" alt=\"A leitura \u00e9 capaz de transformar nossas vidas \" srcset=\"https:\/\/gloriadeus.com\/wp-content\/uploads\/2025\/03\/GD250315AMDIMG03.jpg 564w, https:\/\/gloriadeus.com\/wp-content\/uploads\/2025\/03\/GD250315AMDIMG03-212x300.jpg 212w\" sizes=\"auto, (max-width: 564px) 100vw, 564px\" \/>\u00a0<\/p>\r\n<p>Ao ler tamb\u00e9m obras que desafiam paradigmas e questionam verdades absolutas, abrimos nossas mentes para uma nova forma de pensar e olhar para o mundo, expandindo nossos horizontes e cultivando uma consci\u00eancia cr\u00edtica que \u00e9 fundamental para a constru\u00e7\u00e3o de uma sociedade mais justa e igualit\u00e1ria, a leitura, portanto, n\u00e3o \u00e9 apenas um ato solit\u00e1rio e \u00edntimo.\u00a0<\/p>\r\n<h2>A leitura \u00e9 capaz de transformar nossas vidas\u00a0<\/h2>\r\n<p>Um fervilhante di\u00e1logo com vozes de diferentes \u00e9pocas, culturas e locais, que nos encoraja a sermos agentes de mudan\u00e7a e a nos engajarmos em quest\u00f5es importantes, como justi\u00e7a social, direitos humanos e sustentabilidade, para que possamos n\u00e3o apenas sonhar com um futuro melhor, mas tamb\u00e9m agir em prol dele.\u00a0<\/p>\r\n<p>O impacto da leitura se estende \u00e0 forma\u00e7\u00e3o da nossa identidade, pois ao nos identificarmos com os destinos e dilemas enfrentados por personagens liter\u00e1rios, acrescentamos camadas \u00e0 nossa pr\u00f3pria hist\u00f3ria, ajudando a formar uma identidade multifacetada que \u00e9 constantemente moldada pelos ensinamentos que absorvemos ao longo de nossa jornada liter\u00e1ria.\u00a0<\/p>\r\n<p><img loading=\"lazy\" decoding=\"async\" width=\"500\" height=\"547\" class=\"wp-image-5526\" style=\"width: 354px; height: auto;\" src=\"https:\/\/gloriadeus.com\/wp-content\/uploads\/2025\/03\/201022HDIMG07.jpg\" alt=\"A leitura \u00e9 capaz de transformar nossas vidas \" srcset=\"https:\/\/gloriadeus.com\/wp-content\/uploads\/2025\/03\/201022HDIMG07.jpg 500w, https:\/\/gloriadeus.com\/wp-content\/uploads\/2025\/03\/201022HDIMG07-274x300.jpg 274w\" sizes=\"auto, (max-width: 500px) 100vw, 500px\" \/>\u00a0<\/p>\r\n<p>\u00c9 fascinante perceber como, muitas vezes, as solu\u00e7\u00f5es para nossos pr\u00f3prios dilemas podem ser encontradas nas p\u00e1ginas de um livro, seja atrav\u00e9s de conselhos impl\u00edcitos dados por um personagem enfrentando adversidades semelhantes.\u00a0<\/p>\r\n<h2>Ler transforma vidas\u00a0<\/h2>\r\n<p>Pelo simples fato de perceber que n\u00e3o estamos sozinhos em nossas lutas, tornando a literatura uma grande aliada na busca por autocompreens\u00e3o e clareza emocional, assim, ler se transforma em uma pr\u00e1tica n\u00e3o apenas de deleite.\u00a0<\/p>\r\n<p>Ler \u00e9 uma pr\u00e1tica de resolu\u00e7\u00e3o de problemas e autodescoberta que oferece as ferramentas necess\u00e1rias para navegarmos com mais sabedoria pelos desafios da vida, a pr\u00e1tica da leitura tamb\u00e9m proporciona um ref\u00fagio, um espa\u00e7o seguro para escaparmos das press\u00f5es cotidianas e das incertezas do mundo moderno.<\/p>\r\n<p>\r\n\r\n<\/p>\r\n<figure class=\"wp-block-image size-large is-resized\"><img loading=\"lazy\" decoding=\"async\" width=\"334\" height=\"558\" class=\"wp-image-5528\" style=\"width: 292px; height: auto;\" src=\"https:\/\/gloriadeus.com\/wp-content\/uploads\/2025\/03\/241108AMD10.jpg\" alt=\"A leitura \u00e9 capaz de transformar nossas vidas \" srcset=\"https:\/\/gloriadeus.com\/wp-content\/uploads\/2025\/03\/241108AMD10.jpg 334w, https:\/\/gloriadeus.com\/wp-content\/uploads\/2025\/03\/241108AMD10-180x300.jpg 180w\" sizes=\"auto, (max-width: 334px) 100vw, 334px\" \/>\u00a0<\/figure>\r\n<p>\r\n\r\n<\/p>\r\n<p>Podemos nos perder em tramas envolventes que nos permitem despertar nossa imagina\u00e7\u00e3o e, ao mesmo tempo, recarregar nossas energias, nos preparando para enfrentar as vicissitudes do cotidiano com renovado vigor.\u00a0<\/p>\r\n<h2>Ler pode estruturar vidas\u00a0<\/h2>\r\n<p>Ao nos aventurarmos em diferentes g\u00eaneros liter\u00e1rios, desde cl\u00e1ssicos at\u00e9 contempor\u00e2neos, de fic\u00e7\u00e3o cient\u00edfica a poesias, temos a oportunidade de vivenciar diversas realidades e emo\u00e7\u00f5es que, longe de serem meros exerc\u00edcios de escapismo, nos instigam a considerar pontos de vista alternativos e a confrontar preconceitos que possam estar entravando nosso crescimento pessoal e social.\u00a0<\/p>\r\n<p>\u00c9 ineg\u00e1vel que a leitura tamb\u00e9m incentiva a criatividade, uma vez que ao nos depararmos com diferentes estilos de escrita, narrativas inovadoras e estruturas narrativas n\u00e3o convencionais, somos impulsionados a pensar fora da caixa, a criar novas hist\u00f3rias e a formular novas ideias que podem, eventualmente, nos levar a caminhos inesperados e gratificantes, nessa linha.\u00a0<\/p>\r\n\r\n\r\n\r\n\r\n\r\n\r\n\r\n<figure data-wp-context=\"{&quot;imageId&quot;:&quot;69fa366fa76db&quot;}\" data-wp-interactive=\"core\/image\" data-wp-key=\"69fa366fa76db\" class=\"wp-block-image size-large is-resized wp-lightbox-container\"><img loading=\"lazy\" decoding=\"async\" width=\"1024\" height=\"576\" data-wp-class--hide=\"state.isContentHidden\" data-wp-class--show=\"state.isContentVisible\" data-wp-init=\"callbacks.setButtonStyles\" data-wp-on--click=\"actions.showLightbox\" data-wp-on--load=\"callbacks.setButtonStyles\" data-wp-on-window--resize=\"callbacks.setButtonStyles\" class=\"wp-image-5531\" style=\"width: 387px; height: auto;\" src=\"https:\/\/gloriadeus.com\/wp-content\/uploads\/2025\/03\/241129AMDIMG01-1024x576.jpg\" alt=\"A leitura \u00e9 capaz de transformar nossas vidas \" srcset=\"https:\/\/gloriadeus.com\/wp-content\/uploads\/2025\/03\/241129AMDIMG01-1024x576.jpg 1024w, https:\/\/gloriadeus.com\/wp-content\/uploads\/2025\/03\/241129AMDIMG01-300x169.jpg 300w, https:\/\/gloriadeus.com\/wp-content\/uploads\/2025\/03\/241129AMDIMG01-768x432.jpg 768w, https:\/\/gloriadeus.com\/wp-content\/uploads\/2025\/03\/241129AMDIMG01-1536x864.jpg 1536w, https:\/\/gloriadeus.com\/wp-content\/uploads\/2025\/03\/241129AMDIMG01-1800x1013.jpg 1800w, https:\/\/gloriadeus.com\/wp-content\/uploads\/2025\/03\/241129AMDIMG01-1840x1035.jpg 1840w, https:\/\/gloriadeus.com\/wp-content\/uploads\/2025\/03\/241129AMDIMG01.jpg 1920w\" sizes=\"auto, (max-width: 1024px) 100vw, 1024px\" \/><button\n\t\t\tclass=\"lightbox-trigger\"\n\t\t\ttype=\"button\"\n\t\t\taria-haspopup=\"dialog\"\n\t\t\taria-label=\"Ampliar\"\n\t\t\tdata-wp-init=\"callbacks.initTriggerButton\"\n\t\t\tdata-wp-on--click=\"actions.showLightbox\"\n\t\t\tdata-wp-style--right=\"state.imageButtonRight\"\n\t\t\tdata-wp-style--top=\"state.imageButtonTop\"\n\t\t>\n\t\t\t<svg xmlns=\"http:\/\/www.w3.org\/2000\/svg\" width=\"12\" height=\"12\" fill=\"none\" viewBox=\"0 0 12 12\">\n\t\t\t\t<path fill=\"#fff\" d=\"M2 0a2 2 0 0 0-2 2v2h1.5V2a.5.5 0 0 1 .5-.5h2V0H2Zm2 10.5H2a.5.5 0 0 1-.5-.5V8H0v2a2 2 0 0 0 2 2h2v-1.5ZM8 12v-1.5h2a.5.5 0 0 0 .5-.5V8H12v2a2 2 0 0 1-2 2H8Zm2-12a2 2 0 0 1 2 2v2h-1.5V2a.5.5 0 0 0-.5-.5H8V0h2Z\" \/>\n\t\t\t<\/svg>\n\t\t<\/button>\u00a0<\/figure>\r\n<p>O ato de ler se transforma em uma pr\u00e1tica colaborativa, onde os leitores se conectam entre si, compartilhando suas interpreta\u00e7\u00f5es e descobertas, criando uma comunidade rica e vibrante que apoia e replica aprendizados, fomentando um ecossistema de criatividade e acolhimento que n\u00e3o apenas enriquece nosso vocabul\u00e1rio.\u00a0<\/p>\r\n<h2>Capacidade de comunica\u00e7\u00e3o<\/h2>\r\n<p>Tamb\u00e9m nossa capacidade de comunica\u00e7\u00e3o e de relacionamento interpessoal, a leitura \u00e9, no caso, um exerc\u00edcio poderoso de constru\u00e7\u00e3o de conhecimento que n\u00e3o se limita ao acumulado de informa\u00e7\u00f5es, mas que promove uma verdadeira metamorfose em nossa maneira de ver o mundo, nos desafiando a questionar e, ao mesmo tempo, a aceitar.\u00a0<\/p>\r\n<p>Ao nos tornarmos leitores \u00e1vidos, estamos investindo em nosso desenvolvimento pessoal e social, criando um legado cultural que ser\u00e1 passado adiante, e perpetuando o poder transformador da literatura, e nesse contexto, as bibliotecas se tornam verdadeiros santu\u00e1rios da sabedoria, lugares onde o acesso \u00e0 informa\u00e7\u00e3o e \u00e0 cultura \u00e9 democratizado.<\/p>\r\n\r\n\r\n\r\n<figure data-wp-context=\"{&quot;imageId&quot;:&quot;69fa366fa79f7&quot;}\" data-wp-interactive=\"core\/image\" data-wp-key=\"69fa366fa79f7\" class=\"wp-block-image size-large is-resized wp-lightbox-container\"><img loading=\"lazy\" decoding=\"async\" width=\"576\" height=\"1024\" data-wp-class--hide=\"state.isContentHidden\" data-wp-class--show=\"state.isContentVisible\" data-wp-init=\"callbacks.setButtonStyles\" data-wp-on--click=\"actions.showLightbox\" data-wp-on--load=\"callbacks.setButtonStyles\" data-wp-on-window--resize=\"callbacks.setButtonStyles\" class=\"wp-image-5530\" style=\"width: 236px; height: auto;\" src=\"https:\/\/gloriadeus.com\/wp-content\/uploads\/2025\/03\/201022HDIMG09-576x1024.jpg\" alt=\"A leitura \u00e9 capaz de transformar nossas vidas \" srcset=\"https:\/\/gloriadeus.com\/wp-content\/uploads\/2025\/03\/201022HDIMG09-576x1024.jpg 576w, https:\/\/gloriadeus.com\/wp-content\/uploads\/2025\/03\/201022HDIMG09-169x300.jpg 169w, https:\/\/gloriadeus.com\/wp-content\/uploads\/2025\/03\/201022HDIMG09-768x1365.jpg 768w, https:\/\/gloriadeus.com\/wp-content\/uploads\/2025\/03\/201022HDIMG09-864x1536.jpg 864w, https:\/\/gloriadeus.com\/wp-content\/uploads\/2025\/03\/201022HDIMG09.jpg 1080w\" sizes=\"auto, (max-width: 576px) 100vw, 576px\" \/><button\n\t\t\tclass=\"lightbox-trigger\"\n\t\t\ttype=\"button\"\n\t\t\taria-haspopup=\"dialog\"\n\t\t\taria-label=\"Ampliar\"\n\t\t\tdata-wp-init=\"callbacks.initTriggerButton\"\n\t\t\tdata-wp-on--click=\"actions.showLightbox\"\n\t\t\tdata-wp-style--right=\"state.imageButtonRight\"\n\t\t\tdata-wp-style--top=\"state.imageButtonTop\"\n\t\t>\n\t\t\t<svg xmlns=\"http:\/\/www.w3.org\/2000\/svg\" width=\"12\" height=\"12\" fill=\"none\" viewBox=\"0 0 12 12\">\n\t\t\t\t<path fill=\"#fff\" d=\"M2 0a2 2 0 0 0-2 2v2h1.5V2a.5.5 0 0 1 .5-.5h2V0H2Zm2 10.5H2a.5.5 0 0 1-.5-.5V8H0v2a2 2 0 0 0 2 2h2v-1.5ZM8 12v-1.5h2a.5.5 0 0 0 .5-.5V8H12v2a2 2 0 0 1-2 2H8Zm2-12a2 2 0 0 1 2 2v2h-1.5V2a.5.5 0 0 0-.5-.5H8V0h2Z\" \/>\n\t\t\t<\/svg>\n\t\t<\/button>\u00a0<\/figure>\r\n<p>O que permite que pessoas de todas as idades e origens tenham a oportunidade de transformar suas vidas atrav\u00e9s da leitura, sabendo que em cada livro se esconde uma jornada esperando para ser desbravada e compartilhada, ao final, n\u00e3o podemos esquecer que a leitura nos ensina a sonhar e nos inspira a perseguir nossos ideais.\u00a0<\/p>\r\n<h2>Vivenciar experi\u00eancias\u00a0<\/h2>\r\n<p>Apesar das adversidades que possam surgir ao longo do caminho, pois \u00e9 na imagina\u00e7\u00e3o que reside a centelha de toda realiza\u00e7\u00e3o, e a leitura nos fornece as ferramentas para transformar essas ideias em realidade, criando um ciclo de transforma\u00e7\u00e3o que se perpetua.\u00a0<\/p>\r\n<p>A palavra que fica \u00e9 que, ao abrir um livro, n\u00e3o estamos apenas consumindo palavras, mas vivenciando experi\u00eancias que nos tornam mais humanos, mais sens\u00edveis e, acima de tudo, mais capazes de transformar n\u00e3o apenas as nossas vidas, mas a vida daqueles que nos cercam. Sabe-se que, a leitura revela-se como uma experi\u00eancia totalmente imersiva.\u00a0<\/p>\r\n<p>Experi\u00eancia esta, onde cada leitor se torna protagonista de uma trajet\u00f3ria \u00fanica, repleta de aprendizados, desafios e, principalmente, possibilidades de transforma\u00e7\u00e3o, demonstrando que neste vasto universo liter\u00e1rio, cada p\u00e1gina \u00e9 um convite \u00e0 reflex\u00e3o, e a cada palavra lida, um novo mundo se descortina, repleto de novas oportunidades, sabedoria e, muitas vezes, magia.<\/p>\r\n","protected":false},"excerpt":{"rendered":"<p>A leitura \u00e9 uma porta m\u00e1gica que, ao ser aberta, nos transporta para mundos inexplorados e possibilidades infinitas, onde cada &hellip; <\/p>\n","protected":false},"author":1,"featured_media":5528,"parent":0,"menu_order":0,"comment_status":"open","ping_status":"closed","template":"","meta":{"_uf_show_specific_survey":0,"_uf_disable_surveys":false,"footnotes":""},"class_list":["post-5525","page","type-page","status-publish","has-post-thumbnail","hentry"],"yoast_head":"<!-- This site is optimized with the Yoast SEO plugin v27.5 - https:\/\/yoast.com\/product\/yoast-seo-wordpress\/ -->\n<title>A leitura \u00e9 capaz de transformar nossas vidas - Gl\u00f3ria Deus<\/title>\n<meta name=\"robots\" content=\"index, follow, max-snippet:-1, max-image-preview:large, max-video-preview:-1\" \/>\n<link rel=\"canonical\" href=\"https:\/\/gloriadeus.com\/home\/a-leitura-e-capaz-de-transformar-nossas-vidas\/\" \/>\n<meta property=\"og:locale\" content=\"pt_BR\" \/>\n<meta property=\"og:type\" content=\"article\" \/>\n<meta property=\"og:title\" content=\"A leitura \u00e9 capaz de transformar nossas vidas - Gl\u00f3ria Deus\" \/>\n<meta property=\"og:description\" content=\"A leitura \u00e9 uma porta m\u00e1gica que, ao ser aberta, nos transporta para mundos inexplorados e possibilidades infinitas, onde cada &hellip;\" \/>\n<meta property=\"og:url\" content=\"https:\/\/gloriadeus.com\/home\/a-leitura-e-capaz-de-transformar-nossas-vidas\/\" \/>\n<meta property=\"og:site_name\" content=\"Gl\u00f3ria Deus\" \/>\n<meta property=\"article:modified_time\" content=\"2026-02-07T17:46:23+00:00\" \/>\n<meta property=\"og:image\" content=\"https:\/\/gloriadeus.com\/wp-content\/uploads\/2025\/03\/241108AMD10.jpg\" \/>\n\t<meta property=\"og:image:width\" content=\"334\" \/>\n\t<meta property=\"og:image:height\" content=\"558\" \/>\n\t<meta property=\"og:image:type\" content=\"image\/jpeg\" \/>\n<meta name=\"twitter:card\" content=\"summary_large_image\" \/>\n<meta name=\"twitter:label1\" content=\"Est. tempo de leitura\" \/>\n\t<meta name=\"twitter:data1\" content=\"7 minutos\" \/>\n<script type=\"application\/ld+json\" class=\"yoast-schema-graph\">{\"@context\":\"https:\\\/\\\/schema.org\",\"@graph\":[{\"@type\":\"WebPage\",\"@id\":\"https:\\\/\\\/gloriadeus.com\\\/home\\\/a-leitura-e-capaz-de-transformar-nossas-vidas\\\/\",\"url\":\"https:\\\/\\\/gloriadeus.com\\\/home\\\/a-leitura-e-capaz-de-transformar-nossas-vidas\\\/\",\"name\":\"A leitura \u00e9 capaz de transformar nossas vidas - Gl\u00f3ria Deus\",\"isPartOf\":{\"@id\":\"https:\\\/\\\/gloriadeus.com\\\/home\\\/#website\"},\"primaryImageOfPage\":{\"@id\":\"https:\\\/\\\/gloriadeus.com\\\/home\\\/a-leitura-e-capaz-de-transformar-nossas-vidas\\\/#primaryimage\"},\"image\":{\"@id\":\"https:\\\/\\\/gloriadeus.com\\\/home\\\/a-leitura-e-capaz-de-transformar-nossas-vidas\\\/#primaryimage\"},\"thumbnailUrl\":\"https:\\\/\\\/gloriadeus.com\\\/wp-content\\\/uploads\\\/2025\\\/03\\\/241108AMD10.jpg\",\"datePublished\":\"2026-01-15T17:18:10+00:00\",\"dateModified\":\"2026-02-07T17:46:23+00:00\",\"breadcrumb\":{\"@id\":\"https:\\\/\\\/gloriadeus.com\\\/home\\\/a-leitura-e-capaz-de-transformar-nossas-vidas\\\/#breadcrumb\"},\"inLanguage\":\"pt-BR\",\"potentialAction\":[{\"@type\":\"ReadAction\",\"target\":[\"https:\\\/\\\/gloriadeus.com\\\/home\\\/a-leitura-e-capaz-de-transformar-nossas-vidas\\\/\"]}]},{\"@type\":\"ImageObject\",\"inLanguage\":\"pt-BR\",\"@id\":\"https:\\\/\\\/gloriadeus.com\\\/home\\\/a-leitura-e-capaz-de-transformar-nossas-vidas\\\/#primaryimage\",\"url\":\"https:\\\/\\\/gloriadeus.com\\\/wp-content\\\/uploads\\\/2025\\\/03\\\/241108AMD10.jpg\",\"contentUrl\":\"https:\\\/\\\/gloriadeus.com\\\/wp-content\\\/uploads\\\/2025\\\/03\\\/241108AMD10.jpg\",\"width\":334,\"height\":558,\"caption\":\"A leitura \u00e9 capaz de transformar nossas vidas\"},{\"@type\":\"BreadcrumbList\",\"@id\":\"https:\\\/\\\/gloriadeus.com\\\/home\\\/a-leitura-e-capaz-de-transformar-nossas-vidas\\\/#breadcrumb\",\"itemListElement\":[{\"@type\":\"ListItem\",\"position\":1,\"name\":\"In\u00edcio\",\"item\":\"https:\\\/\\\/gloriadeus.com\\\/home\\\/\"},{\"@type\":\"ListItem\",\"position\":2,\"name\":\"A leitura \u00e9 capaz de transformar nossas vidas\"}]},{\"@type\":\"WebSite\",\"@id\":\"https:\\\/\\\/gloriadeus.com\\\/home\\\/#website\",\"url\":\"https:\\\/\\\/gloriadeus.com\\\/home\\\/\",\"name\":\"Gloria Deus\",\"description\":\"\u21a8 Deslize para descobrir mais \u21a8\",\"publisher\":{\"@id\":\"https:\\\/\\\/gloriadeus.com\\\/home\\\/#\\\/schema\\\/person\\\/ab2365ca8f87ea38e53ba3c2275e65c4\"},\"alternateName\":\"Muita f\u00e9\",\"potentialAction\":[{\"@type\":\"SearchAction\",\"target\":{\"@type\":\"EntryPoint\",\"urlTemplate\":\"https:\\\/\\\/gloriadeus.com\\\/home\\\/?s={search_term_string}\"},\"query-input\":{\"@type\":\"PropertyValueSpecification\",\"valueRequired\":true,\"valueName\":\"search_term_string\"}}],\"inLanguage\":\"pt-BR\"},{\"@type\":[\"Person\",\"Organization\"],\"@id\":\"https:\\\/\\\/gloriadeus.com\\\/home\\\/#\\\/schema\\\/person\\\/ab2365ca8f87ea38e53ba3c2275e65c4\",\"name\":\"gloriadeus.com\",\"image\":{\"@type\":\"ImageObject\",\"inLanguage\":\"pt-BR\",\"@id\":\"https:\\\/\\\/gloriadeus.com\\\/wp-content\\\/uploads\\\/2024\\\/03\\\/230525DDPNG-21.png\",\"url\":\"https:\\\/\\\/gloriadeus.com\\\/wp-content\\\/uploads\\\/2024\\\/03\\\/230525DDPNG-21.png\",\"contentUrl\":\"https:\\\/\\\/gloriadeus.com\\\/wp-content\\\/uploads\\\/2024\\\/03\\\/230525DDPNG-21.png\",\"width\":220,\"height\":230,\"caption\":\"gloriadeus.com\"},\"logo\":{\"@id\":\"https:\\\/\\\/gloriadeus.com\\\/wp-content\\\/uploads\\\/2024\\\/03\\\/230525DDPNG-21.png\"},\"sameAs\":[\"https:\\\/\\\/gloriadeus.com\"]}]}<\/script>\n<!-- \/ Yoast SEO plugin. -->","yoast_head_json":{"title":"A leitura \u00e9 capaz de transformar nossas vidas - Gl\u00f3ria Deus","robots":{"index":"index","follow":"follow","max-snippet":"max-snippet:-1","max-image-preview":"max-image-preview:large","max-video-preview":"max-video-preview:-1"},"canonical":"https:\/\/gloriadeus.com\/home\/a-leitura-e-capaz-de-transformar-nossas-vidas\/","og_locale":"pt_BR","og_type":"article","og_title":"A leitura \u00e9 capaz de transformar nossas vidas - Gl\u00f3ria Deus","og_description":"A leitura \u00e9 uma porta m\u00e1gica que, ao ser aberta, nos transporta para mundos inexplorados e possibilidades infinitas, onde cada &hellip;","og_url":"https:\/\/gloriadeus.com\/home\/a-leitura-e-capaz-de-transformar-nossas-vidas\/","og_site_name":"Gl\u00f3ria Deus","article_modified_time":"2026-02-07T17:46:23+00:00","og_image":[{"width":334,"height":558,"url":"https:\/\/gloriadeus.com\/wp-content\/uploads\/2025\/03\/241108AMD10.jpg","type":"image\/jpeg"}],"twitter_card":"summary_large_image","twitter_misc":{"Est. tempo de leitura":"7 minutos"},"schema":{"@context":"https:\/\/schema.org","@graph":[{"@type":"WebPage","@id":"https:\/\/gloriadeus.com\/home\/a-leitura-e-capaz-de-transformar-nossas-vidas\/","url":"https:\/\/gloriadeus.com\/home\/a-leitura-e-capaz-de-transformar-nossas-vidas\/","name":"A leitura \u00e9 capaz de transformar nossas vidas - Gl\u00f3ria Deus","isPartOf":{"@id":"https:\/\/gloriadeus.com\/home\/#website"},"primaryImageOfPage":{"@id":"https:\/\/gloriadeus.com\/home\/a-leitura-e-capaz-de-transformar-nossas-vidas\/#primaryimage"},"image":{"@id":"https:\/\/gloriadeus.com\/home\/a-leitura-e-capaz-de-transformar-nossas-vidas\/#primaryimage"},"thumbnailUrl":"https:\/\/gloriadeus.com\/wp-content\/uploads\/2025\/03\/241108AMD10.jpg","datePublished":"2026-01-15T17:18:10+00:00","dateModified":"2026-02-07T17:46:23+00:00","breadcrumb":{"@id":"https:\/\/gloriadeus.com\/home\/a-leitura-e-capaz-de-transformar-nossas-vidas\/#breadcrumb"},"inLanguage":"pt-BR","potentialAction":[{"@type":"ReadAction","target":["https:\/\/gloriadeus.com\/home\/a-leitura-e-capaz-de-transformar-nossas-vidas\/"]}]},{"@type":"ImageObject","inLanguage":"pt-BR","@id":"https:\/\/gloriadeus.com\/home\/a-leitura-e-capaz-de-transformar-nossas-vidas\/#primaryimage","url":"https:\/\/gloriadeus.com\/wp-content\/uploads\/2025\/03\/241108AMD10.jpg","contentUrl":"https:\/\/gloriadeus.com\/wp-content\/uploads\/2025\/03\/241108AMD10.jpg","width":334,"height":558,"caption":"A leitura \u00e9 capaz de transformar nossas vidas"},{"@type":"BreadcrumbList","@id":"https:\/\/gloriadeus.com\/home\/a-leitura-e-capaz-de-transformar-nossas-vidas\/#breadcrumb","itemListElement":[{"@type":"ListItem","position":1,"name":"In\u00edcio","item":"https:\/\/gloriadeus.com\/home\/"},{"@type":"ListItem","position":2,"name":"A leitura \u00e9 capaz de transformar nossas vidas"}]},{"@type":"WebSite","@id":"https:\/\/gloriadeus.com\/home\/#website","url":"https:\/\/gloriadeus.com\/home\/","name":"Gloria Deus","description":"\u21a8 Deslize para descobrir mais \u21a8","publisher":{"@id":"https:\/\/gloriadeus.com\/home\/#\/schema\/person\/ab2365ca8f87ea38e53ba3c2275e65c4"},"alternateName":"Muita f\u00e9","potentialAction":[{"@type":"SearchAction","target":{"@type":"EntryPoint","urlTemplate":"https:\/\/gloriadeus.com\/home\/?s={search_term_string}"},"query-input":{"@type":"PropertyValueSpecification","valueRequired":true,"valueName":"search_term_string"}}],"inLanguage":"pt-BR"},{"@type":["Person","Organization"],"@id":"https:\/\/gloriadeus.com\/home\/#\/schema\/person\/ab2365ca8f87ea38e53ba3c2275e65c4","name":"gloriadeus.com","image":{"@type":"ImageObject","inLanguage":"pt-BR","@id":"https:\/\/gloriadeus.com\/wp-content\/uploads\/2024\/03\/230525DDPNG-21.png","url":"https:\/\/gloriadeus.com\/wp-content\/uploads\/2024\/03\/230525DDPNG-21.png","contentUrl":"https:\/\/gloriadeus.com\/wp-content\/uploads\/2024\/03\/230525DDPNG-21.png","width":220,"height":230,"caption":"gloriadeus.com"},"logo":{"@id":"https:\/\/gloriadeus.com\/wp-content\/uploads\/2024\/03\/230525DDPNG-21.png"},"sameAs":["https:\/\/gloriadeus.com"]}]}},"_links":{"self":[{"href":"https:\/\/gloriadeus.com\/home\/wp-json\/wp\/v2\/pages\/5525","targetHints":{"allow":["GET"]}}],"collection":[{"href":"https:\/\/gloriadeus.com\/home\/wp-json\/wp\/v2\/pages"}],"about":[{"href":"https:\/\/gloriadeus.com\/home\/wp-json\/wp\/v2\/types\/page"}],"author":[{"embeddable":true,"href":"https:\/\/gloriadeus.com\/home\/wp-json\/wp\/v2\/users\/1"}],"replies":[{"embeddable":true,"href":"https:\/\/gloriadeus.com\/home\/wp-json\/wp\/v2\/comments?post=5525"}],"version-history":[{"count":5,"href":"https:\/\/gloriadeus.com\/home\/wp-json\/wp\/v2\/pages\/5525\/revisions"}],"predecessor-version":[{"id":10437,"href":"https:\/\/gloriadeus.com\/home\/wp-json\/wp\/v2\/pages\/5525\/revisions\/10437"}],"wp:featuredmedia":[{"embeddable":true,"href":"https:\/\/gloriadeus.com\/home\/wp-json\/wp\/v2\/media\/5528"}],"wp:attachment":[{"href":"https:\/\/gloriadeus.com\/home\/wp-json\/wp\/v2\/media?parent=5525"}],"curies":[{"name":"wp","href":"https:\/\/api.w.org\/{rel}","templated":true}]}}