{"id":5182,"date":"2026-01-11T08:33:35","date_gmt":"2026-01-11T11:33:35","guid":{"rendered":"https:\/\/gloriadeus.com\/?page_id=5182"},"modified":"2026-02-06T04:49:23","modified_gmt":"2026-02-06T07:49:23","slug":"e-hora-de-mudar","status":"publish","type":"page","link":"https:\/\/gloriadeus.com\/home\/e-hora-de-mudar\/","title":{"rendered":"\u00c9 hora de mudar"},"content":{"rendered":"<!-- subtitulo, palavra, paragrafo ok -->\r\n\r\n\r\n<figure class=\"wp-lightbox-container\" data-wp-context=\"{&quot;imageId&quot;:&quot;69fa3667a919d&quot;}\" data-wp-interactive=\"core\/image\" data-wp-key=\"69fa3667a919d\">Abrace a mudan\u00e7a e permita-se ser guiado por esse novo caminho, o futuro est\u00e1 cheio de promessas e sonhos a serem alcan\u00e7ados, e agora \u00e9 o momento perfeito para dar in\u00edcio a essa nova fase.\u00a0<\/figure>\r\n<figure class=\"wp-block-image size-large is-resized\"><img loading=\"lazy\" decoding=\"async\" width=\"564\" height=\"974\" data-wp-class--hide=\"state.isContentHidden\" data-wp-class--show=\"state.isContentVisible\" data-wp-init=\"callbacks.setButtonStyles\" data-wp-on--click=\"actions.showLightbox\" data-wp-on--load=\"callbacks.setButtonStyles\" data-wp-on-window--resize=\"callbacks.setButtonStyles\" class=\"wp-image-5185\" style=\"width: 363px; height: auto;\" src=\"https:\/\/gloriadeus.com\/wp-content\/uploads\/2025\/03\/230806DDIMG-9.jpg\" alt=\"\u00c9 hora de mudar\" srcset=\"https:\/\/gloriadeus.com\/wp-content\/uploads\/2025\/03\/230806DDIMG-9.jpg 564w, https:\/\/gloriadeus.com\/wp-content\/uploads\/2025\/03\/230806DDIMG-9-174x300.jpg 174w\" sizes=\"auto, (max-width: 564px) 100vw, 564px\" \/><button\n\t\t\tclass=\"lightbox-trigger\"\n\t\t\ttype=\"button\"\n\t\t\taria-haspopup=\"dialog\"\n\t\t\taria-label=\"Ampliar\"\n\t\t\tdata-wp-init=\"callbacks.initTriggerButton\"\n\t\t\tdata-wp-on--click=\"actions.showLightbox\"\n\t\t\tdata-wp-style--right=\"state.imageButtonRight\"\n\t\t\tdata-wp-style--top=\"state.imageButtonTop\"\n\t\t>\n\t\t\t<svg xmlns=\"http:\/\/www.w3.org\/2000\/svg\" width=\"12\" height=\"12\" fill=\"none\" viewBox=\"0 0 12 12\">\n\t\t\t\t<path fill=\"#fff\" d=\"M2 0a2 2 0 0 0-2 2v2h1.5V2a.5.5 0 0 1 .5-.5h2V0H2Zm2 10.5H2a.5.5 0 0 1-.5-.5V8H0v2a2 2 0 0 0 2 2h2v-1.5ZM8 12v-1.5h2a.5.5 0 0 0 .5-.5V8H12v2a2 2 0 0 1-2 2H8Zm2-12a2 2 0 0 1 2 2v2h-1.5V2a.5.5 0 0 0-.5-.5H8V0h2Z\" \/>\n\t\t\t<\/svg>\n\t\t<\/button><\/figure>\r\n\r\n\r\n\r\n<p>Mudar \u00e9 um dos aspectos mais fundamentais e, ao mesmo tempo, desafiadores da vida. Em diversos momentos, todos n\u00f3s nos deparamos com a necessidade de transforma\u00e7\u00e3o, seja em nossas carreiras, relacionamentos, h\u00e1bitos ou at\u00e9 mesmo na forma como percebemos a n\u00f3s mesmos e ao mundo ao nosso redor.\u00a0<\/p>\r\n<h2>Motiva\u00e7\u00e3o que impulsiona\u00a0<\/h2>\r\n<p>A ideia de mudan\u00e7a pode trazer ansiedade, mas \u00e9 importante lembrar que ela tamb\u00e9m \u00e9 uma oportunidade de crescimento e renova\u00e7\u00e3o. Para come\u00e7armos a entender que \u00e9 hora de mudar, devemos olhar para a motiva\u00e7\u00e3o que impulsiona essa necessidade.<\/p>\r\n<p>Muitas vezes, chegamos a um ponto em que nossas rotinas se tornam mon\u00f3tonas e insatisfat\u00f3rias, e \u00e9 nesse momento que sentimos a urg\u00eancia de construir um novo caminho. Uma sugest\u00e3o \u00e9 fazer uma autoavalia\u00e7\u00e3o honesta, reserve um tempo para refletir sobre o que realmente o est\u00e1 impedindo de ser feliz ou realizado e anote esses pontos.\u00a0<\/p>\r\n<p><img loading=\"lazy\" decoding=\"async\" width=\"563\" height=\"585\" class=\"wp-image-5183\" style=\"width: 380px; height: auto;\" src=\"https:\/\/gloriadeus.com\/wp-content\/uploads\/2025\/03\/230806DDIMG-14.jpg\" alt=\"\u00c9 hora de mudar\" srcset=\"https:\/\/gloriadeus.com\/wp-content\/uploads\/2025\/03\/230806DDIMG-14.jpg 563w, https:\/\/gloriadeus.com\/wp-content\/uploads\/2025\/03\/230806DDIMG-14-289x300.jpg 289w\" sizes=\"auto, (max-width: 563px) 100vw, 563px\" \/>\u00a0<\/p>\r\n<p>Criar uma lista pode ajudar a visualizar as \u00e1reas que exigem aten\u00e7\u00e3o. Outro aspecto fundamental \u00e9 cultivar a flexibilidade mental e estar aberto a novas experi\u00eancias, pois mudan\u00e7as demandam adapta\u00e7\u00e3o.\u00a0<\/p>\r\n<h2>Metas claras e alcan\u00e7\u00e1veis\u00a0<\/h2>\r\n<p>Experimente se expor a situa\u00e7\u00f5es desconhecidas, como aprender uma nova habilidade, viajar para um lugar inexplorado ou conhecer pessoas diferentes, pois cada nova experi\u00eancia pode acender a chama da criatividade e inspira\u00e7\u00e3o. \u00c9 ideal tamb\u00e9m, estabelecer metas claras e alcan\u00e7\u00e1veis \u00e9 essencial para direcionar essa mudan\u00e7a.\u00a0<\/p>\r\n\r\n\r\n\r\n\r\n\r\n\r\n\r\n\r\n\r\n\r\n\r\n<p>Em vez de pensar em grandes transforma\u00e7\u00f5es, comece com pequenos passos, como modificar sua rotina di\u00e1ria ou investir em um projeto pessoal que sempre quis realizar. Um exerc\u00edcio interessante \u00e9 aplicar a t\u00e9cnica do <em>quero, posso e fa\u00e7o<\/em>: Defina o que voc\u00ea quer, reflita sobre o que realmente pode fazer para alcan\u00e7ar isso e coloque em pr\u00e1tica a\u00e7\u00f5es concretas.\u00a0<\/p>\r\n<p><img loading=\"lazy\" decoding=\"async\" width=\"390\" height=\"694\" class=\"wp-image-5184\" style=\"width: 309px; height: auto;\" src=\"https:\/\/gloriadeus.com\/wp-content\/uploads\/2025\/03\/230806DDIMG-16.jpg\" alt=\"\u00c9 hora de mudar\" srcset=\"https:\/\/gloriadeus.com\/wp-content\/uploads\/2025\/03\/230806DDIMG-16.jpg 390w, https:\/\/gloriadeus.com\/wp-content\/uploads\/2025\/03\/230806DDIMG-16-169x300.jpg 169w\" sizes=\"auto, (max-width: 390px) 100vw, 390px\" \/>\u00a0<\/p>\r\n<p>\u00c9 tamb\u00e9m nessa jornada que podemos encontrar aliados, compartilhar nossas inten\u00e7\u00f5es de mudan\u00e7a com amigos ou familiares pode n\u00e3o apenas trazer apoio, mas tamb\u00e9m nos responsabiliza a seguir em frente.\u00a0<\/p>\r\n<h2>Te torna mais forte e resiliente\u00a0<\/h2>\r\n<p>Lembre-se de que as mudan\u00e7as nem sempre s\u00e3o lineares, e \u00e9 normal encontrar obst\u00e1culos pelo caminho. Essas dificuldades podem ser vistas como oportunidades de aprendizado, e ao reconhec\u00ea-las, voc\u00ea se torna mais forte e resiliente.<\/p>\r\n<p>Use a criatividade a seu favor ao enfrentar essas barreiras. Tente imaginar solu\u00e7\u00f5es inovadoras para os problemas que surgirem, muitas vezes, a resposta para um desafio pode estar em um \u00e2ngulo que voc\u00ea ainda n\u00e3o considerou. Uma t\u00e9cnica eficaz \u00e9 o brainstorming, onde voc\u00ea pode anotar todas as ideias, mesmo as mais absurdas, sem filtros, e depois analis\u00e1-las para descobrir o que pode funcionar.\u00a0<\/p>\r\n<p><img loading=\"lazy\" decoding=\"async\" width=\"564\" height=\"761\" class=\"wp-image-5186\" style=\"width: 339px; height: auto;\" src=\"https:\/\/gloriadeus.com\/wp-content\/uploads\/2025\/03\/230806DDIMG-15.jpg\" alt=\"\u00c9 hora de mudar\" srcset=\"https:\/\/gloriadeus.com\/wp-content\/uploads\/2025\/03\/230806DDIMG-15.jpg 564w, https:\/\/gloriadeus.com\/wp-content\/uploads\/2025\/03\/230806DDIMG-15-222x300.jpg 222w\" sizes=\"auto, (max-width: 564px) 100vw, 564px\" \/>\u00a0<\/p>\r\n<p>Outra dica \u00e9 conectar-se com pessoas que j\u00e1 passaram por mudan\u00e7as significativas em suas vidas. Ao ouvir suas hist\u00f3rias e estrat\u00e9gias, voc\u00ea pode obter insights valiosos que podem ajud\u00e1-lo a moldar sua pr\u00f3pria jornada de transforma\u00e7\u00e3o. A pr\u00e1tica da gratid\u00e3o \u00e9 uma poderosa aliada no processo de mudan\u00e7a.\u00a0<\/p>\r\n<h2>Celebre todas as conquistas\u00a0<\/h2>\r\n<p>Reserve um tempo todos os dias para refletir sobre o que voc\u00ea valoriza em sua vida atual e o que deseja alcan\u00e7ar. Isso pode criar um contraste que o motive a avan\u00e7ar e mant\u00ea-lo focado em seus objetivos. Por \u00faltimo, mas n\u00e3o menos importante, lembre-se de celebrar suas conquistas, por menores que sejam. Cada passo em dire\u00e7\u00e3o \u00e0 mudan\u00e7a \u00e9 um triunfo e deve ser reconhecido.<\/p>\r\n<p>Criar um sistema de recompensas, por exemplo, pode ser uma forma de manter a motiva\u00e7\u00e3o alta. Sabe-se que, a mudan\u00e7a \u00e9 uma jornada pessoal que exige paci\u00eancia e determina\u00e7\u00e3o, mas ao compreender que \u00e9 hora de mudar e tomar as r\u00e9deas dessa transforma\u00e7\u00e3o, voc\u00ea se abre para um mundo repleto de oportunidades e possibilidades.<\/p>\r\n<p>\u00c9 na mudan\u00e7a que reside a chance de reinventar-se, de tornar-se uma vers\u00e3o mais aut\u00eantica de si mesmo, e, ao final, ao olhar para tr\u00e1s, voc\u00ea perceber\u00e1 que cada passo dado foi essencial para a constru\u00e7\u00e3o da vida que voc\u00ea sempre sonhou.\u00a0<\/p>\r\n","protected":false},"excerpt":{"rendered":"<p>Mudar \u00e9 um dos aspectos mais fundamentais e, ao mesmo tempo, desafiadores da vida. Em diversos momentos, todos n\u00f3s nos &hellip; <\/p>\n","protected":false},"author":1,"featured_media":5185,"parent":0,"menu_order":0,"comment_status":"open","ping_status":"closed","template":"","meta":{"_uf_show_specific_survey":0,"_uf_disable_surveys":false,"footnotes":""},"class_list":["post-5182","page","type-page","status-publish","has-post-thumbnail","hentry"],"yoast_head":"<!-- This site is optimized with the Yoast SEO plugin v27.5 - https:\/\/yoast.com\/product\/yoast-seo-wordpress\/ -->\n<title>\u00c9 hora de mudar - Gl\u00f3ria Deus<\/title>\n<meta name=\"robots\" content=\"index, follow, max-snippet:-1, max-image-preview:large, max-video-preview:-1\" \/>\n<link rel=\"canonical\" href=\"https:\/\/gloriadeus.com\/home\/e-hora-de-mudar\/\" \/>\n<meta property=\"og:locale\" content=\"pt_BR\" \/>\n<meta property=\"og:type\" content=\"article\" \/>\n<meta property=\"og:title\" content=\"\u00c9 hora de mudar - Gl\u00f3ria Deus\" \/>\n<meta property=\"og:description\" content=\"Mudar \u00e9 um dos aspectos mais fundamentais e, ao mesmo tempo, desafiadores da vida. Em diversos momentos, todos n\u00f3s nos &hellip;\" \/>\n<meta property=\"og:url\" content=\"https:\/\/gloriadeus.com\/home\/e-hora-de-mudar\/\" \/>\n<meta property=\"og:site_name\" content=\"Gl\u00f3ria Deus\" \/>\n<meta property=\"article:modified_time\" content=\"2026-02-06T07:49:23+00:00\" \/>\n<meta property=\"og:image\" content=\"https:\/\/gloriadeus.com\/wp-content\/uploads\/2025\/03\/230806DDIMG-9.jpg\" \/>\n\t<meta property=\"og:image:width\" content=\"564\" \/>\n\t<meta property=\"og:image:height\" content=\"974\" \/>\n\t<meta property=\"og:image:type\" content=\"image\/jpeg\" \/>\n<meta name=\"twitter:card\" content=\"summary_large_image\" \/>\n<meta name=\"twitter:label1\" content=\"Est. tempo de leitura\" \/>\n\t<meta name=\"twitter:data1\" content=\"5 minutos\" \/>\n<script type=\"application\/ld+json\" class=\"yoast-schema-graph\">{\"@context\":\"https:\\\/\\\/schema.org\",\"@graph\":[{\"@type\":\"WebPage\",\"@id\":\"https:\\\/\\\/gloriadeus.com\\\/home\\\/e-hora-de-mudar\\\/\",\"url\":\"https:\\\/\\\/gloriadeus.com\\\/home\\\/e-hora-de-mudar\\\/\",\"name\":\"\u00c9 hora de mudar - Gl\u00f3ria Deus\",\"isPartOf\":{\"@id\":\"https:\\\/\\\/gloriadeus.com\\\/home\\\/#website\"},\"primaryImageOfPage\":{\"@id\":\"https:\\\/\\\/gloriadeus.com\\\/home\\\/e-hora-de-mudar\\\/#primaryimage\"},\"image\":{\"@id\":\"https:\\\/\\\/gloriadeus.com\\\/home\\\/e-hora-de-mudar\\\/#primaryimage\"},\"thumbnailUrl\":\"https:\\\/\\\/gloriadeus.com\\\/wp-content\\\/uploads\\\/2025\\\/03\\\/230806DDIMG-9.jpg\",\"datePublished\":\"2026-01-11T11:33:35+00:00\",\"dateModified\":\"2026-02-06T07:49:23+00:00\",\"breadcrumb\":{\"@id\":\"https:\\\/\\\/gloriadeus.com\\\/home\\\/e-hora-de-mudar\\\/#breadcrumb\"},\"inLanguage\":\"pt-BR\",\"potentialAction\":[{\"@type\":\"ReadAction\",\"target\":[\"https:\\\/\\\/gloriadeus.com\\\/home\\\/e-hora-de-mudar\\\/\"]}]},{\"@type\":\"ImageObject\",\"inLanguage\":\"pt-BR\",\"@id\":\"https:\\\/\\\/gloriadeus.com\\\/home\\\/e-hora-de-mudar\\\/#primaryimage\",\"url\":\"https:\\\/\\\/gloriadeus.com\\\/wp-content\\\/uploads\\\/2025\\\/03\\\/230806DDIMG-9.jpg\",\"contentUrl\":\"https:\\\/\\\/gloriadeus.com\\\/wp-content\\\/uploads\\\/2025\\\/03\\\/230806DDIMG-9.jpg\",\"width\":564,\"height\":974,\"caption\":\"\u00c9 hora de mudar\"},{\"@type\":\"BreadcrumbList\",\"@id\":\"https:\\\/\\\/gloriadeus.com\\\/home\\\/e-hora-de-mudar\\\/#breadcrumb\",\"itemListElement\":[{\"@type\":\"ListItem\",\"position\":1,\"name\":\"In\u00edcio\",\"item\":\"https:\\\/\\\/gloriadeus.com\\\/home\\\/\"},{\"@type\":\"ListItem\",\"position\":2,\"name\":\"\u00c9 hora de mudar\"}]},{\"@type\":\"WebSite\",\"@id\":\"https:\\\/\\\/gloriadeus.com\\\/home\\\/#website\",\"url\":\"https:\\\/\\\/gloriadeus.com\\\/home\\\/\",\"name\":\"Gloria Deus\",\"description\":\"\u21a8 Deslize para descobrir mais \u21a8\",\"publisher\":{\"@id\":\"https:\\\/\\\/gloriadeus.com\\\/home\\\/#\\\/schema\\\/person\\\/ab2365ca8f87ea38e53ba3c2275e65c4\"},\"alternateName\":\"Muita f\u00e9\",\"potentialAction\":[{\"@type\":\"SearchAction\",\"target\":{\"@type\":\"EntryPoint\",\"urlTemplate\":\"https:\\\/\\\/gloriadeus.com\\\/home\\\/?s={search_term_string}\"},\"query-input\":{\"@type\":\"PropertyValueSpecification\",\"valueRequired\":true,\"valueName\":\"search_term_string\"}}],\"inLanguage\":\"pt-BR\"},{\"@type\":[\"Person\",\"Organization\"],\"@id\":\"https:\\\/\\\/gloriadeus.com\\\/home\\\/#\\\/schema\\\/person\\\/ab2365ca8f87ea38e53ba3c2275e65c4\",\"name\":\"gloriadeus.com\",\"image\":{\"@type\":\"ImageObject\",\"inLanguage\":\"pt-BR\",\"@id\":\"https:\\\/\\\/gloriadeus.com\\\/wp-content\\\/uploads\\\/2024\\\/03\\\/230525DDPNG-21.png\",\"url\":\"https:\\\/\\\/gloriadeus.com\\\/wp-content\\\/uploads\\\/2024\\\/03\\\/230525DDPNG-21.png\",\"contentUrl\":\"https:\\\/\\\/gloriadeus.com\\\/wp-content\\\/uploads\\\/2024\\\/03\\\/230525DDPNG-21.png\",\"width\":220,\"height\":230,\"caption\":\"gloriadeus.com\"},\"logo\":{\"@id\":\"https:\\\/\\\/gloriadeus.com\\\/wp-content\\\/uploads\\\/2024\\\/03\\\/230525DDPNG-21.png\"},\"sameAs\":[\"https:\\\/\\\/gloriadeus.com\"]}]}<\/script>\n<!-- \/ Yoast SEO plugin. -->","yoast_head_json":{"title":"\u00c9 hora de mudar - Gl\u00f3ria Deus","robots":{"index":"index","follow":"follow","max-snippet":"max-snippet:-1","max-image-preview":"max-image-preview:large","max-video-preview":"max-video-preview:-1"},"canonical":"https:\/\/gloriadeus.com\/home\/e-hora-de-mudar\/","og_locale":"pt_BR","og_type":"article","og_title":"\u00c9 hora de mudar - Gl\u00f3ria Deus","og_description":"Mudar \u00e9 um dos aspectos mais fundamentais e, ao mesmo tempo, desafiadores da vida. Em diversos momentos, todos n\u00f3s nos &hellip;","og_url":"https:\/\/gloriadeus.com\/home\/e-hora-de-mudar\/","og_site_name":"Gl\u00f3ria Deus","article_modified_time":"2026-02-06T07:49:23+00:00","og_image":[{"width":564,"height":974,"url":"https:\/\/gloriadeus.com\/wp-content\/uploads\/2025\/03\/230806DDIMG-9.jpg","type":"image\/jpeg"}],"twitter_card":"summary_large_image","twitter_misc":{"Est. tempo de leitura":"5 minutos"},"schema":{"@context":"https:\/\/schema.org","@graph":[{"@type":"WebPage","@id":"https:\/\/gloriadeus.com\/home\/e-hora-de-mudar\/","url":"https:\/\/gloriadeus.com\/home\/e-hora-de-mudar\/","name":"\u00c9 hora de mudar - Gl\u00f3ria Deus","isPartOf":{"@id":"https:\/\/gloriadeus.com\/home\/#website"},"primaryImageOfPage":{"@id":"https:\/\/gloriadeus.com\/home\/e-hora-de-mudar\/#primaryimage"},"image":{"@id":"https:\/\/gloriadeus.com\/home\/e-hora-de-mudar\/#primaryimage"},"thumbnailUrl":"https:\/\/gloriadeus.com\/wp-content\/uploads\/2025\/03\/230806DDIMG-9.jpg","datePublished":"2026-01-11T11:33:35+00:00","dateModified":"2026-02-06T07:49:23+00:00","breadcrumb":{"@id":"https:\/\/gloriadeus.com\/home\/e-hora-de-mudar\/#breadcrumb"},"inLanguage":"pt-BR","potentialAction":[{"@type":"ReadAction","target":["https:\/\/gloriadeus.com\/home\/e-hora-de-mudar\/"]}]},{"@type":"ImageObject","inLanguage":"pt-BR","@id":"https:\/\/gloriadeus.com\/home\/e-hora-de-mudar\/#primaryimage","url":"https:\/\/gloriadeus.com\/wp-content\/uploads\/2025\/03\/230806DDIMG-9.jpg","contentUrl":"https:\/\/gloriadeus.com\/wp-content\/uploads\/2025\/03\/230806DDIMG-9.jpg","width":564,"height":974,"caption":"\u00c9 hora de mudar"},{"@type":"BreadcrumbList","@id":"https:\/\/gloriadeus.com\/home\/e-hora-de-mudar\/#breadcrumb","itemListElement":[{"@type":"ListItem","position":1,"name":"In\u00edcio","item":"https:\/\/gloriadeus.com\/home\/"},{"@type":"ListItem","position":2,"name":"\u00c9 hora de mudar"}]},{"@type":"WebSite","@id":"https:\/\/gloriadeus.com\/home\/#website","url":"https:\/\/gloriadeus.com\/home\/","name":"Gloria Deus","description":"\u21a8 Deslize para descobrir mais \u21a8","publisher":{"@id":"https:\/\/gloriadeus.com\/home\/#\/schema\/person\/ab2365ca8f87ea38e53ba3c2275e65c4"},"alternateName":"Muita f\u00e9","potentialAction":[{"@type":"SearchAction","target":{"@type":"EntryPoint","urlTemplate":"https:\/\/gloriadeus.com\/home\/?s={search_term_string}"},"query-input":{"@type":"PropertyValueSpecification","valueRequired":true,"valueName":"search_term_string"}}],"inLanguage":"pt-BR"},{"@type":["Person","Organization"],"@id":"https:\/\/gloriadeus.com\/home\/#\/schema\/person\/ab2365ca8f87ea38e53ba3c2275e65c4","name":"gloriadeus.com","image":{"@type":"ImageObject","inLanguage":"pt-BR","@id":"https:\/\/gloriadeus.com\/wp-content\/uploads\/2024\/03\/230525DDPNG-21.png","url":"https:\/\/gloriadeus.com\/wp-content\/uploads\/2024\/03\/230525DDPNG-21.png","contentUrl":"https:\/\/gloriadeus.com\/wp-content\/uploads\/2024\/03\/230525DDPNG-21.png","width":220,"height":230,"caption":"gloriadeus.com"},"logo":{"@id":"https:\/\/gloriadeus.com\/wp-content\/uploads\/2024\/03\/230525DDPNG-21.png"},"sameAs":["https:\/\/gloriadeus.com"]}]}},"_links":{"self":[{"href":"https:\/\/gloriadeus.com\/home\/wp-json\/wp\/v2\/pages\/5182","targetHints":{"allow":["GET"]}}],"collection":[{"href":"https:\/\/gloriadeus.com\/home\/wp-json\/wp\/v2\/pages"}],"about":[{"href":"https:\/\/gloriadeus.com\/home\/wp-json\/wp\/v2\/types\/page"}],"author":[{"embeddable":true,"href":"https:\/\/gloriadeus.com\/home\/wp-json\/wp\/v2\/users\/1"}],"replies":[{"embeddable":true,"href":"https:\/\/gloriadeus.com\/home\/wp-json\/wp\/v2\/comments?post=5182"}],"version-history":[{"count":7,"href":"https:\/\/gloriadeus.com\/home\/wp-json\/wp\/v2\/pages\/5182\/revisions"}],"predecessor-version":[{"id":10380,"href":"https:\/\/gloriadeus.com\/home\/wp-json\/wp\/v2\/pages\/5182\/revisions\/10380"}],"wp:featuredmedia":[{"embeddable":true,"href":"https:\/\/gloriadeus.com\/home\/wp-json\/wp\/v2\/media\/5185"}],"wp:attachment":[{"href":"https:\/\/gloriadeus.com\/home\/wp-json\/wp\/v2\/media?parent=5182"}],"curies":[{"name":"wp","href":"https:\/\/api.w.org\/{rel}","templated":true}]}}