{"id":5127,"date":"2026-01-09T19:02:30","date_gmt":"2026-01-09T22:02:30","guid":{"rendered":"https:\/\/gloriadeus.com\/?page_id=5127"},"modified":"2026-02-05T07:11:13","modified_gmt":"2026-02-05T10:11:13","slug":"e-a-fe-que-nos-trara-a-vitoria","status":"publish","type":"page","link":"https:\/\/gloriadeus.com\/home\/e-a-fe-que-nos-trara-a-vitoria\/","title":{"rendered":"\u00c9 a f\u00e9 que nos trar\u00e1 a vit\u00f3ria"},"content":{"rendered":"<!-- subtitulo, palavra, paragrafo ok -->\r\n<p>&nbsp;<\/p>\r\n<p>&nbsp;<\/p>\r\n\r\n<figure class=\"wp-lightbox-container\" data-wp-context=\"{&quot;imageId&quot;:&quot;69fa366eab546&quot;}\" data-wp-interactive=\"core\/image\" data-wp-key=\"69fa366eab546\">Sonhar \u00e9 o primeiro passo para a realiza\u00e7\u00e3o, mas \u00e9 a f\u00e9 que transforma sonhos em realidade. Acreditar na possibilidade de alcan\u00e7ar nossas metas nos d\u00e1 energia e foco para agir com determina\u00e7\u00e3o. Sem f\u00e9, os sonhos permanecem apenas desejos, mas com ela, tornamos nossas aspira\u00e7\u00f5es palp\u00e1veis e poss\u00edveis de conquistar.\u00a0<\/figure>\r\n<figure class=\"wp-block-image size-large is-resized\"><img loading=\"lazy\" decoding=\"async\" width=\"1024\" height=\"759\" data-wp-class--hide=\"state.isContentHidden\" data-wp-class--show=\"state.isContentVisible\" data-wp-init=\"callbacks.setButtonStyles\" data-wp-on--click=\"actions.showLightbox\" data-wp-on--load=\"callbacks.setButtonStyles\" data-wp-on-window--resize=\"callbacks.setButtonStyles\" class=\"wp-image-5129\" style=\"width: 236px; height: auto;\" src=\"https:\/\/gloriadeus.com\/wp-content\/uploads\/2025\/03\/250218AMDIMG-60-1024x759.jpg\" alt=\"\u00c9 a f\u00e9 que nos trar\u00e1 a vit\u00f3ria\" srcset=\"https:\/\/gloriadeus.com\/wp-content\/uploads\/2025\/03\/250218AMDIMG-60-1024x759.jpg 1024w, https:\/\/gloriadeus.com\/wp-content\/uploads\/2025\/03\/250218AMDIMG-60-300x222.jpg 300w, https:\/\/gloriadeus.com\/wp-content\/uploads\/2025\/03\/250218AMDIMG-60-768x569.jpg 768w, https:\/\/gloriadeus.com\/wp-content\/uploads\/2025\/03\/250218AMDIMG-60.jpg 1125w\" sizes=\"auto, (max-width: 1024px) 100vw, 1024px\" \/><button\n\t\t\tclass=\"lightbox-trigger\"\n\t\t\ttype=\"button\"\n\t\t\taria-haspopup=\"dialog\"\n\t\t\taria-label=\"Ampliar\"\n\t\t\tdata-wp-init=\"callbacks.initTriggerButton\"\n\t\t\tdata-wp-on--click=\"actions.showLightbox\"\n\t\t\tdata-wp-style--right=\"state.imageButtonRight\"\n\t\t\tdata-wp-style--top=\"state.imageButtonTop\"\n\t\t>\n\t\t\t<svg xmlns=\"http:\/\/www.w3.org\/2000\/svg\" width=\"12\" height=\"12\" fill=\"none\" viewBox=\"0 0 12 12\">\n\t\t\t\t<path fill=\"#fff\" d=\"M2 0a2 2 0 0 0-2 2v2h1.5V2a.5.5 0 0 1 .5-.5h2V0H2Zm2 10.5H2a.5.5 0 0 1-.5-.5V8H0v2a2 2 0 0 0 2 2h2v-1.5ZM8 12v-1.5h2a.5.5 0 0 0 .5-.5V8H12v2a2 2 0 0 1-2 2H8Zm2-12a2 2 0 0 1 2 2v2h-1.5V2a.5.5 0 0 0-.5-.5H8V0h2Z\" \/>\n\t\t\t<\/svg>\n\t\t<\/button>\u00a0<\/figure>\r\n\r\n\r\n\r\n<p>A for\u00e7a te faz um guerreiro, mas \u00e9 a f\u00e9 que te faz um vencedor \ud83d\udcaa\u00a0A f\u00e9 \u00e9 uma for\u00e7a poderosa que transforma vidas, motiva a\u00e7\u00f5es e sustenta sonhos. Em momentos de dificuldade, ela se torna o alicerce que nos impulsiona a seguir em frente, mesmo diante dos obst\u00e1culos mais dif\u00edceis. Neste artigo, exploraremos como a f\u00e9 \u00e9 fundamental para alcan\u00e7ar a vit\u00f3ria em todas as \u00e1reas da vida.\u00a0<\/p>\r\n<h2><strong>A import\u00e2ncia da f\u00e9 na supera\u00e7\u00e3o de desafios<\/strong><\/h2>\r\n<p>A f\u00e9 atua como um escudo que protege nossa esperan\u00e7a diante dos maiores desafios. Quando enfrentamos obst\u00e1culos, ela nos d\u00e1 for\u00e7a para persistir, acreditar que dias melhores vir\u00e3o e que a vit\u00f3ria \u00e9 poss\u00edvel. Sem f\u00e9, muitas vezes, desistir parece a \u00fanica sa\u00edda, mas com ela, tudo se torna mais f\u00e1cil de conquistar.<\/p>\r\n<p>A f\u00e9 alimenta nossa determina\u00e7\u00e3o e coragem, essenciais para vencer qualquer batalha. Quando acreditamos profundamente em nossas capacidades e no poder superior que nos sustenta, nos tornamos capazes de ultrapassar limites. Essa for\u00e7a interior \u00e9 o que nos mant\u00e9m firmes e confiantes na busca pelos nossos objetivos.\u00a0<\/p>\r\n<figure class=\"wp-block-image size-large is-resized\"><img loading=\"lazy\" decoding=\"async\" width=\"736\" height=\"920\" class=\"wp-image-5130\" style=\"width: 302px; height: auto;\" src=\"https:\/\/gloriadeus.com\/wp-content\/uploads\/2025\/03\/250111AMDIMG-39-1.jpg\" alt=\"\u00c9 a f\u00e9 que nos trar\u00e1 a vit\u00f3ria\" srcset=\"https:\/\/gloriadeus.com\/wp-content\/uploads\/2025\/03\/250111AMDIMG-39-1.jpg 736w, https:\/\/gloriadeus.com\/wp-content\/uploads\/2025\/03\/250111AMDIMG-39-1-240x300.jpg 240w\" sizes=\"auto, (max-width: 736px) 100vw, 736px\" \/>\u00a0<\/figure>\r\n<p>Nos momentos mais sombrios, a esperan\u00e7a guiada pela f\u00e9 \u00e9 o que mant\u00e9m nossa alma viva. Mesmo diante de perdas ou fracassos, ela nos incentiva a recome\u00e7ar e a lutar por dias melhores. A esperan\u00e7a alimentada pela f\u00e9 \u00e9 o combust\u00edvel que nos leva a vencer as tempestades da vida.<\/p>\r\n<h2><strong>A f\u00e9 como conex\u00e3o com o divino e o universo<\/strong><\/h2>\r\n<p>Acreditar em algo maior que n\u00f3s fortalece nossa conex\u00e3o com o divino e o universo. Essa rela\u00e7\u00e3o espiritual nos traz paz, confian\u00e7a e sentido em nossas a\u00e7\u00f5es. Quando temos f\u00e9 nesse poder superior, sentimos que somos apoiados e que a vit\u00f3ria \u00e9 uma consequ\u00eancia natural do nosso alinhamento com o bem maior.<\/p>\r\n<p>Perseverar mesmo diante de dificuldades \u00e9 uma das principais caracter\u00edsticas de quem confia na vit\u00f3ria. A f\u00e9 fortalece nossa capacidade de continuar lutando, mesmo quando tudo parece estar contra n\u00f3s. Essa combina\u00e7\u00e3o de f\u00e9 e perseveran\u00e7a \u00e9 essencial para transformar obst\u00e1culos em degraus rumo ao sucesso.\u00a0<\/p>\r\n<p>\r\n\r\n\r\n\r\n\r\n<figure data-wp-context=\"{&quot;imageId&quot;:&quot;69fa366eababa&quot;}\" data-wp-interactive=\"core\/image\" data-wp-key=\"69fa366eababa\" class=\"wp-block-image size-large is-resized wp-lightbox-container\"><img loading=\"lazy\" decoding=\"async\" width=\"1024\" height=\"863\" data-wp-class--hide=\"state.isContentHidden\" data-wp-class--show=\"state.isContentVisible\" data-wp-init=\"callbacks.setButtonStyles\" data-wp-on--click=\"actions.showLightbox\" data-wp-on--load=\"callbacks.setButtonStyles\" data-wp-on-window--resize=\"callbacks.setButtonStyles\" class=\"wp-image-5128\" style=\"width: 235px; height: auto;\" src=\"https:\/\/gloriadeus.com\/wp-content\/uploads\/2025\/03\/250218AMDIMG-58-1024x863.jpg\" alt=\"\u00c9 a f\u00e9 que nos trar\u00e1 a vit\u00f3ria\" srcset=\"https:\/\/gloriadeus.com\/wp-content\/uploads\/2025\/03\/250218AMDIMG-58-1024x863.jpg 1024w, https:\/\/gloriadeus.com\/wp-content\/uploads\/2025\/03\/250218AMDIMG-58-300x253.jpg 300w, https:\/\/gloriadeus.com\/wp-content\/uploads\/2025\/03\/250218AMDIMG-58-768x647.jpg 768w, https:\/\/gloriadeus.com\/wp-content\/uploads\/2025\/03\/250218AMDIMG-58.jpg 1125w\" sizes=\"auto, (max-width: 1024px) 100vw, 1024px\" \/><button\n\t\t\tclass=\"lightbox-trigger\"\n\t\t\ttype=\"button\"\n\t\t\taria-haspopup=\"dialog\"\n\t\t\taria-label=\"Ampliar\"\n\t\t\tdata-wp-init=\"callbacks.initTriggerButton\"\n\t\t\tdata-wp-on--click=\"actions.showLightbox\"\n\t\t\tdata-wp-style--right=\"state.imageButtonRight\"\n\t\t\tdata-wp-style--top=\"state.imageButtonTop\"\n\t\t>\n\t\t\t<svg xmlns=\"http:\/\/www.w3.org\/2000\/svg\" width=\"12\" height=\"12\" fill=\"none\" viewBox=\"0 0 12 12\">\n\t\t\t\t<path fill=\"#fff\" d=\"M2 0a2 2 0 0 0-2 2v2h1.5V2a.5.5 0 0 1 .5-.5h2V0H2Zm2 10.5H2a.5.5 0 0 1-.5-.5V8H0v2a2 2 0 0 0 2 2h2v-1.5ZM8 12v-1.5h2a.5.5 0 0 0 .5-.5V8H12v2a2 2 0 0 1-2 2H8Zm2-12a2 2 0 0 1 2 2v2h-1.5V2a.5.5 0 0 0-.5-.5H8V0h2Z\" \/>\n\t\t\t<\/svg>\n\t\t<\/button>\u00a0<\/figure>\r\n<p>A f\u00e9 tamb\u00e9m exerce impacto positivo na sa\u00fade mental, reduzindo o medo e a ansiedade. Ela nos traz paz interior, aumentando nossa resili\u00eancia emocional diante de adversidades. Pessoas que mant\u00eam f\u00e9 t\u00eam maior capacidade de enfrentar crises com serenidade, o que contribui para uma vida mais equilibrada e vitoriosa.<\/p>\r\n<h2><strong>F\u00e9 como inspira\u00e7\u00e3o para a\u00e7\u00f5es concretas<\/strong><\/h2>\r\n<p>A f\u00e9 n\u00e3o \u00e9 apenas uma esperan\u00e7a passiva, mas uma inspira\u00e7\u00e3o para a\u00e7\u00f5es concretas. Acreditar na vit\u00f3ria motiva-nos a planejar, trabalhar duro e perseverar. Essa atitude proativa \u00e9 fundamental para transformar nossas cren\u00e7as em resultados tang\u00edveis, garantindo que a f\u00e9 seja acompanhada de esfor\u00e7o real e dedica\u00e7\u00e3o.<\/p>\r\n<p>Manter a f\u00e9 diariamente \u00e9 essencial para manter o foco e a motiva\u00e7\u00e3o. Ela nos lembra do prop\u00f3sito maior de nossas vidas e nos incentiva a seguir em frente, mesmo nos dias dif\u00edceis. Com f\u00e9, cada pequeno passo se torna uma conquista, aproximando-nos cada vez mais da vit\u00f3ria desejada.<\/p>\r\n<figure class=\"wp-block-image size-large is-resized\"><img loading=\"lazy\" decoding=\"async\" width=\"1024\" height=\"863\" data-wp-class--hide=\"state.isContentHidden\" data-wp-class--show=\"state.isContentVisible\" data-wp-init=\"callbacks.setButtonStyles\" data-wp-on--click=\"actions.showLightbox\" data-wp-on--load=\"callbacks.setButtonStyles\" data-wp-on-window--resize=\"callbacks.setButtonStyles\" class=\"wp-image-5128\" style=\"width: 235px; height: auto;\" src=\"https:\/\/gloriadeus.com\/wp-content\/uploads\/2025\/03\/250218AMDIMG-58-1024x863.jpg\" alt=\"\u00c9 a f\u00e9 que nos trar\u00e1 a vit\u00f3ria\" srcset=\"https:\/\/gloriadeus.com\/wp-content\/uploads\/2025\/03\/250218AMDIMG-58-1024x863.jpg 1024w, https:\/\/gloriadeus.com\/wp-content\/uploads\/2025\/03\/250218AMDIMG-58-300x253.jpg 300w, https:\/\/gloriadeus.com\/wp-content\/uploads\/2025\/03\/250218AMDIMG-58-768x647.jpg 768w, https:\/\/gloriadeus.com\/wp-content\/uploads\/2025\/03\/250218AMDIMG-58.jpg 1125w\" sizes=\"auto, (max-width: 1024px) 100vw, 1024px\" \/><button\n\t\t\tclass=\"lightbox-trigger\"\n\t\t\ttype=\"button\"\n\t\t\taria-haspopup=\"dialog\"\n\t\t\taria-label=\"Ampliar\"\n\t\t\tdata-wp-init=\"callbacks.initTriggerButton\"\n\t\t\tdata-wp-on--click=\"actions.showLightbox\"\n\t\t\tdata-wp-style--right=\"state.imageButtonRight\"\n\t\t\tdata-wp-style--top=\"state.imageButtonTop\"\n\t\t>\n\t\t\t<svg xmlns=\"http:\/\/www.w3.org\/2000\/svg\" width=\"12\" height=\"12\" fill=\"none\" viewBox=\"0 0 12 12\">\n\t\t\t\t<path fill=\"#fff\" d=\"M2 0a2 2 0 0 0-2 2v2h1.5V2a.5.5 0 0 1 .5-.5h2V0H2Zm2 10.5H2a.5.5 0 0 1-.5-.5V8H0v2a2 2 0 0 0 2 2h2v-1.5ZM8 12v-1.5h2a.5.5 0 0 0 .5-.5V8H12v2a2 2 0 0 1-2 2H8Zm2-12a2 2 0 0 1 2 2v2h-1.5V2a.5.5 0 0 0-.5-.5H8V0h2Z\" \/>\n\t\t\t<\/svg>\n\t\t<\/button><\/figure>\r\n\r\n\r\n\r\n<p>Deus te diz: Enquanto eu cuidar de voc\u00ea, ningu\u00e9m ir\u00e1 te derrubar. Vencer na vida tamb\u00e9m significa conquistar paz interior, equil\u00edbrio e crescimento espiritual. A f\u00e9 nos ajuda a desenvolver valores s\u00f3lidos, gratid\u00e3o e amor ao pr\u00f3ximo, elementos essenciais para uma vit\u00f3ria completa. Essa vit\u00f3ria interior reflete positivamente em todas as \u00e1reas da nossa exist\u00eancia.\u00a0<\/p>\r\n<h2>A f\u00e9 nos sustenta\u00a0<\/h2>\r\n<div class=\"markdownContainer\" data-projected=\"true\">\r\n<div class=\"markdownContainer\">\r\n<p>A f\u00e9 \u00e9 a semente que germina esperan\u00e7a e coragem em nossos cora\u00e7\u00f5es. Quando acreditamos firmemente no poder da f\u00e9, ela nos d\u00e1 for\u00e7a para enfrentar as adversidades com otimismo e determina\u00e7\u00e3o. Essa confian\u00e7a inabal\u00e1vel transforma sonhos em realidade, mostrando que, com f\u00e9, podemos conquistar qualquer vit\u00f3ria que desejamos alcan\u00e7ar na vida.\u00a0<\/p>\r\n<\/div>\r\n<\/div>\r\n<p>A f\u00e9 \u00e9 o alicerce que sustenta nossas a\u00e7\u00f5es e sonhos, sendo a verdadeira for\u00e7a que nos leva \u00e0 vit\u00f3ria. Quando acreditamos sinceramente, nos tornamos capazes de superar qualquer obst\u00e1culo e conquistar nossos objetivos mais profundos. Cultivar a f\u00e9 diariamente \u00e9 o caminho para transformar nossas vidas e alcan\u00e7ar o sucesso desejado.<\/p>\r\n<p>\r\n\r\n<\/p>\r\n<figure class=\"wp-block-image size-large is-resized\"><\/figure>\r\n","protected":false},"excerpt":{"rendered":"<p>&nbsp; &nbsp; A for\u00e7a te faz um guerreiro, mas \u00e9 a f\u00e9 que te faz um vencedor \ud83d\udcaa\u00a0A f\u00e9 \u00e9 &hellip; <\/p>\n","protected":false},"author":1,"featured_media":5129,"parent":0,"menu_order":0,"comment_status":"open","ping_status":"closed","template":"","meta":{"_uf_show_specific_survey":0,"_uf_disable_surveys":false,"footnotes":""},"class_list":["post-5127","page","type-page","status-publish","has-post-thumbnail","hentry"],"yoast_head":"<!-- This site is optimized with the Yoast SEO plugin v27.5 - https:\/\/yoast.com\/product\/yoast-seo-wordpress\/ -->\n<title>\u00c9 a f\u00e9 que nos trar\u00e1 a vit\u00f3ria - Gl\u00f3ria Deus<\/title>\n<meta name=\"robots\" content=\"index, follow, max-snippet:-1, max-image-preview:large, max-video-preview:-1\" \/>\n<link rel=\"canonical\" href=\"https:\/\/gloriadeus.com\/home\/e-a-fe-que-nos-trara-a-vitoria\/\" \/>\n<meta property=\"og:locale\" content=\"pt_BR\" \/>\n<meta property=\"og:type\" content=\"article\" \/>\n<meta property=\"og:title\" content=\"\u00c9 a f\u00e9 que nos trar\u00e1 a vit\u00f3ria - Gl\u00f3ria Deus\" \/>\n<meta property=\"og:description\" content=\"&nbsp; &nbsp; A for\u00e7a te faz um guerreiro, mas \u00e9 a f\u00e9 que te faz um vencedor \ud83d\udcaa\u00a0A f\u00e9 \u00e9 &hellip;\" \/>\n<meta property=\"og:url\" content=\"https:\/\/gloriadeus.com\/home\/e-a-fe-que-nos-trara-a-vitoria\/\" \/>\n<meta property=\"og:site_name\" content=\"Gl\u00f3ria Deus\" \/>\n<meta property=\"article:modified_time\" content=\"2026-02-05T10:11:13+00:00\" \/>\n<meta property=\"og:image\" content=\"https:\/\/gloriadeus.com\/wp-content\/uploads\/2025\/03\/250218AMDIMG-60.jpg\" \/>\n\t<meta property=\"og:image:width\" content=\"1125\" \/>\n\t<meta property=\"og:image:height\" content=\"834\" \/>\n\t<meta property=\"og:image:type\" content=\"image\/jpeg\" \/>\n<meta name=\"twitter:card\" content=\"summary_large_image\" \/>\n<meta name=\"twitter:label1\" content=\"Est. tempo de leitura\" \/>\n\t<meta name=\"twitter:data1\" content=\"5 minutos\" \/>\n<script type=\"application\/ld+json\" class=\"yoast-schema-graph\">{\"@context\":\"https:\\\/\\\/schema.org\",\"@graph\":[{\"@type\":\"WebPage\",\"@id\":\"https:\\\/\\\/gloriadeus.com\\\/home\\\/e-a-fe-que-nos-trara-a-vitoria\\\/\",\"url\":\"https:\\\/\\\/gloriadeus.com\\\/home\\\/e-a-fe-que-nos-trara-a-vitoria\\\/\",\"name\":\"\u00c9 a f\u00e9 que nos trar\u00e1 a vit\u00f3ria - Gl\u00f3ria Deus\",\"isPartOf\":{\"@id\":\"https:\\\/\\\/gloriadeus.com\\\/home\\\/#website\"},\"primaryImageOfPage\":{\"@id\":\"https:\\\/\\\/gloriadeus.com\\\/home\\\/e-a-fe-que-nos-trara-a-vitoria\\\/#primaryimage\"},\"image\":{\"@id\":\"https:\\\/\\\/gloriadeus.com\\\/home\\\/e-a-fe-que-nos-trara-a-vitoria\\\/#primaryimage\"},\"thumbnailUrl\":\"https:\\\/\\\/gloriadeus.com\\\/wp-content\\\/uploads\\\/2025\\\/03\\\/250218AMDIMG-60.jpg\",\"datePublished\":\"2026-01-09T22:02:30+00:00\",\"dateModified\":\"2026-02-05T10:11:13+00:00\",\"breadcrumb\":{\"@id\":\"https:\\\/\\\/gloriadeus.com\\\/home\\\/e-a-fe-que-nos-trara-a-vitoria\\\/#breadcrumb\"},\"inLanguage\":\"pt-BR\",\"potentialAction\":[{\"@type\":\"ReadAction\",\"target\":[\"https:\\\/\\\/gloriadeus.com\\\/home\\\/e-a-fe-que-nos-trara-a-vitoria\\\/\"]}]},{\"@type\":\"ImageObject\",\"inLanguage\":\"pt-BR\",\"@id\":\"https:\\\/\\\/gloriadeus.com\\\/home\\\/e-a-fe-que-nos-trara-a-vitoria\\\/#primaryimage\",\"url\":\"https:\\\/\\\/gloriadeus.com\\\/wp-content\\\/uploads\\\/2025\\\/03\\\/250218AMDIMG-60.jpg\",\"contentUrl\":\"https:\\\/\\\/gloriadeus.com\\\/wp-content\\\/uploads\\\/2025\\\/03\\\/250218AMDIMG-60.jpg\",\"width\":1125,\"height\":834,\"caption\":\"\u00c9 a f\u00e9 que nos trar\u00e1 a vit\u00f3ria\"},{\"@type\":\"BreadcrumbList\",\"@id\":\"https:\\\/\\\/gloriadeus.com\\\/home\\\/e-a-fe-que-nos-trara-a-vitoria\\\/#breadcrumb\",\"itemListElement\":[{\"@type\":\"ListItem\",\"position\":1,\"name\":\"In\u00edcio\",\"item\":\"https:\\\/\\\/gloriadeus.com\\\/home\\\/\"},{\"@type\":\"ListItem\",\"position\":2,\"name\":\"\u00c9 a f\u00e9 que nos trar\u00e1 a vit\u00f3ria\"}]},{\"@type\":\"WebSite\",\"@id\":\"https:\\\/\\\/gloriadeus.com\\\/home\\\/#website\",\"url\":\"https:\\\/\\\/gloriadeus.com\\\/home\\\/\",\"name\":\"Gloria Deus\",\"description\":\"\u21a8 Deslize para descobrir mais \u21a8\",\"publisher\":{\"@id\":\"https:\\\/\\\/gloriadeus.com\\\/home\\\/#\\\/schema\\\/person\\\/ab2365ca8f87ea38e53ba3c2275e65c4\"},\"alternateName\":\"Muita f\u00e9\",\"potentialAction\":[{\"@type\":\"SearchAction\",\"target\":{\"@type\":\"EntryPoint\",\"urlTemplate\":\"https:\\\/\\\/gloriadeus.com\\\/home\\\/?s={search_term_string}\"},\"query-input\":{\"@type\":\"PropertyValueSpecification\",\"valueRequired\":true,\"valueName\":\"search_term_string\"}}],\"inLanguage\":\"pt-BR\"},{\"@type\":[\"Person\",\"Organization\"],\"@id\":\"https:\\\/\\\/gloriadeus.com\\\/home\\\/#\\\/schema\\\/person\\\/ab2365ca8f87ea38e53ba3c2275e65c4\",\"name\":\"gloriadeus.com\",\"image\":{\"@type\":\"ImageObject\",\"inLanguage\":\"pt-BR\",\"@id\":\"https:\\\/\\\/gloriadeus.com\\\/wp-content\\\/uploads\\\/2024\\\/03\\\/230525DDPNG-21.png\",\"url\":\"https:\\\/\\\/gloriadeus.com\\\/wp-content\\\/uploads\\\/2024\\\/03\\\/230525DDPNG-21.png\",\"contentUrl\":\"https:\\\/\\\/gloriadeus.com\\\/wp-content\\\/uploads\\\/2024\\\/03\\\/230525DDPNG-21.png\",\"width\":220,\"height\":230,\"caption\":\"gloriadeus.com\"},\"logo\":{\"@id\":\"https:\\\/\\\/gloriadeus.com\\\/wp-content\\\/uploads\\\/2024\\\/03\\\/230525DDPNG-21.png\"},\"sameAs\":[\"https:\\\/\\\/gloriadeus.com\"]}]}<\/script>\n<!-- \/ Yoast SEO plugin. -->","yoast_head_json":{"title":"\u00c9 a f\u00e9 que nos trar\u00e1 a vit\u00f3ria - Gl\u00f3ria Deus","robots":{"index":"index","follow":"follow","max-snippet":"max-snippet:-1","max-image-preview":"max-image-preview:large","max-video-preview":"max-video-preview:-1"},"canonical":"https:\/\/gloriadeus.com\/home\/e-a-fe-que-nos-trara-a-vitoria\/","og_locale":"pt_BR","og_type":"article","og_title":"\u00c9 a f\u00e9 que nos trar\u00e1 a vit\u00f3ria - Gl\u00f3ria Deus","og_description":"&nbsp; &nbsp; A for\u00e7a te faz um guerreiro, mas \u00e9 a f\u00e9 que te faz um vencedor \ud83d\udcaa\u00a0A f\u00e9 \u00e9 &hellip;","og_url":"https:\/\/gloriadeus.com\/home\/e-a-fe-que-nos-trara-a-vitoria\/","og_site_name":"Gl\u00f3ria Deus","article_modified_time":"2026-02-05T10:11:13+00:00","og_image":[{"width":1125,"height":834,"url":"https:\/\/gloriadeus.com\/wp-content\/uploads\/2025\/03\/250218AMDIMG-60.jpg","type":"image\/jpeg"}],"twitter_card":"summary_large_image","twitter_misc":{"Est. tempo de leitura":"5 minutos"},"schema":{"@context":"https:\/\/schema.org","@graph":[{"@type":"WebPage","@id":"https:\/\/gloriadeus.com\/home\/e-a-fe-que-nos-trara-a-vitoria\/","url":"https:\/\/gloriadeus.com\/home\/e-a-fe-que-nos-trara-a-vitoria\/","name":"\u00c9 a f\u00e9 que nos trar\u00e1 a vit\u00f3ria - Gl\u00f3ria Deus","isPartOf":{"@id":"https:\/\/gloriadeus.com\/home\/#website"},"primaryImageOfPage":{"@id":"https:\/\/gloriadeus.com\/home\/e-a-fe-que-nos-trara-a-vitoria\/#primaryimage"},"image":{"@id":"https:\/\/gloriadeus.com\/home\/e-a-fe-que-nos-trara-a-vitoria\/#primaryimage"},"thumbnailUrl":"https:\/\/gloriadeus.com\/wp-content\/uploads\/2025\/03\/250218AMDIMG-60.jpg","datePublished":"2026-01-09T22:02:30+00:00","dateModified":"2026-02-05T10:11:13+00:00","breadcrumb":{"@id":"https:\/\/gloriadeus.com\/home\/e-a-fe-que-nos-trara-a-vitoria\/#breadcrumb"},"inLanguage":"pt-BR","potentialAction":[{"@type":"ReadAction","target":["https:\/\/gloriadeus.com\/home\/e-a-fe-que-nos-trara-a-vitoria\/"]}]},{"@type":"ImageObject","inLanguage":"pt-BR","@id":"https:\/\/gloriadeus.com\/home\/e-a-fe-que-nos-trara-a-vitoria\/#primaryimage","url":"https:\/\/gloriadeus.com\/wp-content\/uploads\/2025\/03\/250218AMDIMG-60.jpg","contentUrl":"https:\/\/gloriadeus.com\/wp-content\/uploads\/2025\/03\/250218AMDIMG-60.jpg","width":1125,"height":834,"caption":"\u00c9 a f\u00e9 que nos trar\u00e1 a vit\u00f3ria"},{"@type":"BreadcrumbList","@id":"https:\/\/gloriadeus.com\/home\/e-a-fe-que-nos-trara-a-vitoria\/#breadcrumb","itemListElement":[{"@type":"ListItem","position":1,"name":"In\u00edcio","item":"https:\/\/gloriadeus.com\/home\/"},{"@type":"ListItem","position":2,"name":"\u00c9 a f\u00e9 que nos trar\u00e1 a vit\u00f3ria"}]},{"@type":"WebSite","@id":"https:\/\/gloriadeus.com\/home\/#website","url":"https:\/\/gloriadeus.com\/home\/","name":"Gloria Deus","description":"\u21a8 Deslize para descobrir mais \u21a8","publisher":{"@id":"https:\/\/gloriadeus.com\/home\/#\/schema\/person\/ab2365ca8f87ea38e53ba3c2275e65c4"},"alternateName":"Muita f\u00e9","potentialAction":[{"@type":"SearchAction","target":{"@type":"EntryPoint","urlTemplate":"https:\/\/gloriadeus.com\/home\/?s={search_term_string}"},"query-input":{"@type":"PropertyValueSpecification","valueRequired":true,"valueName":"search_term_string"}}],"inLanguage":"pt-BR"},{"@type":["Person","Organization"],"@id":"https:\/\/gloriadeus.com\/home\/#\/schema\/person\/ab2365ca8f87ea38e53ba3c2275e65c4","name":"gloriadeus.com","image":{"@type":"ImageObject","inLanguage":"pt-BR","@id":"https:\/\/gloriadeus.com\/wp-content\/uploads\/2024\/03\/230525DDPNG-21.png","url":"https:\/\/gloriadeus.com\/wp-content\/uploads\/2024\/03\/230525DDPNG-21.png","contentUrl":"https:\/\/gloriadeus.com\/wp-content\/uploads\/2024\/03\/230525DDPNG-21.png","width":220,"height":230,"caption":"gloriadeus.com"},"logo":{"@id":"https:\/\/gloriadeus.com\/wp-content\/uploads\/2024\/03\/230525DDPNG-21.png"},"sameAs":["https:\/\/gloriadeus.com"]}]}},"_links":{"self":[{"href":"https:\/\/gloriadeus.com\/home\/wp-json\/wp\/v2\/pages\/5127","targetHints":{"allow":["GET"]}}],"collection":[{"href":"https:\/\/gloriadeus.com\/home\/wp-json\/wp\/v2\/pages"}],"about":[{"href":"https:\/\/gloriadeus.com\/home\/wp-json\/wp\/v2\/types\/page"}],"author":[{"embeddable":true,"href":"https:\/\/gloriadeus.com\/home\/wp-json\/wp\/v2\/users\/1"}],"replies":[{"embeddable":true,"href":"https:\/\/gloriadeus.com\/home\/wp-json\/wp\/v2\/comments?post=5127"}],"version-history":[{"count":5,"href":"https:\/\/gloriadeus.com\/home\/wp-json\/wp\/v2\/pages\/5127\/revisions"}],"predecessor-version":[{"id":10366,"href":"https:\/\/gloriadeus.com\/home\/wp-json\/wp\/v2\/pages\/5127\/revisions\/10366"}],"wp:featuredmedia":[{"embeddable":true,"href":"https:\/\/gloriadeus.com\/home\/wp-json\/wp\/v2\/media\/5129"}],"wp:attachment":[{"href":"https:\/\/gloriadeus.com\/home\/wp-json\/wp\/v2\/media?parent=5127"}],"curies":[{"name":"wp","href":"https:\/\/api.w.org\/{rel}","templated":true}]}}