{"id":4970,"date":"2026-01-29T16:27:55","date_gmt":"2026-01-29T19:27:55","guid":{"rendered":"https:\/\/gloriadeus.com\/?page_id=4970"},"modified":"2026-05-04T20:46:28","modified_gmt":"2026-05-04T23:46:28","slug":"um-bom-culto","status":"publish","type":"page","link":"https:\/\/gloriadeus.com\/home\/um-bom-culto\/","title":{"rendered":"Um bom culto"},"content":{"rendered":"<!--4ALTIMGTXT-OK-->\r\n<p>&nbsp;<\/p>\r\n<!-- subtitulo, palavra, paragrafo ok -->\r\n\r\n\r\n<figure data-wp-context=\"{&quot;imageId&quot;:&quot;69fa4b29a8941&quot;}\" data-wp-interactive=\"core\/image\" data-wp-key=\"69fa4b29a8941\" class=\"wp-block-image size-large is-resized wp-lightbox-container\"><img loading=\"lazy\" decoding=\"async\" data-wp-class--hide=\"state.isContentHidden\" data-wp-class--show=\"state.isContentVisible\" data-wp-init=\"callbacks.setButtonStyles\" data-wp-on--click=\"actions.showLightbox\" data-wp-on--load=\"callbacks.setButtonStyles\" data-wp-on-window--resize=\"callbacks.setButtonStyles\" class=\"alignnone wp-image-4982\" style=\"width: 274px; height: auto;\" src=\"https:\/\/gloriadeus.com\/wp-content\/uploads\/2025\/03\/250111AMDIMG-47.jpg\" alt=\"voce vai vender\" width=\"720\" height=\"901\" srcset=\"https:\/\/gloriadeus.com\/wp-content\/uploads\/2025\/03\/250111AMDIMG-47.jpg 720w, https:\/\/gloriadeus.com\/wp-content\/uploads\/2025\/03\/250111AMDIMG-47-240x300.jpg 240w\" sizes=\"auto, (max-width: 720px) 100vw, 720px\" \/><button\n\t\t\tclass=\"lightbox-trigger\"\n\t\t\ttype=\"button\"\n\t\t\taria-haspopup=\"dialog\"\n\t\t\taria-label=\"Ampliar\"\n\t\t\tdata-wp-init=\"callbacks.initTriggerButton\"\n\t\t\tdata-wp-on--click=\"actions.showLightbox\"\n\t\t\tdata-wp-style--right=\"state.imageButtonRight\"\n\t\t\tdata-wp-style--top=\"state.imageButtonTop\"\n\t\t>\n\t\t\t<svg xmlns=\"http:\/\/www.w3.org\/2000\/svg\" width=\"12\" height=\"12\" fill=\"none\" viewBox=\"0 0 12 12\">\n\t\t\t\t<path fill=\"#fff\" d=\"M2 0a2 2 0 0 0-2 2v2h1.5V2a.5.5 0 0 1 .5-.5h2V0H2Zm2 10.5H2a.5.5 0 0 1-.5-.5V8H0v2a2 2 0 0 0 2 2h2v-1.5ZM8 12v-1.5h2a.5.5 0 0 0 .5-.5V8H12v2a2 2 0 0 1-2 2H8Zm2-12a2 2 0 0 1 2 2v2h-1.5V2a.5.5 0 0 0-.5-.5H8V0h2Z\" \/>\n\t\t\t<\/svg>\n\t\t<\/button>\u00a0<\/figure>\r\n\r\n\r\n\r\n<p>Um bom culto \u00e9 um momento de comunh\u00e3o, adora\u00e7\u00e3o e aprendizado espiritual que pode enriquecer a vida dos participantes. Para que essa experi\u00eancia seja significativa, \u00e9 essencial que haja uma atmosfera de rever\u00eancia e respeito, onde todos se sintam conectados e acolhidos.\u00a0<\/p>\r\n<h2>Para um bom culto\u00a0<\/h2>\r\n<p>A escolha de um local adequado para a realiza\u00e7\u00e3o do culto \u00e9 fundamental, pois deve ser um espa\u00e7o que favore\u00e7a a concentra\u00e7\u00e3o e a medita\u00e7\u00e3o, afastando ru\u00eddos externos e distra\u00e7\u00f5es. A organiza\u00e7\u00e3o do ambiente, com a disposi\u00e7\u00e3o correta das cadeiras e a decora\u00e7\u00e3o que remeta \u00e0 espiritualidade, contribui para criar um clima prop\u00edcio \u00e0 adora\u00e7\u00e3o.<\/p>\r\n<p>A m\u00fasica tem um papel central em um culto, pois tem o poder de unir as pessoas e elevar os esp\u00edritos. A sele\u00e7\u00e3o de c\u00e2nticos que sejam significativos, com letras que toquem profundamente os cora\u00e7\u00f5es, pode fazer toda a diferen\u00e7a na experi\u00eancia coletiva. A participa\u00e7\u00e3o da congrega\u00e7\u00e3o na m\u00fasica \u00e9 essencial, permitindo que todos se sintam parte do culto e possam expressar sua adora\u00e7\u00e3o de maneira aut\u00eantica.\u00a0<\/p>\r\n<figure class=\"wp-block-image size-large is-resized\"><img loading=\"lazy\" decoding=\"async\" class=\"alignnone wp-image-4968\" style=\"width: 416px; height: auto;\" src=\"https:\/\/gloriadeus.com\/wp-content\/uploads\/2025\/03\/250111AMDIMG-10-2.jpg\" alt=\"Um bom culto e as m\u00fasicas \" width=\"720\" height=\"900\" srcset=\"https:\/\/gloriadeus.com\/wp-content\/uploads\/2025\/03\/250111AMDIMG-10-2.jpg 720w, https:\/\/gloriadeus.com\/wp-content\/uploads\/2025\/03\/250111AMDIMG-10-2-240x300.jpg 240w\" sizes=\"auto, (max-width: 720px) 100vw, 720px\" \/>\u00a0<\/figure>\r\n<p>Um\u00a0 elemento importante \u00e9 a prega\u00e7\u00e3o ou a palavra que ser\u00e1 compartilhada. Para que esta seja impactante, o pregador deve estar bem preparado, com um conte\u00fado que ressoe com as vidas dos ouvintes, trazendo ensinamentos pr\u00e1ticos e relevantes. \u00c9 fundamental que a palavra se baseie em textos sagrados, oferecendo uma reflex\u00e3o que estimule o crescimento espiritual e a aplica\u00e7\u00e3o dos princ\u00edpios ensinados na vida cotidiana.<\/p>\r\n<p>A intera\u00e7\u00e3o com a congrega\u00e7\u00e3o durante a prega\u00e7\u00e3o, como momentos de perguntas e respostas, pode enriquecer ainda mais a experi\u00eancia, promovendo um espa\u00e7o de di\u00e1logo e d\u00favidas. Sabe-se que \u00e9 pertinente incluir momentos de ora\u00e7\u00e3o, onde a congrega\u00e7\u00e3o se une em intercess\u00e3o, agradecimento e pedidos.\u00a0<\/p>\r\n<h2>Um bom culto<\/h2>\r\n<p>Essas ora\u00e7\u00f5es podem variar de momentos de sil\u00eancio, reflex\u00e3o individual, at\u00e9 ora\u00e7\u00f5es em grupo, permitindo uma conex\u00e3o mais profunda com o divino. O uso criativo de recursos multim\u00eddia, como slides e v\u00eddeos, ao longo do culto pode tamb\u00e9m ser um atrativo a mais, pois facilita a compreens\u00e3o dos temas abordados e torna a mensagem mais din\u00e2mica.\u00a0<\/p>\r\n<p>Um bom culto deriva de boas ideias.\u00a0Um\u00a0 aspecto a ser considerado \u00e9 a diversidade de faixas et\u00e1rias e a necessidade de atender a todos os grupos na igreja. Para isso, \u00e9 importante que haja uma programa\u00e7\u00e3o que inclua atividades paralelas para crian\u00e7as e jovens, garantindo que eles tamb\u00e9m possam ser nutridos espiritualmente durante o culto.<\/p>\r\n<p>\r\n\r\n\r\n\r\n\r\n<figure data-wp-context=\"{&quot;imageId&quot;:&quot;69fa4b29a8e39&quot;}\" data-wp-interactive=\"core\/image\" data-wp-key=\"69fa4b29a8e39\" class=\"wp-block-image size-large is-resized wp-lightbox-container\"><img loading=\"lazy\" decoding=\"async\" data-wp-class--hide=\"state.isContentHidden\" data-wp-class--show=\"state.isContentVisible\" data-wp-init=\"callbacks.setButtonStyles\" data-wp-on--click=\"actions.showLightbox\" data-wp-on--load=\"callbacks.setButtonStyles\" data-wp-on-window--resize=\"callbacks.setButtonStyles\" class=\"alignnone wp-image-4983\" style=\"width: 282px; height: auto;\" src=\"https:\/\/gloriadeus.com\/wp-content\/uploads\/2025\/03\/250111AMDIMG-41-1.jpg\" alt=\"O maior eu te amo da hist\u00f3ria.\" width=\"720\" height=\"1004\" srcset=\"https:\/\/gloriadeus.com\/wp-content\/uploads\/2025\/03\/250111AMDIMG-41-1.jpg 720w, https:\/\/gloriadeus.com\/wp-content\/uploads\/2025\/03\/250111AMDIMG-41-1-215x300.jpg 215w\" sizes=\"auto, (max-width: 720px) 100vw, 720px\" \/><button\n\t\t\tclass=\"lightbox-trigger\"\n\t\t\ttype=\"button\"\n\t\t\taria-haspopup=\"dialog\"\n\t\t\taria-label=\"Ampliar\"\n\t\t\tdata-wp-init=\"callbacks.initTriggerButton\"\n\t\t\tdata-wp-on--click=\"actions.showLightbox\"\n\t\t\tdata-wp-style--right=\"state.imageButtonRight\"\n\t\t\tdata-wp-style--top=\"state.imageButtonTop\"\n\t\t>\n\t\t\t<svg xmlns=\"http:\/\/www.w3.org\/2000\/svg\" width=\"12\" height=\"12\" fill=\"none\" viewBox=\"0 0 12 12\">\n\t\t\t\t<path fill=\"#fff\" d=\"M2 0a2 2 0 0 0-2 2v2h1.5V2a.5.5 0 0 1 .5-.5h2V0H2Zm2 10.5H2a.5.5 0 0 1-.5-.5V8H0v2a2 2 0 0 0 2 2h2v-1.5ZM8 12v-1.5h2a.5.5 0 0 0 .5-.5V8H12v2a2 2 0 0 1-2 2H8Zm2-12a2 2 0 0 1 2 2v2h-1.5V2a.5.5 0 0 0-.5-.5H8V0h2Z\" \/>\n\t\t\t<\/svg>\n\t\t<\/button>\u00a0<\/figure>\r\n<p>A lideran\u00e7a da igreja desempenha um papel crucial na prepara\u00e7\u00e3o e condu\u00e7\u00e3o do culto, devendo ser composta por pessoas comprometidas e que inspirem confian\u00e7a. Os l\u00edderes devem estar dispon\u00edveis para ouvirem as necessidades da congrega\u00e7\u00e3o, buscando constantemente melhorias na experi\u00eancia do culto e promovendo um ambiente inclusivo e acolhedor.\u00a0<\/p>\r\n<p>A import\u00e2ncia do testemunho pessoal tamb\u00e9m n\u00e3o pode ser negligenciada. Momentos em que membros da congrega\u00e7\u00e3o compartilham experi\u00eancias de f\u00e9 e como Deus tem atuado em suas vidas promovem um senso de comunidade e esperan\u00e7a, incentivando outros a aprofundarem sua pr\u00f3pria jornada espiritual. Ao t\u00e9rmino do culto, \u00e9 fundamental criar oportunidades para intera\u00e7\u00f5es informais entre os participantes.<\/p>\r\n<h2>Testemunhos sinceros<\/h2>\r\n<p>Um momento de confraterniza\u00e7\u00e3o, seja com um caf\u00e9 ou lanche, permite que as pessoas se conectem, fortale\u00e7am la\u00e7os de amizade e construam uma verdadeira fam\u00edlia na f\u00e9.\u00a0O acompanhamento p\u00f3s-culto, onde os l\u00edderes e membros se disponibilizam para ouvir e orientar, \u00e9 um ponto a ser considerado para que o aprendizado continue a ser vivido no dia a dia.<\/p>\r\n<p>A promo\u00e7\u00e3o de um ambiente seguro, onde todos se sintam confort\u00e1veis para expressarem suas emo\u00e7\u00f5es e opini\u00f5es, contribui significativamente para a sa\u00fade espiritual da comunidade. Cative a ess\u00eancia da vida genu\u00edna \ud83d\ude4f Entende-se que um bom culto \u00e9, na ess\u00eancia, uma experi\u00eancia rica e transformadora que deve ser cuidadosamente planejada e executada.\u00a0<\/p>\r\n\r\n\r\n\r\n\r\n\r\n\r\n\r\n<figure data-wp-context=\"{&quot;imageId&quot;:&quot;69fa4b29a92d6&quot;}\" data-wp-interactive=\"core\/image\" data-wp-key=\"69fa4b29a92d6\" class=\"wp-block-image size-large is-resized wp-lightbox-container\"><img loading=\"lazy\" decoding=\"async\" data-wp-class--hide=\"state.isContentHidden\" data-wp-class--show=\"state.isContentVisible\" data-wp-init=\"callbacks.setButtonStyles\" data-wp-on--click=\"actions.showLightbox\" data-wp-on--load=\"callbacks.setButtonStyles\" data-wp-on-window--resize=\"callbacks.setButtonStyles\" class=\"alignnone wp-image-4981\" style=\"width: 387px; height: auto;\" src=\"https:\/\/gloriadeus.com\/wp-content\/uploads\/2025\/03\/250111AMDIMG-11-2.jpg\" alt=\"Imagem mostra Jesus com um bebe no colo.\" width=\"640\" height=\"640\" srcset=\"https:\/\/gloriadeus.com\/wp-content\/uploads\/2025\/03\/250111AMDIMG-11-2.jpg 640w, https:\/\/gloriadeus.com\/wp-content\/uploads\/2025\/03\/250111AMDIMG-11-2-300x300.jpg 300w, https:\/\/gloriadeus.com\/wp-content\/uploads\/2025\/03\/250111AMDIMG-11-2-150x150.jpg 150w\" sizes=\"auto, (max-width: 640px) 100vw, 640px\" \/><button\n\t\t\tclass=\"lightbox-trigger\"\n\t\t\ttype=\"button\"\n\t\t\taria-haspopup=\"dialog\"\n\t\t\taria-label=\"Ampliar\"\n\t\t\tdata-wp-init=\"callbacks.initTriggerButton\"\n\t\t\tdata-wp-on--click=\"actions.showLightbox\"\n\t\t\tdata-wp-style--right=\"state.imageButtonRight\"\n\t\t\tdata-wp-style--top=\"state.imageButtonTop\"\n\t\t>\n\t\t\t<svg xmlns=\"http:\/\/www.w3.org\/2000\/svg\" width=\"12\" height=\"12\" fill=\"none\" viewBox=\"0 0 12 12\">\n\t\t\t\t<path fill=\"#fff\" d=\"M2 0a2 2 0 0 0-2 2v2h1.5V2a.5.5 0 0 1 .5-.5h2V0H2Zm2 10.5H2a.5.5 0 0 1-.5-.5V8H0v2a2 2 0 0 0 2 2h2v-1.5ZM8 12v-1.5h2a.5.5 0 0 0 .5-.5V8H12v2a2 2 0 0 1-2 2H8Zm2-12a2 2 0 0 1 2 2v2h-1.5V2a.5.5 0 0 0-.5-.5H8V0h2Z\" \/>\n\t\t\t<\/svg>\n\t\t<\/button>\u00a0<\/figure>\r\n<p>Levando em conta as necessidades, anseios e expectativas de todos os participantes, criando um espa\u00e7o onde a adora\u00e7\u00e3o a Deus \u00e9 genu\u00edna e a comunh\u00e3o entre os membros se fortalece, resultando em frutos que beneficiam n\u00e3o apenas os participantes, mas tamb\u00e9m a comunidade em que est\u00e3o inseridos.\u00a0A busca cont\u00ednua pela excel\u00eancia espiritual e a disposi\u00e7\u00e3o para inovar nas abordagens de cultos s\u00e3o fundamentais.\u00a0<\/p>\r\n<p>Fundamentais para manter a relev\u00e2ncia da igreja na sociedade contempor\u00e2nea, sempre focando em impactar positivamente as vidas das pessoas e refletir o amor e ensinamentos que norteiam a f\u00e9. A organiza\u00e7\u00e3o de um bom culto n\u00e3o se limita apenas aos aspectos externos ou ao que \u00e9 praticado, mas tamb\u00e9m \u00e0 atitude interna dos participantes e l\u00edderes.\u00a0<\/p>\r\n<h2>Vivamos com autenticidade\u00a0<\/h2>\r\n<p>Atitude que deve estar alinhada com princ\u00edpios de amor, respeito e compromisso com <a href=\"https:\/\/gloriadeus.com\/home\/vai-dar-tudo-certo\/\"><em>a transforma\u00e7\u00e3o<\/em><\/a> pessoal e comunit\u00e1ria, sempre buscando a orienta\u00e7\u00e3o divina e a inclus\u00e3o de todos, independentemente de sua jornada de f\u00e9, reafirmando a import\u00e2ncia de cada indiv\u00edduo na grande fam\u00edlia de Deus.\u00a0Cultivar um ambiente de amor e unidade, onde a adora\u00e7\u00e3o sincera e a aprendizagem profunda s\u00e3o incentivadas.<\/p>\r\n<p>Cultivar um ambiente de amor e paz \u00e9 o verdadeiro prop\u00f3sito de um culto eficaz e enriquecedor. Viver com autenticidade \u00e9 um princ\u00edpio vital que transforma nossas rela\u00e7\u00f5es e experi\u00eancias. Quando nos apresentamos como realmente somos, abrimos espa\u00e7o para conex\u00f5es genu\u00ednas e significativas. Essa autenticidade ressoa com os outros, permitindo a cria\u00e7\u00e3o de um ambiente harmonioso.<\/p>\r\n<p>Cultuar a verdade em nossas intera\u00e7\u00f5es gera um senso de pertencimento poderoso e enriquecedor.\u00a0Participar de um bom culto implica n\u00e3o apenas na presen\u00e7a f\u00edsica, mas tamb\u00e9m na entrega emocional e espiritual. Quando nos conectamos com o que \u00e9 sagrado, abrimos nosso cora\u00e7\u00e3o para a transforma\u00e7\u00e3o interior. Momentos de reflex\u00e3o, ora\u00e7\u00e3o e comunh\u00e3o nos ajudam a fortalecer la\u00e7os com a comunidade e a fortalecer nossa f\u00e9 em algo maior.<\/p>\r\n<p>O autoconhecimento \u00e9 um aliado essencial para cultivar uma vida aut\u00eantica. Conhecer suas emo\u00e7\u00f5es, hist\u00f3rias e valores permite que voc\u00ea compartilhe sua ess\u00eancia verdadeiramente. A partir dessa base s\u00f3lida, sua participa\u00e7\u00e3o em um culto se torna ainda mais significativa e impactante. Esse entendimento pessoal nos guia em momentos de adora\u00e7\u00e3o e nos impede de perder a conex\u00e3o com o divino.\u00a0<\/p>\r\n<h3>Conclus\u00e3o<\/h3>\r\n<p>Vivermos com autenticidade \u00e9 fundamental para a viv\u00eancia de um bom culto. Essa pr\u00e1tica eleva nossas rela\u00e7\u00f5es e enriquece a experi\u00eancia espiritual. Ao nos abrirmos para a verdade e o amor, conectamos nossas almas de maneira profunda e verdadeira. Portanto, vamos cultivar essa autenticidade, pois ela transforma nossa vida e a comunidade ao nosso redor.\u00a0<\/p>\r\n<p>Pode que voc\u00ea tamb\u00e9m goste de conferir:\u00a0<\/p>\r\n<p><blockquote class=\"wp-embedded-content\" data-secret=\"SSYMsQZHlp\"><a href=\"https:\/\/gloriadeus.com\/home\/vai-dar-tudo-certo\/\">Vai dar tudo certo<\/a><\/blockquote><iframe loading=\"lazy\" class=\"wp-embedded-content\" sandbox=\"allow-scripts\" security=\"restricted\" style=\"position: absolute; visibility: hidden;\" title=\"&#8220;Vai dar tudo certo&#8221; &#8212; Gl\u00f3ria Deus\" src=\"https:\/\/gloriadeus.com\/home\/vai-dar-tudo-certo\/embed\/#?secret=Mj0h5W6gbk#?secret=SSYMsQZHlp\" data-secret=\"SSYMsQZHlp\" width=\"600\" height=\"338\" frameborder=\"0\" marginwidth=\"0\" marginheight=\"0\" scrolling=\"no\"><\/iframe><\/p>\r\n\r\n\r\n","protected":false},"excerpt":{"rendered":"<p>&nbsp; Um bom culto \u00e9 um momento de comunh\u00e3o, adora\u00e7\u00e3o e aprendizado espiritual que pode enriquecer a vida dos participantes. &hellip; <\/p>\n","protected":false},"author":1,"featured_media":4968,"parent":0,"menu_order":0,"comment_status":"open","ping_status":"closed","template":"","meta":{"_uf_show_specific_survey":0,"_uf_disable_surveys":false,"footnotes":""},"class_list":["post-4970","page","type-page","status-publish","has-post-thumbnail","hentry"],"yoast_head":"<!-- This site is optimized with the Yoast SEO plugin v27.5 - https:\/\/yoast.com\/product\/yoast-seo-wordpress\/ -->\n<title>Um bom culto - Gl\u00f3ria Deus<\/title>\n<meta name=\"robots\" content=\"index, follow, max-snippet:-1, max-image-preview:large, max-video-preview:-1\" \/>\n<link rel=\"canonical\" href=\"https:\/\/gloriadeus.com\/home\/um-bom-culto\/\" \/>\n<meta property=\"og:locale\" content=\"pt_BR\" \/>\n<meta property=\"og:type\" content=\"article\" \/>\n<meta property=\"og:title\" content=\"Um bom culto - Gl\u00f3ria Deus\" \/>\n<meta property=\"og:description\" content=\"&nbsp; Um bom culto \u00e9 um momento de comunh\u00e3o, adora\u00e7\u00e3o e aprendizado espiritual que pode enriquecer a vida dos participantes. &hellip;\" \/>\n<meta property=\"og:url\" content=\"https:\/\/gloriadeus.com\/home\/um-bom-culto\/\" \/>\n<meta property=\"og:site_name\" content=\"Gl\u00f3ria Deus\" \/>\n<meta property=\"article:modified_time\" content=\"2026-05-04T23:46:28+00:00\" \/>\n<meta property=\"og:image\" content=\"https:\/\/gloriadeus.com\/wp-content\/uploads\/2025\/03\/250111AMDIMG-10-2.jpg\" \/>\n\t<meta property=\"og:image:width\" content=\"720\" \/>\n\t<meta property=\"og:image:height\" content=\"900\" \/>\n\t<meta property=\"og:image:type\" content=\"image\/jpeg\" \/>\n<meta name=\"twitter:card\" content=\"summary_large_image\" \/>\n<meta name=\"twitter:label1\" content=\"Est. tempo de leitura\" \/>\n\t<meta name=\"twitter:data1\" content=\"7 minutos\" \/>\n<script type=\"application\/ld+json\" class=\"yoast-schema-graph\">{\"@context\":\"https:\\\/\\\/schema.org\",\"@graph\":[{\"@type\":\"WebPage\",\"@id\":\"https:\\\/\\\/gloriadeus.com\\\/home\\\/um-bom-culto\\\/\",\"url\":\"https:\\\/\\\/gloriadeus.com\\\/home\\\/um-bom-culto\\\/\",\"name\":\"Um bom culto - Gl\u00f3ria Deus\",\"isPartOf\":{\"@id\":\"https:\\\/\\\/gloriadeus.com\\\/home\\\/#website\"},\"primaryImageOfPage\":{\"@id\":\"https:\\\/\\\/gloriadeus.com\\\/home\\\/um-bom-culto\\\/#primaryimage\"},\"image\":{\"@id\":\"https:\\\/\\\/gloriadeus.com\\\/home\\\/um-bom-culto\\\/#primaryimage\"},\"thumbnailUrl\":\"https:\\\/\\\/gloriadeus.com\\\/wp-content\\\/uploads\\\/2025\\\/03\\\/250111AMDIMG-10-2.jpg\",\"datePublished\":\"2026-01-29T19:27:55+00:00\",\"dateModified\":\"2026-05-04T23:46:28+00:00\",\"breadcrumb\":{\"@id\":\"https:\\\/\\\/gloriadeus.com\\\/home\\\/um-bom-culto\\\/#breadcrumb\"},\"inLanguage\":\"pt-BR\",\"potentialAction\":[{\"@type\":\"ReadAction\",\"target\":[\"https:\\\/\\\/gloriadeus.com\\\/home\\\/um-bom-culto\\\/\"]}]},{\"@type\":\"ImageObject\",\"inLanguage\":\"pt-BR\",\"@id\":\"https:\\\/\\\/gloriadeus.com\\\/home\\\/um-bom-culto\\\/#primaryimage\",\"url\":\"https:\\\/\\\/gloriadeus.com\\\/wp-content\\\/uploads\\\/2025\\\/03\\\/250111AMDIMG-10-2.jpg\",\"contentUrl\":\"https:\\\/\\\/gloriadeus.com\\\/wp-content\\\/uploads\\\/2025\\\/03\\\/250111AMDIMG-10-2.jpg\",\"width\":720,\"height\":900,\"caption\":\"Um bom culto\"},{\"@type\":\"BreadcrumbList\",\"@id\":\"https:\\\/\\\/gloriadeus.com\\\/home\\\/um-bom-culto\\\/#breadcrumb\",\"itemListElement\":[{\"@type\":\"ListItem\",\"position\":1,\"name\":\"In\u00edcio\",\"item\":\"https:\\\/\\\/gloriadeus.com\\\/home\\\/\"},{\"@type\":\"ListItem\",\"position\":2,\"name\":\"Um bom culto\"}]},{\"@type\":\"WebSite\",\"@id\":\"https:\\\/\\\/gloriadeus.com\\\/home\\\/#website\",\"url\":\"https:\\\/\\\/gloriadeus.com\\\/home\\\/\",\"name\":\"Gloria Deus\",\"description\":\"\u21a8 Deslize para descobrir mais \u21a8\",\"publisher\":{\"@id\":\"https:\\\/\\\/gloriadeus.com\\\/home\\\/#\\\/schema\\\/person\\\/ab2365ca8f87ea38e53ba3c2275e65c4\"},\"alternateName\":\"Muita f\u00e9\",\"potentialAction\":[{\"@type\":\"SearchAction\",\"target\":{\"@type\":\"EntryPoint\",\"urlTemplate\":\"https:\\\/\\\/gloriadeus.com\\\/home\\\/?s={search_term_string}\"},\"query-input\":{\"@type\":\"PropertyValueSpecification\",\"valueRequired\":true,\"valueName\":\"search_term_string\"}}],\"inLanguage\":\"pt-BR\"},{\"@type\":[\"Person\",\"Organization\"],\"@id\":\"https:\\\/\\\/gloriadeus.com\\\/home\\\/#\\\/schema\\\/person\\\/ab2365ca8f87ea38e53ba3c2275e65c4\",\"name\":\"gloriadeus.com\",\"image\":{\"@type\":\"ImageObject\",\"inLanguage\":\"pt-BR\",\"@id\":\"https:\\\/\\\/gloriadeus.com\\\/wp-content\\\/uploads\\\/2024\\\/03\\\/230525DDPNG-21.png\",\"url\":\"https:\\\/\\\/gloriadeus.com\\\/wp-content\\\/uploads\\\/2024\\\/03\\\/230525DDPNG-21.png\",\"contentUrl\":\"https:\\\/\\\/gloriadeus.com\\\/wp-content\\\/uploads\\\/2024\\\/03\\\/230525DDPNG-21.png\",\"width\":220,\"height\":230,\"caption\":\"gloriadeus.com\"},\"logo\":{\"@id\":\"https:\\\/\\\/gloriadeus.com\\\/wp-content\\\/uploads\\\/2024\\\/03\\\/230525DDPNG-21.png\"},\"sameAs\":[\"https:\\\/\\\/gloriadeus.com\"]}]}<\/script>\n<!-- \/ Yoast SEO plugin. -->","yoast_head_json":{"title":"Um bom culto - Gl\u00f3ria Deus","robots":{"index":"index","follow":"follow","max-snippet":"max-snippet:-1","max-image-preview":"max-image-preview:large","max-video-preview":"max-video-preview:-1"},"canonical":"https:\/\/gloriadeus.com\/home\/um-bom-culto\/","og_locale":"pt_BR","og_type":"article","og_title":"Um bom culto - Gl\u00f3ria Deus","og_description":"&nbsp; Um bom culto \u00e9 um momento de comunh\u00e3o, adora\u00e7\u00e3o e aprendizado espiritual que pode enriquecer a vida dos participantes. &hellip;","og_url":"https:\/\/gloriadeus.com\/home\/um-bom-culto\/","og_site_name":"Gl\u00f3ria Deus","article_modified_time":"2026-05-04T23:46:28+00:00","og_image":[{"width":720,"height":900,"url":"https:\/\/gloriadeus.com\/wp-content\/uploads\/2025\/03\/250111AMDIMG-10-2.jpg","type":"image\/jpeg"}],"twitter_card":"summary_large_image","twitter_misc":{"Est. tempo de leitura":"7 minutos"},"schema":{"@context":"https:\/\/schema.org","@graph":[{"@type":"WebPage","@id":"https:\/\/gloriadeus.com\/home\/um-bom-culto\/","url":"https:\/\/gloriadeus.com\/home\/um-bom-culto\/","name":"Um bom culto - Gl\u00f3ria Deus","isPartOf":{"@id":"https:\/\/gloriadeus.com\/home\/#website"},"primaryImageOfPage":{"@id":"https:\/\/gloriadeus.com\/home\/um-bom-culto\/#primaryimage"},"image":{"@id":"https:\/\/gloriadeus.com\/home\/um-bom-culto\/#primaryimage"},"thumbnailUrl":"https:\/\/gloriadeus.com\/wp-content\/uploads\/2025\/03\/250111AMDIMG-10-2.jpg","datePublished":"2026-01-29T19:27:55+00:00","dateModified":"2026-05-04T23:46:28+00:00","breadcrumb":{"@id":"https:\/\/gloriadeus.com\/home\/um-bom-culto\/#breadcrumb"},"inLanguage":"pt-BR","potentialAction":[{"@type":"ReadAction","target":["https:\/\/gloriadeus.com\/home\/um-bom-culto\/"]}]},{"@type":"ImageObject","inLanguage":"pt-BR","@id":"https:\/\/gloriadeus.com\/home\/um-bom-culto\/#primaryimage","url":"https:\/\/gloriadeus.com\/wp-content\/uploads\/2025\/03\/250111AMDIMG-10-2.jpg","contentUrl":"https:\/\/gloriadeus.com\/wp-content\/uploads\/2025\/03\/250111AMDIMG-10-2.jpg","width":720,"height":900,"caption":"Um bom culto"},{"@type":"BreadcrumbList","@id":"https:\/\/gloriadeus.com\/home\/um-bom-culto\/#breadcrumb","itemListElement":[{"@type":"ListItem","position":1,"name":"In\u00edcio","item":"https:\/\/gloriadeus.com\/home\/"},{"@type":"ListItem","position":2,"name":"Um bom culto"}]},{"@type":"WebSite","@id":"https:\/\/gloriadeus.com\/home\/#website","url":"https:\/\/gloriadeus.com\/home\/","name":"Gloria Deus","description":"\u21a8 Deslize para descobrir mais \u21a8","publisher":{"@id":"https:\/\/gloriadeus.com\/home\/#\/schema\/person\/ab2365ca8f87ea38e53ba3c2275e65c4"},"alternateName":"Muita f\u00e9","potentialAction":[{"@type":"SearchAction","target":{"@type":"EntryPoint","urlTemplate":"https:\/\/gloriadeus.com\/home\/?s={search_term_string}"},"query-input":{"@type":"PropertyValueSpecification","valueRequired":true,"valueName":"search_term_string"}}],"inLanguage":"pt-BR"},{"@type":["Person","Organization"],"@id":"https:\/\/gloriadeus.com\/home\/#\/schema\/person\/ab2365ca8f87ea38e53ba3c2275e65c4","name":"gloriadeus.com","image":{"@type":"ImageObject","inLanguage":"pt-BR","@id":"https:\/\/gloriadeus.com\/wp-content\/uploads\/2024\/03\/230525DDPNG-21.png","url":"https:\/\/gloriadeus.com\/wp-content\/uploads\/2024\/03\/230525DDPNG-21.png","contentUrl":"https:\/\/gloriadeus.com\/wp-content\/uploads\/2024\/03\/230525DDPNG-21.png","width":220,"height":230,"caption":"gloriadeus.com"},"logo":{"@id":"https:\/\/gloriadeus.com\/wp-content\/uploads\/2024\/03\/230525DDPNG-21.png"},"sameAs":["https:\/\/gloriadeus.com"]}]}},"_links":{"self":[{"href":"https:\/\/gloriadeus.com\/home\/wp-json\/wp\/v2\/pages\/4970","targetHints":{"allow":["GET"]}}],"collection":[{"href":"https:\/\/gloriadeus.com\/home\/wp-json\/wp\/v2\/pages"}],"about":[{"href":"https:\/\/gloriadeus.com\/home\/wp-json\/wp\/v2\/types\/page"}],"author":[{"embeddable":true,"href":"https:\/\/gloriadeus.com\/home\/wp-json\/wp\/v2\/users\/1"}],"replies":[{"embeddable":true,"href":"https:\/\/gloriadeus.com\/home\/wp-json\/wp\/v2\/comments?post=4970"}],"version-history":[{"count":10,"href":"https:\/\/gloriadeus.com\/home\/wp-json\/wp\/v2\/pages\/4970\/revisions"}],"predecessor-version":[{"id":11701,"href":"https:\/\/gloriadeus.com\/home\/wp-json\/wp\/v2\/pages\/4970\/revisions\/11701"}],"wp:featuredmedia":[{"embeddable":true,"href":"https:\/\/gloriadeus.com\/home\/wp-json\/wp\/v2\/media\/4968"}],"wp:attachment":[{"href":"https:\/\/gloriadeus.com\/home\/wp-json\/wp\/v2\/media?parent=4970"}],"curies":[{"name":"wp","href":"https:\/\/api.w.org\/{rel}","templated":true}]}}