{"id":4946,"date":"2026-01-07T14:54:54","date_gmt":"2026-01-07T17:54:54","guid":{"rendered":"https:\/\/gloriadeus.com\/?page_id=4946"},"modified":"2026-02-07T13:59:08","modified_gmt":"2026-02-07T16:59:08","slug":"agradecer-e-a-arte-de-atrair-coisas-boas","status":"publish","type":"page","link":"https:\/\/gloriadeus.com\/home\/agradecer-e-a-arte-de-atrair-coisas-boas\/","title":{"rendered":"Agradecer \u00e9 a arte de atrair coisas boas"},"content":{"rendered":"<!-- subtitulo, palavra, paragrafo ok -->\r\n\r\n<figure class=\"wp-lightbox-container\" data-wp-context=\"{&quot;imageId&quot;:&quot;69fa38384b8e7&quot;}\" data-wp-interactive=\"core\/image\" data-wp-key=\"69fa38384b8e7\">A gratid\u00e3o pode ser contagiante, ao express\u00e1-la, incentivamos outros a fazer o mesmo. Essa corrente do bem se expande e transforma ambientes, tornando-os mais agrad\u00e1veis e convidativos. Assim, cultivamos uma cultura de gratid\u00e3o que enriquece nossas vidas e das pessoas que nos cercam. Em \u00faltima an\u00e1lise, agradecer \u00e9 a arte de atrair coisas boas.\u00a0<\/figure>\r\n<figure class=\"wp-block-image size-large is-resized\"><img loading=\"lazy\" decoding=\"async\" width=\"471\" height=\"731\" data-wp-class--hide=\"state.isContentHidden\" data-wp-class--show=\"state.isContentVisible\" data-wp-init=\"callbacks.setButtonStyles\" data-wp-on--click=\"actions.showLightbox\" data-wp-on--load=\"callbacks.setButtonStyles\" data-wp-on-window--resize=\"callbacks.setButtonStyles\" class=\"wp-image-4949\" style=\"width: 320px; height: auto;\" src=\"https:\/\/gloriadeus.com\/wp-content\/uploads\/2025\/03\/250111AMDIMG-11-1.jpg\" alt=\"Agradecer \u00e9 a arte de atrair coisas boas\" srcset=\"https:\/\/gloriadeus.com\/wp-content\/uploads\/2025\/03\/250111AMDIMG-11-1.jpg 471w, https:\/\/gloriadeus.com\/wp-content\/uploads\/2025\/03\/250111AMDIMG-11-1-193x300.jpg 193w\" sizes=\"auto, (max-width: 471px) 100vw, 471px\" \/><button\n\t\t\tclass=\"lightbox-trigger\"\n\t\t\ttype=\"button\"\n\t\t\taria-haspopup=\"dialog\"\n\t\t\taria-label=\"Ampliar\"\n\t\t\tdata-wp-init=\"callbacks.initTriggerButton\"\n\t\t\tdata-wp-on--click=\"actions.showLightbox\"\n\t\t\tdata-wp-style--right=\"state.imageButtonRight\"\n\t\t\tdata-wp-style--top=\"state.imageButtonTop\"\n\t\t>\n\t\t\t<svg xmlns=\"http:\/\/www.w3.org\/2000\/svg\" width=\"12\" height=\"12\" fill=\"none\" viewBox=\"0 0 12 12\">\n\t\t\t\t<path fill=\"#fff\" d=\"M2 0a2 2 0 0 0-2 2v2h1.5V2a.5.5 0 0 1 .5-.5h2V0H2Zm2 10.5H2a.5.5 0 0 1-.5-.5V8H0v2a2 2 0 0 0 2 2h2v-1.5ZM8 12v-1.5h2a.5.5 0 0 0 .5-.5V8H12v2a2 2 0 0 1-2 2H8Zm2-12a2 2 0 0 1 2 2v2h-1.5V2a.5.5 0 0 0-.5-.5H8V0h2Z\" \/>\n\t\t\t<\/svg>\n\t\t<\/button><\/figure>\r\n\r\n\r\n\r\n<p>A gratid\u00e3o \u00e9 uma pr\u00e1tica poderosa que transforma a maneira como percebemos o mundo \u00e0 nossa volta. Quando agradecemos, enviamos uma energia positiva que reverbera em nosso interior e se espalha ao nosso redor. Essa energia, por sua vez, \u00e9 capaz de atrair coisas boas, criando um ciclo virtuoso em nossa vida.\u00a0<\/p>\r\n<h2>A gratid\u00e3o alinha nossas inten\u00e7\u00f5es com o universo\u00a0<\/h2>\r\n<p>Ao reconhecer as pequenas e grandes b\u00ean\u00e7\u00e3os que nos cercam, cultivamos uma mente aberta e receptiva, pronta para receber ainda mais. Entende-se que a gratid\u00e3o \u00e9 uma forma de alinhar nossas inten\u00e7\u00f5es com o universo, permitindo que novas oportunidades surjam em nosso caminho.<\/p>\r\n<p>Quando nos concentramos no que \u00e9 positivo, deixamos de lado preocupa\u00e7\u00f5es e medos. Isso nos permite n\u00e3o apenas apreciar o presente, mas tamb\u00e9m vislumbrar o futuro com esperan\u00e7a. Um cora\u00e7\u00e3o grato \u00e9 um cora\u00e7\u00e3o leve, ele se desprende das amarras do ressentimento e da insatisfa\u00e7\u00e3o.\u00a0<\/p>\r\n<p><img loading=\"lazy\" decoding=\"async\" width=\"600\" height=\"600\" class=\"wp-image-4947\" style=\"width: 392px; height: auto;\" src=\"https:\/\/gloriadeus.com\/wp-content\/uploads\/2025\/03\/240906AMDIMG-13.jpg\" alt=\"Agradecer \u00e9 a arte de atrair coisas boas\" srcset=\"https:\/\/gloriadeus.com\/wp-content\/uploads\/2025\/03\/240906AMDIMG-13.jpg 600w, https:\/\/gloriadeus.com\/wp-content\/uploads\/2025\/03\/240906AMDIMG-13-300x300.jpg 300w, https:\/\/gloriadeus.com\/wp-content\/uploads\/2025\/03\/240906AMDIMG-13-150x150.jpg 150w\" sizes=\"auto, (max-width: 600px) 100vw, 600px\" \/>\u00a0<\/p>\r\n<p>Quando celebramos as vit\u00f3rias, por menores que sejam, criamos um espa\u00e7o para que novas conquistas sejam geradas. O simples ato de dizer <em><strong>obrigado<\/strong><\/em> pode ser transformador, n\u00e3o apenas para n\u00f3s mesmos, mas tamb\u00e9m para aqueles ao nosso redor. Essa troca de positividade eleva o \u00e2nimo e fortalece la\u00e7os sociais.\u00a0<\/p>\r\n<h2>Agradecer \u00e9 a arte de atrair coisas boas\u00a0<\/h2>\r\n<p>Sabe-se tamb\u00e9m que a gratid\u00e3o nos ensina sobre a import\u00e2ncia da humildade e do reconhecimento do esfor\u00e7o alheio. Ao valorizar o que recebemos, ampliamos nossa conex\u00e3o com os outros e trazemos \u00e0 tona a solidariedade. As pequenas coisas, como um sorriso, um gesto amig\u00e1vel, ou mesmo uma palavra gentil, tornam-se maiores e mais significativas quando s\u00e3o reconhecidas com gratid\u00e3o.<\/p>\r\n<p>A gratid\u00e3o pode ser uma pr\u00e1tica di\u00e1ria, um exerc\u00edcio que nos ajuda a focar no que realmente importa. Ao manter um di\u00e1rio de gratid\u00e3o, por exemplo, cultivamos uma consci\u00eancia maior sobre os aspectos positivos da nossa vida, mesmo em tempos dif\u00edceis. Essa pr\u00e1tica nos oferece uma nova perspectiva, mudando a maneira como encaramos desafios e adversidades.\u00a0<\/p>\r\n\r\n\r\n\r\n\r\n\r\n<figure data-wp-context=\"{&quot;imageId&quot;:&quot;69fa38384bce7&quot;}\" data-wp-interactive=\"core\/image\" data-wp-key=\"69fa38384bce7\" class=\"wp-block-image size-large is-resized wp-lightbox-container\"><img loading=\"lazy\" decoding=\"async\" width=\"736\" height=\"920\" data-wp-class--hide=\"state.isContentHidden\" data-wp-class--show=\"state.isContentVisible\" data-wp-init=\"callbacks.setButtonStyles\" data-wp-on--click=\"actions.showLightbox\" data-wp-on--load=\"callbacks.setButtonStyles\" data-wp-on-window--resize=\"callbacks.setButtonStyles\" class=\"wp-image-4950\" style=\"width: 367px; height: auto;\" src=\"https:\/\/gloriadeus.com\/wp-content\/uploads\/2025\/03\/250111AMDIMG-18.jpg\" alt=\"Agradecer \u00e9 a arte de atrair coisas boas\" srcset=\"https:\/\/gloriadeus.com\/wp-content\/uploads\/2025\/03\/250111AMDIMG-18.jpg 736w, https:\/\/gloriadeus.com\/wp-content\/uploads\/2025\/03\/250111AMDIMG-18-240x300.jpg 240w\" sizes=\"auto, (max-width: 736px) 100vw, 736px\" \/><button\n\t\t\tclass=\"lightbox-trigger\"\n\t\t\ttype=\"button\"\n\t\t\taria-haspopup=\"dialog\"\n\t\t\taria-label=\"Ampliar\"\n\t\t\tdata-wp-init=\"callbacks.initTriggerButton\"\n\t\t\tdata-wp-on--click=\"actions.showLightbox\"\n\t\t\tdata-wp-style--right=\"state.imageButtonRight\"\n\t\t\tdata-wp-style--top=\"state.imageButtonTop\"\n\t\t>\n\t\t\t<svg xmlns=\"http:\/\/www.w3.org\/2000\/svg\" width=\"12\" height=\"12\" fill=\"none\" viewBox=\"0 0 12 12\">\n\t\t\t\t<path fill=\"#fff\" d=\"M2 0a2 2 0 0 0-2 2v2h1.5V2a.5.5 0 0 1 .5-.5h2V0H2Zm2 10.5H2a.5.5 0 0 1-.5-.5V8H0v2a2 2 0 0 0 2 2h2v-1.5ZM8 12v-1.5h2a.5.5 0 0 0 .5-.5V8H12v2a2 2 0 0 1-2 2H8Zm2-12a2 2 0 0 1 2 2v2h-1.5V2a.5.5 0 0 0-.5-.5H8V0h2Z\" \/>\n\t\t\t<\/svg>\n\t\t<\/button>\u00a0<\/figure>\r\n<p>Passamos ent\u00e3o a enxergar oportunidades dentro das dificuldades, ajudando a desenvolver resili\u00eancia. Na rotina corrida do dia a dia, \u00e9 f\u00e1cil esquecer de agradecer, mas encontrar momentos para fazer isso traz um sentido maior \u00e0 nossa exist\u00eancia.\u00a0\u00a0<\/p>\r\n<h2>Agradecer pede capacidade\u00a0<\/h2>\r\n<p>Cada ato de gratid\u00e3o \u00e9 como uma semente plantada, que pode florescer em algo incr\u00edvel no futuro. A gratid\u00e3o tamb\u00e9m desencadeia uma s\u00e9rie de benef\u00edcios emocionais e f\u00edsicos. Estudos mostram que pessoas gratas tendem a ser mais felizes, menos propensas \u00e0 depress\u00e3o e t\u00eam melhor sa\u00fade. Esse bem-estar natural se reflete nas rela\u00e7\u00f5es afetivas, onde a harmonia e o amor prevalecem.<\/p>\r\n<p>Agradecer tamb\u00e9m nos faz perceber que, mesmo em tempos sombrios, sempre h\u00e1 algo pelo qual podemos ser gratos. Essa capacidade de encontrar luz na escurid\u00e3o \u00e9 um dos maiores dons que podemos desenvolver. As experi\u00eancias negativas, quando vistas sob a lente da gratid\u00e3o, muitas vezes revelam li\u00e7\u00f5es valiosas.\u00a0<\/p>\r\n\r\n\r\n\r\n<figure class=\"wp-block-image size-large is-resized\"><img loading=\"lazy\" decoding=\"async\" width=\"576\" height=\"1024\" class=\"wp-image-4948\" style=\"width: 356px; height: auto;\" src=\"https:\/\/gloriadeus.com\/wp-content\/uploads\/2025\/03\/250111AMDIMG-12-1-576x1024.jpg\" alt=\"Agradecer \u00e9 a arte de atrair coisas boas\r\n\" srcset=\"https:\/\/gloriadeus.com\/wp-content\/uploads\/2025\/03\/250111AMDIMG-12-1-576x1024.jpg 576w, https:\/\/gloriadeus.com\/wp-content\/uploads\/2025\/03\/250111AMDIMG-12-1-169x300.jpg 169w, https:\/\/gloriadeus.com\/wp-content\/uploads\/2025\/03\/250111AMDIMG-12-1.jpg 667w\" sizes=\"auto, (max-width: 576px) 100vw, 576px\" \/>\u00a0<\/figure>\r\n\r\n\r\n\r\n<p>A arte de agradecer \u00e9, portanto, uma habilidade que se aprimora com o tempo e a pr\u00e1tica. Ela nos permite ser mais generosos, n\u00e3o apenas com os outros, mas com n\u00f3s mesmos. Ao nos perdoar e aceitar nossas falhas, criamos espa\u00e7o para crescer e evoluir. Esse autocuidado se traduz em uma vida mais equilibrada, onde a gratid\u00e3o se torna uma parte intr\u00ednseca do nosso ser.<\/p>\r\n<p>\u00c9 um convite di\u00e1rio para olhar com novos olhos, apreciar a beleza nas intera\u00e7\u00f5es cotidianas e nos momentos simples. A gratid\u00e3o, assim, \u00e9 um caminho para a abund\u00e2ncia. Quando somos gratos pelo que temos, abrimos as portas para receber mais. O universo parece responder a essa vibra\u00e7\u00e3o, trazendo novas oportunidades e b\u00ean\u00e7\u00e3os.\u00a0<\/p>\r\n<h2>Cultive um cora\u00e7\u00e3o grato todos os dias\u00a0<\/h2>\r\n<p>Vivemos em um mundo onde a beleza se revela em cada detalhe: no riso de uma crian\u00e7a, no canto dos p\u00e1ssaros, na companhia de amigos. Essas conex\u00f5es nos lembram que somos parte de algo maior. Ao agradecer, refor\u00e7amos nossa inten\u00e7\u00e3o de estar presente e vivenciar cada momento com plenitude. Por meio desse reconhecimento, somos inspirados a agir com mais compaix\u00e3o e empatia.\u00a0<\/p>\r\n<p>Se cultivarmos um cora\u00e7\u00e3o grato todos os dias, estaremos sempre criando espa\u00e7o para novas alegrias, conquistas e aprendizados. Ao refletir podemos entender que a gratid\u00e3o \u00e9 uma escolha consciente e poderosa, capaz de transformar nossa percep\u00e7\u00e3o do mundo e nos conectar de maneira profunda \u00e0s nossas emo\u00e7\u00f5es e ao nosso entorno.<\/p>\r\n<p>Que possamos sempre lembrar da for\u00e7a que reside em um simples <em><strong>obrigado<\/strong><\/em> e das infinitas possibilidades que ele pode trazer para nossas vidas.<\/p>\r\n","protected":false},"excerpt":{"rendered":"<p>A gratid\u00e3o \u00e9 uma pr\u00e1tica poderosa que transforma a maneira como percebemos o mundo \u00e0 nossa volta. Quando agradecemos, enviamos &hellip; <\/p>\n","protected":false},"author":1,"featured_media":4949,"parent":0,"menu_order":0,"comment_status":"open","ping_status":"closed","template":"","meta":{"_uf_show_specific_survey":0,"_uf_disable_surveys":false,"footnotes":""},"class_list":["post-4946","page","type-page","status-publish","has-post-thumbnail","hentry"],"yoast_head":"<!-- This site is optimized with the Yoast SEO plugin v27.5 - https:\/\/yoast.com\/product\/yoast-seo-wordpress\/ -->\n<title>Agradecer \u00e9 a arte de atrair coisas boas - Gl\u00f3ria Deus<\/title>\n<meta name=\"robots\" content=\"index, follow, max-snippet:-1, max-image-preview:large, max-video-preview:-1\" \/>\n<link rel=\"canonical\" href=\"https:\/\/gloriadeus.com\/home\/agradecer-e-a-arte-de-atrair-coisas-boas\/\" \/>\n<meta property=\"og:locale\" content=\"pt_BR\" \/>\n<meta property=\"og:type\" content=\"article\" \/>\n<meta property=\"og:title\" content=\"Agradecer \u00e9 a arte de atrair coisas boas - Gl\u00f3ria Deus\" \/>\n<meta property=\"og:description\" content=\"A gratid\u00e3o \u00e9 uma pr\u00e1tica poderosa que transforma a maneira como percebemos o mundo \u00e0 nossa volta. Quando agradecemos, enviamos &hellip;\" \/>\n<meta property=\"og:url\" content=\"https:\/\/gloriadeus.com\/home\/agradecer-e-a-arte-de-atrair-coisas-boas\/\" \/>\n<meta property=\"og:site_name\" content=\"Gl\u00f3ria Deus\" \/>\n<meta property=\"article:modified_time\" content=\"2026-02-07T16:59:08+00:00\" \/>\n<meta property=\"og:image\" content=\"https:\/\/gloriadeus.com\/wp-content\/uploads\/2025\/03\/250111AMDIMG-11-1.jpg\" \/>\n\t<meta property=\"og:image:width\" content=\"471\" \/>\n\t<meta property=\"og:image:height\" content=\"731\" \/>\n\t<meta property=\"og:image:type\" content=\"image\/jpeg\" \/>\n<meta name=\"twitter:card\" content=\"summary_large_image\" \/>\n<meta name=\"twitter:label1\" content=\"Est. tempo de leitura\" \/>\n\t<meta name=\"twitter:data1\" content=\"6 minutos\" \/>\n<script type=\"application\/ld+json\" class=\"yoast-schema-graph\">{\"@context\":\"https:\\\/\\\/schema.org\",\"@graph\":[{\"@type\":\"WebPage\",\"@id\":\"https:\\\/\\\/gloriadeus.com\\\/home\\\/agradecer-e-a-arte-de-atrair-coisas-boas\\\/\",\"url\":\"https:\\\/\\\/gloriadeus.com\\\/home\\\/agradecer-e-a-arte-de-atrair-coisas-boas\\\/\",\"name\":\"Agradecer \u00e9 a arte de atrair coisas boas - Gl\u00f3ria Deus\",\"isPartOf\":{\"@id\":\"https:\\\/\\\/gloriadeus.com\\\/home\\\/#website\"},\"primaryImageOfPage\":{\"@id\":\"https:\\\/\\\/gloriadeus.com\\\/home\\\/agradecer-e-a-arte-de-atrair-coisas-boas\\\/#primaryimage\"},\"image\":{\"@id\":\"https:\\\/\\\/gloriadeus.com\\\/home\\\/agradecer-e-a-arte-de-atrair-coisas-boas\\\/#primaryimage\"},\"thumbnailUrl\":\"https:\\\/\\\/gloriadeus.com\\\/wp-content\\\/uploads\\\/2025\\\/03\\\/250111AMDIMG-11-1.jpg\",\"datePublished\":\"2026-01-07T17:54:54+00:00\",\"dateModified\":\"2026-02-07T16:59:08+00:00\",\"breadcrumb\":{\"@id\":\"https:\\\/\\\/gloriadeus.com\\\/home\\\/agradecer-e-a-arte-de-atrair-coisas-boas\\\/#breadcrumb\"},\"inLanguage\":\"pt-BR\",\"potentialAction\":[{\"@type\":\"ReadAction\",\"target\":[\"https:\\\/\\\/gloriadeus.com\\\/home\\\/agradecer-e-a-arte-de-atrair-coisas-boas\\\/\"]}]},{\"@type\":\"ImageObject\",\"inLanguage\":\"pt-BR\",\"@id\":\"https:\\\/\\\/gloriadeus.com\\\/home\\\/agradecer-e-a-arte-de-atrair-coisas-boas\\\/#primaryimage\",\"url\":\"https:\\\/\\\/gloriadeus.com\\\/wp-content\\\/uploads\\\/2025\\\/03\\\/250111AMDIMG-11-1.jpg\",\"contentUrl\":\"https:\\\/\\\/gloriadeus.com\\\/wp-content\\\/uploads\\\/2025\\\/03\\\/250111AMDIMG-11-1.jpg\",\"width\":471,\"height\":731,\"caption\":\"Agradecer \u00e9 a arte de atrair coisas boas\"},{\"@type\":\"BreadcrumbList\",\"@id\":\"https:\\\/\\\/gloriadeus.com\\\/home\\\/agradecer-e-a-arte-de-atrair-coisas-boas\\\/#breadcrumb\",\"itemListElement\":[{\"@type\":\"ListItem\",\"position\":1,\"name\":\"In\u00edcio\",\"item\":\"https:\\\/\\\/gloriadeus.com\\\/home\\\/\"},{\"@type\":\"ListItem\",\"position\":2,\"name\":\"Agradecer \u00e9 a arte de atrair coisas boas\"}]},{\"@type\":\"WebSite\",\"@id\":\"https:\\\/\\\/gloriadeus.com\\\/home\\\/#website\",\"url\":\"https:\\\/\\\/gloriadeus.com\\\/home\\\/\",\"name\":\"Gloria Deus\",\"description\":\"\u21a8 Deslize para descobrir mais \u21a8\",\"publisher\":{\"@id\":\"https:\\\/\\\/gloriadeus.com\\\/home\\\/#\\\/schema\\\/person\\\/ab2365ca8f87ea38e53ba3c2275e65c4\"},\"alternateName\":\"Muita f\u00e9\",\"potentialAction\":[{\"@type\":\"SearchAction\",\"target\":{\"@type\":\"EntryPoint\",\"urlTemplate\":\"https:\\\/\\\/gloriadeus.com\\\/home\\\/?s={search_term_string}\"},\"query-input\":{\"@type\":\"PropertyValueSpecification\",\"valueRequired\":true,\"valueName\":\"search_term_string\"}}],\"inLanguage\":\"pt-BR\"},{\"@type\":[\"Person\",\"Organization\"],\"@id\":\"https:\\\/\\\/gloriadeus.com\\\/home\\\/#\\\/schema\\\/person\\\/ab2365ca8f87ea38e53ba3c2275e65c4\",\"name\":\"gloriadeus.com\",\"image\":{\"@type\":\"ImageObject\",\"inLanguage\":\"pt-BR\",\"@id\":\"https:\\\/\\\/gloriadeus.com\\\/wp-content\\\/uploads\\\/2024\\\/03\\\/230525DDPNG-21.png\",\"url\":\"https:\\\/\\\/gloriadeus.com\\\/wp-content\\\/uploads\\\/2024\\\/03\\\/230525DDPNG-21.png\",\"contentUrl\":\"https:\\\/\\\/gloriadeus.com\\\/wp-content\\\/uploads\\\/2024\\\/03\\\/230525DDPNG-21.png\",\"width\":220,\"height\":230,\"caption\":\"gloriadeus.com\"},\"logo\":{\"@id\":\"https:\\\/\\\/gloriadeus.com\\\/wp-content\\\/uploads\\\/2024\\\/03\\\/230525DDPNG-21.png\"},\"sameAs\":[\"https:\\\/\\\/gloriadeus.com\"]}]}<\/script>\n<!-- \/ Yoast SEO plugin. -->","yoast_head_json":{"title":"Agradecer \u00e9 a arte de atrair coisas boas - Gl\u00f3ria Deus","robots":{"index":"index","follow":"follow","max-snippet":"max-snippet:-1","max-image-preview":"max-image-preview:large","max-video-preview":"max-video-preview:-1"},"canonical":"https:\/\/gloriadeus.com\/home\/agradecer-e-a-arte-de-atrair-coisas-boas\/","og_locale":"pt_BR","og_type":"article","og_title":"Agradecer \u00e9 a arte de atrair coisas boas - Gl\u00f3ria Deus","og_description":"A gratid\u00e3o \u00e9 uma pr\u00e1tica poderosa que transforma a maneira como percebemos o mundo \u00e0 nossa volta. Quando agradecemos, enviamos &hellip;","og_url":"https:\/\/gloriadeus.com\/home\/agradecer-e-a-arte-de-atrair-coisas-boas\/","og_site_name":"Gl\u00f3ria Deus","article_modified_time":"2026-02-07T16:59:08+00:00","og_image":[{"width":471,"height":731,"url":"https:\/\/gloriadeus.com\/wp-content\/uploads\/2025\/03\/250111AMDIMG-11-1.jpg","type":"image\/jpeg"}],"twitter_card":"summary_large_image","twitter_misc":{"Est. tempo de leitura":"6 minutos"},"schema":{"@context":"https:\/\/schema.org","@graph":[{"@type":"WebPage","@id":"https:\/\/gloriadeus.com\/home\/agradecer-e-a-arte-de-atrair-coisas-boas\/","url":"https:\/\/gloriadeus.com\/home\/agradecer-e-a-arte-de-atrair-coisas-boas\/","name":"Agradecer \u00e9 a arte de atrair coisas boas - Gl\u00f3ria Deus","isPartOf":{"@id":"https:\/\/gloriadeus.com\/home\/#website"},"primaryImageOfPage":{"@id":"https:\/\/gloriadeus.com\/home\/agradecer-e-a-arte-de-atrair-coisas-boas\/#primaryimage"},"image":{"@id":"https:\/\/gloriadeus.com\/home\/agradecer-e-a-arte-de-atrair-coisas-boas\/#primaryimage"},"thumbnailUrl":"https:\/\/gloriadeus.com\/wp-content\/uploads\/2025\/03\/250111AMDIMG-11-1.jpg","datePublished":"2026-01-07T17:54:54+00:00","dateModified":"2026-02-07T16:59:08+00:00","breadcrumb":{"@id":"https:\/\/gloriadeus.com\/home\/agradecer-e-a-arte-de-atrair-coisas-boas\/#breadcrumb"},"inLanguage":"pt-BR","potentialAction":[{"@type":"ReadAction","target":["https:\/\/gloriadeus.com\/home\/agradecer-e-a-arte-de-atrair-coisas-boas\/"]}]},{"@type":"ImageObject","inLanguage":"pt-BR","@id":"https:\/\/gloriadeus.com\/home\/agradecer-e-a-arte-de-atrair-coisas-boas\/#primaryimage","url":"https:\/\/gloriadeus.com\/wp-content\/uploads\/2025\/03\/250111AMDIMG-11-1.jpg","contentUrl":"https:\/\/gloriadeus.com\/wp-content\/uploads\/2025\/03\/250111AMDIMG-11-1.jpg","width":471,"height":731,"caption":"Agradecer \u00e9 a arte de atrair coisas boas"},{"@type":"BreadcrumbList","@id":"https:\/\/gloriadeus.com\/home\/agradecer-e-a-arte-de-atrair-coisas-boas\/#breadcrumb","itemListElement":[{"@type":"ListItem","position":1,"name":"In\u00edcio","item":"https:\/\/gloriadeus.com\/home\/"},{"@type":"ListItem","position":2,"name":"Agradecer \u00e9 a arte de atrair coisas boas"}]},{"@type":"WebSite","@id":"https:\/\/gloriadeus.com\/home\/#website","url":"https:\/\/gloriadeus.com\/home\/","name":"Gloria Deus","description":"\u21a8 Deslize para descobrir mais \u21a8","publisher":{"@id":"https:\/\/gloriadeus.com\/home\/#\/schema\/person\/ab2365ca8f87ea38e53ba3c2275e65c4"},"alternateName":"Muita f\u00e9","potentialAction":[{"@type":"SearchAction","target":{"@type":"EntryPoint","urlTemplate":"https:\/\/gloriadeus.com\/home\/?s={search_term_string}"},"query-input":{"@type":"PropertyValueSpecification","valueRequired":true,"valueName":"search_term_string"}}],"inLanguage":"pt-BR"},{"@type":["Person","Organization"],"@id":"https:\/\/gloriadeus.com\/home\/#\/schema\/person\/ab2365ca8f87ea38e53ba3c2275e65c4","name":"gloriadeus.com","image":{"@type":"ImageObject","inLanguage":"pt-BR","@id":"https:\/\/gloriadeus.com\/wp-content\/uploads\/2024\/03\/230525DDPNG-21.png","url":"https:\/\/gloriadeus.com\/wp-content\/uploads\/2024\/03\/230525DDPNG-21.png","contentUrl":"https:\/\/gloriadeus.com\/wp-content\/uploads\/2024\/03\/230525DDPNG-21.png","width":220,"height":230,"caption":"gloriadeus.com"},"logo":{"@id":"https:\/\/gloriadeus.com\/wp-content\/uploads\/2024\/03\/230525DDPNG-21.png"},"sameAs":["https:\/\/gloriadeus.com"]}]}},"_links":{"self":[{"href":"https:\/\/gloriadeus.com\/home\/wp-json\/wp\/v2\/pages\/4946","targetHints":{"allow":["GET"]}}],"collection":[{"href":"https:\/\/gloriadeus.com\/home\/wp-json\/wp\/v2\/pages"}],"about":[{"href":"https:\/\/gloriadeus.com\/home\/wp-json\/wp\/v2\/types\/page"}],"author":[{"embeddable":true,"href":"https:\/\/gloriadeus.com\/home\/wp-json\/wp\/v2\/users\/1"}],"replies":[{"embeddable":true,"href":"https:\/\/gloriadeus.com\/home\/wp-json\/wp\/v2\/comments?post=4946"}],"version-history":[{"count":5,"href":"https:\/\/gloriadeus.com\/home\/wp-json\/wp\/v2\/pages\/4946\/revisions"}],"predecessor-version":[{"id":10432,"href":"https:\/\/gloriadeus.com\/home\/wp-json\/wp\/v2\/pages\/4946\/revisions\/10432"}],"wp:featuredmedia":[{"embeddable":true,"href":"https:\/\/gloriadeus.com\/home\/wp-json\/wp\/v2\/media\/4949"}],"wp:attachment":[{"href":"https:\/\/gloriadeus.com\/home\/wp-json\/wp\/v2\/media?parent=4946"}],"curies":[{"name":"wp","href":"https:\/\/api.w.org\/{rel}","templated":true}]}}