{"id":4872,"date":"2026-01-06T14:25:31","date_gmt":"2026-01-06T17:25:31","guid":{"rendered":"https:\/\/gloriadeus.com\/?page_id=4872"},"modified":"2026-02-07T14:27:59","modified_gmt":"2026-02-07T17:27:59","slug":"aprendamos-a-usar-da-boa-energia","status":"publish","type":"page","link":"https:\/\/gloriadeus.com\/home\/aprendamos-a-usar-da-boa-energia\/","title":{"rendered":"Aprendamos a usar da boa energia"},"content":{"rendered":"<!-- subtitulo, palavra, paragrafo ok --> \r\n\r\n<figure data-wp-context=\"{&quot;imageId&quot;:&quot;69fa36382ac6e&quot;}\" data-wp-interactive=\"core\/image\" data-wp-key=\"69fa36382ac6e\" class=\"wp-block-image size-large is-resized wp-lightbox-container\"><img loading=\"lazy\" decoding=\"async\" width=\"720\" height=\"720\" data-wp-class--hide=\"state.isContentHidden\" data-wp-class--show=\"state.isContentVisible\" data-wp-init=\"callbacks.setButtonStyles\" data-wp-on--click=\"actions.showLightbox\" data-wp-on--load=\"callbacks.setButtonStyles\" data-wp-on-window--resize=\"callbacks.setButtonStyles\" class=\"wp-image-4878\" style=\"width: 480px; height: auto;\" src=\"https:\/\/gloriadeus.com\/wp-content\/uploads\/2025\/03\/250111AMDIMG-5-1.jpg\" alt=\"Aprendamos a usar da boa energia\" srcset=\"https:\/\/gloriadeus.com\/wp-content\/uploads\/2025\/03\/250111AMDIMG-5-1.jpg 720w, https:\/\/gloriadeus.com\/wp-content\/uploads\/2025\/03\/250111AMDIMG-5-1-300x300.jpg 300w, https:\/\/gloriadeus.com\/wp-content\/uploads\/2025\/03\/250111AMDIMG-5-1-150x150.jpg 150w\" sizes=\"auto, (max-width: 720px) 100vw, 720px\" \/><button\n\t\t\tclass=\"lightbox-trigger\"\n\t\t\ttype=\"button\"\n\t\t\taria-haspopup=\"dialog\"\n\t\t\taria-label=\"Ampliar\"\n\t\t\tdata-wp-init=\"callbacks.initTriggerButton\"\n\t\t\tdata-wp-on--click=\"actions.showLightbox\"\n\t\t\tdata-wp-style--right=\"state.imageButtonRight\"\n\t\t\tdata-wp-style--top=\"state.imageButtonTop\"\n\t\t>\n\t\t\t<svg xmlns=\"http:\/\/www.w3.org\/2000\/svg\" width=\"12\" height=\"12\" fill=\"none\" viewBox=\"0 0 12 12\">\n\t\t\t\t<path fill=\"#fff\" d=\"M2 0a2 2 0 0 0-2 2v2h1.5V2a.5.5 0 0 1 .5-.5h2V0H2Zm2 10.5H2a.5.5 0 0 1-.5-.5V8H0v2a2 2 0 0 0 2 2h2v-1.5ZM8 12v-1.5h2a.5.5 0 0 0 .5-.5V8H12v2a2 2 0 0 1-2 2H8Zm2-12a2 2 0 0 1 2 2v2h-1.5V2a.5.5 0 0 0-.5-.5H8V0h2Z\" \/>\n\t\t\t<\/svg>\n\t\t<\/button><\/figure>\r\n\r\n\r\n\r\n<p>Aprender a usar nossa boa energia \u00e9 fundamental para o nosso bem-estar e desenvolvimento pessoal, pois essa energia positiva influencia n\u00e3o apenas nosso estado emocional, mas tamb\u00e9m nossas rela\u00e7\u00f5es interpessoais e a maneira como nos relacionamos com o mundo ao nosso redor.\u00a0<\/p>\r\n<h2>Canalizando da boa energia\u00a0<\/h2>\r\n<p>Em primeiro lugar, ao canalizarmos nossa boa energia, conseguimos cultivar uma mentalidade otimista, que nos ajuda a enfrentar desafios com mais coragem e confian\u00e7a, transformando dificuldades em oportunidades de crescimento e aprendizado.<\/p>\r\n<p>Essa atitude positiva n\u00e3o s\u00f3 melhora nossa qualidade de vida, mas tamb\u00e9m nos torna mais resilientes, permitindo que superemos adversidades com uma vis\u00e3o clara e focada no futuro.\u00a0<\/p>\r\n\r\n\r\n\r\n<figure data-wp-context=\"{&quot;imageId&quot;:&quot;69fa36382b0e8&quot;}\" data-wp-interactive=\"core\/image\" data-wp-key=\"69fa36382b0e8\" class=\"wp-block-image size-large is-resized wp-lightbox-container\"><img loading=\"lazy\" decoding=\"async\" width=\"564\" height=\"746\" data-wp-class--hide=\"state.isContentHidden\" data-wp-class--show=\"state.isContentVisible\" data-wp-init=\"callbacks.setButtonStyles\" data-wp-on--click=\"actions.showLightbox\" data-wp-on--load=\"callbacks.setButtonStyles\" data-wp-on-window--resize=\"callbacks.setButtonStyles\" class=\"wp-image-4877\" style=\"width: 391px; height: auto;\" src=\"https:\/\/gloriadeus.com\/wp-content\/uploads\/2025\/03\/231208DDIMG06.jpg\" alt=\"Aprendamos a usar da boa energia\" srcset=\"https:\/\/gloriadeus.com\/wp-content\/uploads\/2025\/03\/231208DDIMG06.jpg 564w, https:\/\/gloriadeus.com\/wp-content\/uploads\/2025\/03\/231208DDIMG06-227x300.jpg 227w\" sizes=\"auto, (max-width: 564px) 100vw, 564px\" \/><button\n\t\t\tclass=\"lightbox-trigger\"\n\t\t\ttype=\"button\"\n\t\t\taria-haspopup=\"dialog\"\n\t\t\taria-label=\"Ampliar\"\n\t\t\tdata-wp-init=\"callbacks.initTriggerButton\"\n\t\t\tdata-wp-on--click=\"actions.showLightbox\"\n\t\t\tdata-wp-style--right=\"state.imageButtonRight\"\n\t\t\tdata-wp-style--top=\"state.imageButtonTop\"\n\t\t>\n\t\t\t<svg xmlns=\"http:\/\/www.w3.org\/2000\/svg\" width=\"12\" height=\"12\" fill=\"none\" viewBox=\"0 0 12 12\">\n\t\t\t\t<path fill=\"#fff\" d=\"M2 0a2 2 0 0 0-2 2v2h1.5V2a.5.5 0 0 1 .5-.5h2V0H2Zm2 10.5H2a.5.5 0 0 1-.5-.5V8H0v2a2 2 0 0 0 2 2h2v-1.5ZM8 12v-1.5h2a.5.5 0 0 0 .5-.5V8H12v2a2 2 0 0 1-2 2H8Zm2-12a2 2 0 0 1 2 2v2h-1.5V2a.5.5 0 0 0-.5-.5H8V0h2Z\" \/>\n\t\t\t<\/svg>\n\t\t<\/button>\u00a0<\/figure>\r\n<p>A boa energia que emanamos pode ser contagiante, ao interagirmos com outras pessoas de maneira energ\u00e9tica e positiva, influenciamos seu estado emocional e criamos um ambiente mais harm\u00f4nico e colaborativo. Essa troca de energias \u00e9 essencial em diversos contextos, como no trabalho, em que uma atmosfera positiva pode aumentar a produtividade e a criatividade da equipe.\u00a0<\/p>\r\n<h2>Aprendamos a usar da boa energia\u00a0<\/h2>\r\n<p>Um aspecto importante \u00e9 o autoconhecimento, pois saber administrar nossa energia interna nos ajuda a identificar o que realmente nos motiva e nos faz felizes, possibilitando que fa\u00e7amos escolhas mais acertadas em nossas vidas pessoais e profissionais.<\/p>\r\n<p>Ter consci\u00eancia de nossas emo\u00e7\u00f5es tamb\u00e9m significa reconhecer quando precisamos de um tempo para recarregar nossas energias, evitando o esgotamento f\u00edsico e mental.<\/p>\r\n\r\n\r\n\r\n<figure data-wp-context=\"{&quot;imageId&quot;:&quot;69fa36382b526&quot;}\" data-wp-interactive=\"core\/image\" data-wp-key=\"69fa36382b526\" class=\"wp-block-image size-large is-resized wp-lightbox-container\"><img loading=\"lazy\" decoding=\"async\" width=\"563\" height=\"706\" data-wp-class--hide=\"state.isContentHidden\" data-wp-class--show=\"state.isContentVisible\" data-wp-init=\"callbacks.setButtonStyles\" data-wp-on--click=\"actions.showLightbox\" data-wp-on--load=\"callbacks.setButtonStyles\" data-wp-on-window--resize=\"callbacks.setButtonStyles\" class=\"wp-image-4880\" style=\"width: 433px; height: auto;\" src=\"https:\/\/gloriadeus.com\/wp-content\/uploads\/2025\/03\/250111AMDIMG-3-2.jpg\" alt=\"Aprendamos a usar da boa energia\" srcset=\"https:\/\/gloriadeus.com\/wp-content\/uploads\/2025\/03\/250111AMDIMG-3-2.jpg 563w, https:\/\/gloriadeus.com\/wp-content\/uploads\/2025\/03\/250111AMDIMG-3-2-239x300.jpg 239w\" sizes=\"auto, (max-width: 563px) 100vw, 563px\" \/><button\n\t\t\tclass=\"lightbox-trigger\"\n\t\t\ttype=\"button\"\n\t\t\taria-haspopup=\"dialog\"\n\t\t\taria-label=\"Ampliar\"\n\t\t\tdata-wp-init=\"callbacks.initTriggerButton\"\n\t\t\tdata-wp-on--click=\"actions.showLightbox\"\n\t\t\tdata-wp-style--right=\"state.imageButtonRight\"\n\t\t\tdata-wp-style--top=\"state.imageButtonTop\"\n\t\t>\n\t\t\t<svg xmlns=\"http:\/\/www.w3.org\/2000\/svg\" width=\"12\" height=\"12\" fill=\"none\" viewBox=\"0 0 12 12\">\n\t\t\t\t<path fill=\"#fff\" d=\"M2 0a2 2 0 0 0-2 2v2h1.5V2a.5.5 0 0 1 .5-.5h2V0H2Zm2 10.5H2a.5.5 0 0 1-.5-.5V8H0v2a2 2 0 0 0 2 2h2v-1.5ZM8 12v-1.5h2a.5.5 0 0 0 .5-.5V8H12v2a2 2 0 0 1-2 2H8Zm2-12a2 2 0 0 1 2 2v2h-1.5V2a.5.5 0 0 0-.5-.5H8V0h2Z\" \/>\n\t\t\t<\/svg>\n\t\t<\/button>\u00a0<\/figure>\r\n<p>A pr\u00e1tica de atividades que nos energizam, como esportes, medita\u00e7\u00e3o ou hobbies, \u00e9 essencial para mantermos o equil\u00edbrio emocional e a sa\u00fade f\u00edsica, j\u00e1 que essas atividades n\u00e3o s\u00f3 nos revitalizam, mas tamb\u00e9m aumentam nossa produ\u00e7\u00e3o de endorfinas, al\u00e9m de contribu\u00edrem para um estado de esp\u00edrito elevado.\u00a0<\/p>\r\n<h2>Incentive energias conscientes\u00a0<\/h2>\r\n<p>O uso consciente da nossa boa energia \u00e9 uma forma de contribuirmos para um mundo melhor, pois quando atuamos com amor e empatia, influenciamos positivamente a sociedade ao nosso redor e semeamos atitudes que podem gerar mudan\u00e7as significativas nas vidas de outras pessoas.<\/p>\r\n<p>Ao apoiar e incentivar aqueles que est\u00e3o \u00e0 nossa volta, criamos uma rede de energia positiva que se expande, beneficiando n\u00e3o s\u00f3 a n\u00f3s mesmos, mas a coletividade. A habilidade de equilibrar e direcionar nossa boa energia nos ajuda a estabelecer metas claras e a trabalhar com foco e determina\u00e7\u00e3o, o que \u00e9 vital para alcan\u00e7armos nossos objetivos.\u00a0<\/p>\r\n\r\n\r\n\r\n<figure class=\"wp-block-image size-large is-resized\"><img loading=\"lazy\" decoding=\"async\" width=\"720\" height=\"720\" class=\"wp-image-4879\" style=\"width: 369px; height: auto;\" src=\"https:\/\/gloriadeus.com\/wp-content\/uploads\/2025\/03\/250111AMDIMG-4-2.jpg\" alt=\"Aprendamos a usar da boa energia\" srcset=\"https:\/\/gloriadeus.com\/wp-content\/uploads\/2025\/03\/250111AMDIMG-4-2.jpg 720w, https:\/\/gloriadeus.com\/wp-content\/uploads\/2025\/03\/250111AMDIMG-4-2-300x300.jpg 300w, https:\/\/gloriadeus.com\/wp-content\/uploads\/2025\/03\/250111AMDIMG-4-2-150x150.jpg 150w\" sizes=\"auto, (max-width: 720px) 100vw, 720px\" \/>\u00a0<\/figure>\r\n\r\n\r\n\r\n<p>Aprender a usar nossa boa energia \u00e9 um passo crucial n\u00e3o apenas para nosso crescimento pessoal, mas tamb\u00e9m para a constru\u00e7\u00e3o de um ambiente interativo mais positivo e enriquecedor, tornando-se, assim, um ato de amor-pr\u00f3prio e solidariedade que reverbera em todas as esferas da nossa vida.<\/p>\r\n","protected":false},"excerpt":{"rendered":"<p>Aprender a usar nossa boa energia \u00e9 fundamental para o nosso bem-estar e desenvolvimento pessoal, pois essa energia positiva influencia &hellip; <\/p>\n","protected":false},"author":1,"featured_media":4878,"parent":0,"menu_order":0,"comment_status":"open","ping_status":"closed","template":"","meta":{"_uf_show_specific_survey":0,"_uf_disable_surveys":false,"footnotes":""},"class_list":["post-4872","page","type-page","status-publish","has-post-thumbnail","hentry"],"yoast_head":"<!-- This site is optimized with the Yoast SEO plugin v27.5 - https:\/\/yoast.com\/product\/yoast-seo-wordpress\/ -->\n<title>Aprendamos a usar da boa energia - Gl\u00f3ria Deus<\/title>\n<meta name=\"robots\" content=\"index, follow, max-snippet:-1, max-image-preview:large, max-video-preview:-1\" \/>\n<link rel=\"canonical\" href=\"https:\/\/gloriadeus.com\/home\/aprendamos-a-usar-da-boa-energia\/\" \/>\n<meta property=\"og:locale\" content=\"pt_BR\" \/>\n<meta property=\"og:type\" content=\"article\" \/>\n<meta property=\"og:title\" content=\"Aprendamos a usar da boa energia - Gl\u00f3ria Deus\" \/>\n<meta property=\"og:description\" content=\"Aprender a usar nossa boa energia \u00e9 fundamental para o nosso bem-estar e desenvolvimento pessoal, pois essa energia positiva influencia &hellip;\" \/>\n<meta property=\"og:url\" content=\"https:\/\/gloriadeus.com\/home\/aprendamos-a-usar-da-boa-energia\/\" \/>\n<meta property=\"og:site_name\" content=\"Gl\u00f3ria Deus\" \/>\n<meta property=\"article:modified_time\" content=\"2026-02-07T17:27:59+00:00\" \/>\n<meta property=\"og:image\" content=\"https:\/\/gloriadeus.com\/wp-content\/uploads\/2025\/03\/250111AMDIMG-5-1.jpg\" \/>\n\t<meta property=\"og:image:width\" content=\"720\" \/>\n\t<meta property=\"og:image:height\" content=\"720\" \/>\n\t<meta property=\"og:image:type\" content=\"image\/jpeg\" \/>\n<meta name=\"twitter:card\" content=\"summary_large_image\" \/>\n<meta name=\"twitter:label1\" content=\"Est. tempo de leitura\" \/>\n\t<meta name=\"twitter:data1\" content=\"4 minutos\" \/>\n<script type=\"application\/ld+json\" class=\"yoast-schema-graph\">{\"@context\":\"https:\\\/\\\/schema.org\",\"@graph\":[{\"@type\":\"WebPage\",\"@id\":\"https:\\\/\\\/gloriadeus.com\\\/home\\\/aprendamos-a-usar-da-boa-energia\\\/\",\"url\":\"https:\\\/\\\/gloriadeus.com\\\/home\\\/aprendamos-a-usar-da-boa-energia\\\/\",\"name\":\"Aprendamos a usar da boa energia - Gl\u00f3ria Deus\",\"isPartOf\":{\"@id\":\"https:\\\/\\\/gloriadeus.com\\\/home\\\/#website\"},\"primaryImageOfPage\":{\"@id\":\"https:\\\/\\\/gloriadeus.com\\\/home\\\/aprendamos-a-usar-da-boa-energia\\\/#primaryimage\"},\"image\":{\"@id\":\"https:\\\/\\\/gloriadeus.com\\\/home\\\/aprendamos-a-usar-da-boa-energia\\\/#primaryimage\"},\"thumbnailUrl\":\"https:\\\/\\\/gloriadeus.com\\\/wp-content\\\/uploads\\\/2025\\\/03\\\/250111AMDIMG-5-1.jpg\",\"datePublished\":\"2026-01-06T17:25:31+00:00\",\"dateModified\":\"2026-02-07T17:27:59+00:00\",\"breadcrumb\":{\"@id\":\"https:\\\/\\\/gloriadeus.com\\\/home\\\/aprendamos-a-usar-da-boa-energia\\\/#breadcrumb\"},\"inLanguage\":\"pt-BR\",\"potentialAction\":[{\"@type\":\"ReadAction\",\"target\":[\"https:\\\/\\\/gloriadeus.com\\\/home\\\/aprendamos-a-usar-da-boa-energia\\\/\"]}]},{\"@type\":\"ImageObject\",\"inLanguage\":\"pt-BR\",\"@id\":\"https:\\\/\\\/gloriadeus.com\\\/home\\\/aprendamos-a-usar-da-boa-energia\\\/#primaryimage\",\"url\":\"https:\\\/\\\/gloriadeus.com\\\/wp-content\\\/uploads\\\/2025\\\/03\\\/250111AMDIMG-5-1.jpg\",\"contentUrl\":\"https:\\\/\\\/gloriadeus.com\\\/wp-content\\\/uploads\\\/2025\\\/03\\\/250111AMDIMG-5-1.jpg\",\"width\":720,\"height\":720,\"caption\":\"Aprendamos a usar da boa energia\"},{\"@type\":\"BreadcrumbList\",\"@id\":\"https:\\\/\\\/gloriadeus.com\\\/home\\\/aprendamos-a-usar-da-boa-energia\\\/#breadcrumb\",\"itemListElement\":[{\"@type\":\"ListItem\",\"position\":1,\"name\":\"In\u00edcio\",\"item\":\"https:\\\/\\\/gloriadeus.com\\\/home\\\/\"},{\"@type\":\"ListItem\",\"position\":2,\"name\":\"Aprendamos a usar da boa energia\"}]},{\"@type\":\"WebSite\",\"@id\":\"https:\\\/\\\/gloriadeus.com\\\/home\\\/#website\",\"url\":\"https:\\\/\\\/gloriadeus.com\\\/home\\\/\",\"name\":\"Gloria Deus\",\"description\":\"\u21a8 Deslize para descobrir mais \u21a8\",\"publisher\":{\"@id\":\"https:\\\/\\\/gloriadeus.com\\\/home\\\/#\\\/schema\\\/person\\\/ab2365ca8f87ea38e53ba3c2275e65c4\"},\"alternateName\":\"Muita f\u00e9\",\"potentialAction\":[{\"@type\":\"SearchAction\",\"target\":{\"@type\":\"EntryPoint\",\"urlTemplate\":\"https:\\\/\\\/gloriadeus.com\\\/home\\\/?s={search_term_string}\"},\"query-input\":{\"@type\":\"PropertyValueSpecification\",\"valueRequired\":true,\"valueName\":\"search_term_string\"}}],\"inLanguage\":\"pt-BR\"},{\"@type\":[\"Person\",\"Organization\"],\"@id\":\"https:\\\/\\\/gloriadeus.com\\\/home\\\/#\\\/schema\\\/person\\\/ab2365ca8f87ea38e53ba3c2275e65c4\",\"name\":\"gloriadeus.com\",\"image\":{\"@type\":\"ImageObject\",\"inLanguage\":\"pt-BR\",\"@id\":\"https:\\\/\\\/gloriadeus.com\\\/wp-content\\\/uploads\\\/2024\\\/03\\\/230525DDPNG-21.png\",\"url\":\"https:\\\/\\\/gloriadeus.com\\\/wp-content\\\/uploads\\\/2024\\\/03\\\/230525DDPNG-21.png\",\"contentUrl\":\"https:\\\/\\\/gloriadeus.com\\\/wp-content\\\/uploads\\\/2024\\\/03\\\/230525DDPNG-21.png\",\"width\":220,\"height\":230,\"caption\":\"gloriadeus.com\"},\"logo\":{\"@id\":\"https:\\\/\\\/gloriadeus.com\\\/wp-content\\\/uploads\\\/2024\\\/03\\\/230525DDPNG-21.png\"},\"sameAs\":[\"https:\\\/\\\/gloriadeus.com\"]}]}<\/script>\n<!-- \/ Yoast SEO plugin. -->","yoast_head_json":{"title":"Aprendamos a usar da boa energia - Gl\u00f3ria Deus","robots":{"index":"index","follow":"follow","max-snippet":"max-snippet:-1","max-image-preview":"max-image-preview:large","max-video-preview":"max-video-preview:-1"},"canonical":"https:\/\/gloriadeus.com\/home\/aprendamos-a-usar-da-boa-energia\/","og_locale":"pt_BR","og_type":"article","og_title":"Aprendamos a usar da boa energia - Gl\u00f3ria Deus","og_description":"Aprender a usar nossa boa energia \u00e9 fundamental para o nosso bem-estar e desenvolvimento pessoal, pois essa energia positiva influencia &hellip;","og_url":"https:\/\/gloriadeus.com\/home\/aprendamos-a-usar-da-boa-energia\/","og_site_name":"Gl\u00f3ria Deus","article_modified_time":"2026-02-07T17:27:59+00:00","og_image":[{"width":720,"height":720,"url":"https:\/\/gloriadeus.com\/wp-content\/uploads\/2025\/03\/250111AMDIMG-5-1.jpg","type":"image\/jpeg"}],"twitter_card":"summary_large_image","twitter_misc":{"Est. tempo de leitura":"4 minutos"},"schema":{"@context":"https:\/\/schema.org","@graph":[{"@type":"WebPage","@id":"https:\/\/gloriadeus.com\/home\/aprendamos-a-usar-da-boa-energia\/","url":"https:\/\/gloriadeus.com\/home\/aprendamos-a-usar-da-boa-energia\/","name":"Aprendamos a usar da boa energia - Gl\u00f3ria Deus","isPartOf":{"@id":"https:\/\/gloriadeus.com\/home\/#website"},"primaryImageOfPage":{"@id":"https:\/\/gloriadeus.com\/home\/aprendamos-a-usar-da-boa-energia\/#primaryimage"},"image":{"@id":"https:\/\/gloriadeus.com\/home\/aprendamos-a-usar-da-boa-energia\/#primaryimage"},"thumbnailUrl":"https:\/\/gloriadeus.com\/wp-content\/uploads\/2025\/03\/250111AMDIMG-5-1.jpg","datePublished":"2026-01-06T17:25:31+00:00","dateModified":"2026-02-07T17:27:59+00:00","breadcrumb":{"@id":"https:\/\/gloriadeus.com\/home\/aprendamos-a-usar-da-boa-energia\/#breadcrumb"},"inLanguage":"pt-BR","potentialAction":[{"@type":"ReadAction","target":["https:\/\/gloriadeus.com\/home\/aprendamos-a-usar-da-boa-energia\/"]}]},{"@type":"ImageObject","inLanguage":"pt-BR","@id":"https:\/\/gloriadeus.com\/home\/aprendamos-a-usar-da-boa-energia\/#primaryimage","url":"https:\/\/gloriadeus.com\/wp-content\/uploads\/2025\/03\/250111AMDIMG-5-1.jpg","contentUrl":"https:\/\/gloriadeus.com\/wp-content\/uploads\/2025\/03\/250111AMDIMG-5-1.jpg","width":720,"height":720,"caption":"Aprendamos a usar da boa energia"},{"@type":"BreadcrumbList","@id":"https:\/\/gloriadeus.com\/home\/aprendamos-a-usar-da-boa-energia\/#breadcrumb","itemListElement":[{"@type":"ListItem","position":1,"name":"In\u00edcio","item":"https:\/\/gloriadeus.com\/home\/"},{"@type":"ListItem","position":2,"name":"Aprendamos a usar da boa energia"}]},{"@type":"WebSite","@id":"https:\/\/gloriadeus.com\/home\/#website","url":"https:\/\/gloriadeus.com\/home\/","name":"Gloria Deus","description":"\u21a8 Deslize para descobrir mais \u21a8","publisher":{"@id":"https:\/\/gloriadeus.com\/home\/#\/schema\/person\/ab2365ca8f87ea38e53ba3c2275e65c4"},"alternateName":"Muita f\u00e9","potentialAction":[{"@type":"SearchAction","target":{"@type":"EntryPoint","urlTemplate":"https:\/\/gloriadeus.com\/home\/?s={search_term_string}"},"query-input":{"@type":"PropertyValueSpecification","valueRequired":true,"valueName":"search_term_string"}}],"inLanguage":"pt-BR"},{"@type":["Person","Organization"],"@id":"https:\/\/gloriadeus.com\/home\/#\/schema\/person\/ab2365ca8f87ea38e53ba3c2275e65c4","name":"gloriadeus.com","image":{"@type":"ImageObject","inLanguage":"pt-BR","@id":"https:\/\/gloriadeus.com\/wp-content\/uploads\/2024\/03\/230525DDPNG-21.png","url":"https:\/\/gloriadeus.com\/wp-content\/uploads\/2024\/03\/230525DDPNG-21.png","contentUrl":"https:\/\/gloriadeus.com\/wp-content\/uploads\/2024\/03\/230525DDPNG-21.png","width":220,"height":230,"caption":"gloriadeus.com"},"logo":{"@id":"https:\/\/gloriadeus.com\/wp-content\/uploads\/2024\/03\/230525DDPNG-21.png"},"sameAs":["https:\/\/gloriadeus.com"]}]}},"_links":{"self":[{"href":"https:\/\/gloriadeus.com\/home\/wp-json\/wp\/v2\/pages\/4872","targetHints":{"allow":["GET"]}}],"collection":[{"href":"https:\/\/gloriadeus.com\/home\/wp-json\/wp\/v2\/pages"}],"about":[{"href":"https:\/\/gloriadeus.com\/home\/wp-json\/wp\/v2\/types\/page"}],"author":[{"embeddable":true,"href":"https:\/\/gloriadeus.com\/home\/wp-json\/wp\/v2\/users\/1"}],"replies":[{"embeddable":true,"href":"https:\/\/gloriadeus.com\/home\/wp-json\/wp\/v2\/comments?post=4872"}],"version-history":[{"count":5,"href":"https:\/\/gloriadeus.com\/home\/wp-json\/wp\/v2\/pages\/4872\/revisions"}],"predecessor-version":[{"id":10434,"href":"https:\/\/gloriadeus.com\/home\/wp-json\/wp\/v2\/pages\/4872\/revisions\/10434"}],"wp:featuredmedia":[{"embeddable":true,"href":"https:\/\/gloriadeus.com\/home\/wp-json\/wp\/v2\/media\/4878"}],"wp:attachment":[{"href":"https:\/\/gloriadeus.com\/home\/wp-json\/wp\/v2\/media?parent=4872"}],"curies":[{"name":"wp","href":"https:\/\/api.w.org\/{rel}","templated":true}]}}