{"id":4817,"date":"2026-01-05T20:45:37","date_gmt":"2026-01-05T23:45:37","guid":{"rendered":"https:\/\/gloriadeus.com\/?page_id=4817"},"modified":"2026-02-04T14:19:55","modified_gmt":"2026-02-04T17:19:55","slug":"exercitar-gratidao-pode-combater-males","status":"publish","type":"page","link":"https:\/\/gloriadeus.com\/home\/exercitar-gratidao-pode-combater-males\/","title":{"rendered":"Exercitar gratid\u00e3o pode combater males"},"content":{"rendered":"<!-- subtitulo, palavra, paragrafo ok --> \r\n\r\n\r\n<figure class=\"wp-lightbox-container\" data-wp-context=\"{&quot;imageId&quot;:&quot;69fc4acf30c90&quot;}\" data-wp-interactive=\"core\/image\" data-wp-key=\"69fc4acf30c90\"><img loading=\"lazy\" decoding=\"async\" width=\"564\" height=\"705\" data-wp-class--hide=\"state.isContentHidden\" data-wp-class--show=\"state.isContentVisible\" data-wp-init=\"callbacks.setButtonStyles\" data-wp-on--click=\"actions.showLightbox\" data-wp-on--load=\"callbacks.setButtonStyles\" data-wp-on-window--resize=\"callbacks.setButtonStyles\" class=\"wp-image-4823\" style=\"width: 431px; height: auto;\" src=\"https:\/\/gloriadeus.com\/wp-content\/uploads\/2025\/03\/240409DDIMG-2.jpg\" alt=\"Exercitar gratid\u00e3o pode combater males \" srcset=\"https:\/\/gloriadeus.com\/wp-content\/uploads\/2025\/03\/240409DDIMG-2.jpg 564w, https:\/\/gloriadeus.com\/wp-content\/uploads\/2025\/03\/240409DDIMG-2-240x300.jpg 240w\" sizes=\"auto, (max-width: 564px) 100vw, 564px\" \/><button\n\t\t\tclass=\"lightbox-trigger\"\n\t\t\ttype=\"button\"\n\t\t\taria-haspopup=\"dialog\"\n\t\t\taria-label=\"Ampliar\"\n\t\t\tdata-wp-init=\"callbacks.initTriggerButton\"\n\t\t\tdata-wp-on--click=\"actions.showLightbox\"\n\t\t\tdata-wp-style--right=\"state.imageButtonRight\"\n\t\t\tdata-wp-style--top=\"state.imageButtonTop\"\n\t\t>\n\t\t\t<svg xmlns=\"http:\/\/www.w3.org\/2000\/svg\" width=\"12\" height=\"12\" fill=\"none\" viewBox=\"0 0 12 12\">\n\t\t\t\t<path fill=\"#fff\" d=\"M2 0a2 2 0 0 0-2 2v2h1.5V2a.5.5 0 0 1 .5-.5h2V0H2Zm2 10.5H2a.5.5 0 0 1-.5-.5V8H0v2a2 2 0 0 0 2 2h2v-1.5ZM8 12v-1.5h2a.5.5 0 0 0 .5-.5V8H12v2a2 2 0 0 1-2 2H8Zm2-12a2 2 0 0 1 2 2v2h-1.5V2a.5.5 0 0 0-.5-.5H8V0h2Z\" \/>\n\t\t\t<\/svg>\n\t\t<\/button>\u00a0<\/figure>\r\n\r\n\r\n\r\n<p>Exercitar a gratid\u00e3o \u00e9 uma pr\u00e1tica poderosa que pode ter um impacto significativo na nossa sa\u00fade mental, contribuindo para a redu\u00e7\u00e3o de males como a ansiedade.\u00a0<\/p>\r\n<h2>Para cultivar a gratid\u00e3o\u00a0<\/h2>\r\n<p>Quando cultivamos um foco na gratid\u00e3o, estamos essencialmente reconfigurando nossa mente para enxergar o lado positivo das situa\u00e7\u00f5es, mesmo nas adversidades, o que pode levar a uma diminui\u00e7\u00e3o dos n\u00edveis de estresse e preocupa\u00e7\u00e3o.<\/p>\r\n<p>\r\n\r\n\r\n\r\n<\/p>\r\n<p>A pr\u00e1tica regular de agradecer, seja por meio de um di\u00e1rio de gratid\u00e3o ou simplesmente tirando um momento do dia para refletir sobre as coisas boas que temos, promove uma mudan\u00e7a na nossa perspectiva, ajudando a criar um clima emocional mais saud\u00e1vel e equilibrado.\u00a0<\/p>\r\n<p>\r\n\r\n<\/p>\r\n<p><img loading=\"lazy\" decoding=\"async\" width=\"1000\" height=\"1000\" class=\"wp-image-4831\" style=\"width: 338px; height: auto;\" src=\"https:\/\/gloriadeus.com\/wp-content\/uploads\/2025\/03\/230817DDIMG-13.jpg\" alt=\"Exercitar gratid\u00e3o pode combater males \" srcset=\"https:\/\/gloriadeus.com\/wp-content\/uploads\/2025\/03\/230817DDIMG-13.jpg 1000w, https:\/\/gloriadeus.com\/wp-content\/uploads\/2025\/03\/230817DDIMG-13-300x300.jpg 300w, https:\/\/gloriadeus.com\/wp-content\/uploads\/2025\/03\/230817DDIMG-13-150x150.jpg 150w, https:\/\/gloriadeus.com\/wp-content\/uploads\/2025\/03\/230817DDIMG-13-768x768.jpg 768w, https:\/\/gloriadeus.com\/wp-content\/uploads\/2025\/03\/230817DDIMG-13-900x900.jpg 900w\" sizes=\"auto, (max-width: 1000px) 100vw, 1000px\" \/>\u00a0<\/p>\r\n<p>Ao reconhecer o que temos que agradecer, desviamos nossa aten\u00e7\u00e3o dos pensamentos ansiosos que muitas vezes surgem em nossa mente, criando um espa\u00e7o mental mais sereno e acolhedor.\u00a0<\/p>\r\n<h2>Insista e ao alcan\u00e7as, agrade\u00e7a\u00a0<\/h2>\r\n<p>Em situa\u00e7\u00f5es desafiadoras, a pr\u00e1tica de estar grato pode nos oferecer resili\u00eancia, permitindo-nos lidar melhor com o estresse e as incertezas que a vida nos apresenta.\u00a0<\/p>\r\n<p>A gratid\u00e3o tamb\u00e9m estimula a produ\u00e7\u00e3o de neurotransmissores como a dopamina e a serotonina, que est\u00e3o associados ao bem-estar e \u00e0 felicidade, funcionando como um ant\u00eddoto natural contra a ansiedade.\u00a0<\/p>\r\n<p><img loading=\"lazy\" decoding=\"async\" width=\"798\" height=\"1024\" class=\"wp-image-4836\" style=\"width: 331px; height: auto;\" src=\"https:\/\/gloriadeus.com\/wp-content\/uploads\/2025\/03\/230817DDIMG-10-1-798x1024.jpg\" alt=\"Exercitar gratid\u00e3o pode combater males \" srcset=\"https:\/\/gloriadeus.com\/wp-content\/uploads\/2025\/03\/230817DDIMG-10-1-798x1024.jpg 798w, https:\/\/gloriadeus.com\/wp-content\/uploads\/2025\/03\/230817DDIMG-10-1-234x300.jpg 234w, https:\/\/gloriadeus.com\/wp-content\/uploads\/2025\/03\/230817DDIMG-10-1-768x986.jpg 768w, https:\/\/gloriadeus.com\/wp-content\/uploads\/2025\/03\/230817DDIMG-10-1.jpg 1080w\" sizes=\"auto, (max-width: 798px) 100vw, 798px\" \/>\u00a0<\/p>\r\n<p>Isso pode ser particularmente \u00fatil em tempos de crise, quando a ansiedade tende a aumentar, ao focar nas pequenas coisas que d\u00e3o alegrias, podemos encontrar um senso de paz e contentamento mesmo em meio \u00e0 turbul\u00eancia.\u00a0<\/p>\r\n\r\n\r\n\r\n\r\n\r\n<h2 class=\"wp-block-heading\">Exercitar gratid\u00e3o pode combater males\u00a0<\/h2>\r\n<p>Atos de gratid\u00e3o tamb\u00e9m podem fortalecer nossos relacionamentos, uma vez que expressar gratid\u00e3o aos outros cria la\u00e7os mais profundos e significativos, o que, por sua vez, nos proporciona um apoio social valioso em momentos de ansiedade e ang\u00fastia.<\/p>\r\n\r\n\r\n\r\n<p>Quando nos sentimos conectados e apoiados, \u00e9 mais f\u00e1cil enfrentar os desafios da vida e lidar com nossas preocupa\u00e7\u00f5es.\u00a0N\u00e3o estamos sozinhos em nossas lutas, e o reconhecimento do que os outros fazem por n\u00f3s pode trazer um conforto imenso em tempos dif\u00edceis.<\/p>\r\n\r\n\r\n\r\n\r\n\r\n<figure data-wp-context=\"{&quot;imageId&quot;:&quot;69fc4acf31230&quot;}\" data-wp-interactive=\"core\/image\" data-wp-key=\"69fc4acf31230\" class=\"wp-block-image size-large is-resized wp-lightbox-container\"><img loading=\"lazy\" decoding=\"async\" width=\"563\" height=\"578\" data-wp-class--hide=\"state.isContentHidden\" data-wp-class--show=\"state.isContentVisible\" data-wp-init=\"callbacks.setButtonStyles\" data-wp-on--click=\"actions.showLightbox\" data-wp-on--load=\"callbacks.setButtonStyles\" data-wp-on-window--resize=\"callbacks.setButtonStyles\" class=\"wp-image-4827\" style=\"width: 392px; height: auto;\" src=\"https:\/\/gloriadeus.com\/wp-content\/uploads\/2025\/03\/240409DDIMG-4.jpg\" alt=\"Exercitar gratid\u00e3o pode combater males \" srcset=\"https:\/\/gloriadeus.com\/wp-content\/uploads\/2025\/03\/240409DDIMG-4.jpg 563w, https:\/\/gloriadeus.com\/wp-content\/uploads\/2025\/03\/240409DDIMG-4-292x300.jpg 292w\" sizes=\"auto, (max-width: 563px) 100vw, 563px\" \/><button\n\t\t\tclass=\"lightbox-trigger\"\n\t\t\ttype=\"button\"\n\t\t\taria-haspopup=\"dialog\"\n\t\t\taria-label=\"Ampliar\"\n\t\t\tdata-wp-init=\"callbacks.initTriggerButton\"\n\t\t\tdata-wp-on--click=\"actions.showLightbox\"\n\t\t\tdata-wp-style--right=\"state.imageButtonRight\"\n\t\t\tdata-wp-style--top=\"state.imageButtonTop\"\n\t\t>\n\t\t\t<svg xmlns=\"http:\/\/www.w3.org\/2000\/svg\" width=\"12\" height=\"12\" fill=\"none\" viewBox=\"0 0 12 12\">\n\t\t\t\t<path fill=\"#fff\" d=\"M2 0a2 2 0 0 0-2 2v2h1.5V2a.5.5 0 0 1 .5-.5h2V0H2Zm2 10.5H2a.5.5 0 0 1-.5-.5V8H0v2a2 2 0 0 0 2 2h2v-1.5ZM8 12v-1.5h2a.5.5 0 0 0 .5-.5V8H12v2a2 2 0 0 1-2 2H8Zm2-12a2 2 0 0 1 2 2v2h-1.5V2a.5.5 0 0 0-.5-.5H8V0h2Z\" \/>\n\t\t\t<\/svg>\n\t\t<\/button><\/figure>\r\n\r\n\r\n\r\n<p>\u00c9 um aspecto importante a rela\u00e7\u00e3o entre a gratid\u00e3o e a f\u00e9, muitos encontram conforto em pr\u00e1ticas espirituais que os incentivam a agradecer por suas b\u00ean\u00e7\u00e3os, fortalecendo assim sua conex\u00e3o com algo maior.\u00a0<\/p>\r\n<h2>A gratid\u00e3o une vidas\u00a0<\/h2>\r\n<p>A uni\u00e3o entre gratid\u00e3o e f\u00e9 pode criar um ciclo positivo: quanto mais agradecemos, mais abertos nos tornamos para receber b\u00ean\u00e7\u00e3os e experi\u00eancias positivas, e isso alimenta nossa f\u00e9 e a confian\u00e7a de que coisas boas est\u00e3o por vir.\u00a0<\/p>\r\n\r\n\r\n\r\n\r\n\r\n<figure data-wp-context=\"{&quot;imageId&quot;:&quot;69fc4acf31564&quot;}\" data-wp-interactive=\"core\/image\" data-wp-key=\"69fc4acf31564\" class=\"wp-block-image size-large is-resized wp-lightbox-container\"><img loading=\"lazy\" decoding=\"async\" width=\"564\" height=\"661\" data-wp-class--hide=\"state.isContentHidden\" data-wp-class--show=\"state.isContentVisible\" data-wp-init=\"callbacks.setButtonStyles\" data-wp-on--click=\"actions.showLightbox\" data-wp-on--load=\"callbacks.setButtonStyles\" data-wp-on-window--resize=\"callbacks.setButtonStyles\" class=\"wp-image-4822\" style=\"width: 399px; height: auto;\" src=\"https:\/\/gloriadeus.com\/wp-content\/uploads\/2025\/03\/240409DDIMG-6.jpg\" alt=\"Exercitar gratid\u00e3o pode combater males \" srcset=\"https:\/\/gloriadeus.com\/wp-content\/uploads\/2025\/03\/240409DDIMG-6.jpg 564w, https:\/\/gloriadeus.com\/wp-content\/uploads\/2025\/03\/240409DDIMG-6-256x300.jpg 256w\" sizes=\"auto, (max-width: 564px) 100vw, 564px\" \/><button\n\t\t\tclass=\"lightbox-trigger\"\n\t\t\ttype=\"button\"\n\t\t\taria-haspopup=\"dialog\"\n\t\t\taria-label=\"Ampliar\"\n\t\t\tdata-wp-init=\"callbacks.initTriggerButton\"\n\t\t\tdata-wp-on--click=\"actions.showLightbox\"\n\t\t\tdata-wp-style--right=\"state.imageButtonRight\"\n\t\t\tdata-wp-style--top=\"state.imageButtonTop\"\n\t\t>\n\t\t\t<svg xmlns=\"http:\/\/www.w3.org\/2000\/svg\" width=\"12\" height=\"12\" fill=\"none\" viewBox=\"0 0 12 12\">\n\t\t\t\t<path fill=\"#fff\" d=\"M2 0a2 2 0 0 0-2 2v2h1.5V2a.5.5 0 0 1 .5-.5h2V0H2Zm2 10.5H2a.5.5 0 0 1-.5-.5V8H0v2a2 2 0 0 0 2 2h2v-1.5ZM8 12v-1.5h2a.5.5 0 0 0 .5-.5V8H12v2a2 2 0 0 1-2 2H8Zm2-12a2 2 0 0 1 2 2v2h-1.5V2a.5.5 0 0 0-.5-.5H8V0h2Z\" \/>\n\t\t\t<\/svg>\n\t\t<\/button>\u00a0<\/figure>\r\n<p>Acreditar que h\u00e1 um prop\u00f3sito maior para a vida e que, mesmo em meio \u00e0s dificuldades, somos cuidadores e amparados, traz um al\u00edvio significativo para as tens\u00f5es e incertezas que muitas vezes nos rodeiam.\u00a0<\/p>\r\n<h2>Que seja valorizada\u00a0<\/h2>\r\n\r\n\r\n\r\n\r\n\r\n\r\n\r\n<p>\u00c9 essencial, portanto, incorporar a gratid\u00e3o como uma pr\u00e1tica di\u00e1ria em nossas vidas. Podendo ser feita de diversas maneiras, seja por meio da medita\u00e7\u00e3o, da escrita, ou at\u00e9 mesmo de conversas sinceras com amigos e familiares sobre o que valorizamos e apreciamos, essa pr\u00e1tica se torna uma ferramenta poderosa para fortalecer nossa sa\u00fade mental e emocional.<\/p>\r\n<p>A chave \u00e9 a consist\u00eancia, quanto mais nos dedicamos a agradecer, mais naturalmente, isso se torna parte da nossa rotina di\u00e1ria, permitindo-nos desenvolver resili\u00eancia contra a ansiedade e outros sentimentos negativos.\u00a0<\/p>\r\n<p><img loading=\"lazy\" decoding=\"async\" width=\"738\" height=\"1024\" class=\"wp-image-4833\" style=\"width: 566px; height: 785px;\" src=\"https:\/\/gloriadeus.com\/wp-content\/uploads\/2025\/03\/230817DDIMG-19-738x1024.jpg\" alt=\"Exercitar gratid\u00e3o pode combater males \" srcset=\"https:\/\/gloriadeus.com\/wp-content\/uploads\/2025\/03\/230817DDIMG-19-738x1024.jpg 738w, https:\/\/gloriadeus.com\/wp-content\/uploads\/2025\/03\/230817DDIMG-19-216x300.jpg 216w, https:\/\/gloriadeus.com\/wp-content\/uploads\/2025\/03\/230817DDIMG-19-768x1065.jpg 768w, https:\/\/gloriadeus.com\/wp-content\/uploads\/2025\/03\/230817DDIMG-19.jpg 794w\" sizes=\"auto, (max-width: 738px) 100vw, 738px\" \/>\u00a0<\/p>\r\n<p>Lembrar-se das vantagens de praticar a gratid\u00e3o pode servir como um lembrete motivador para buscar esses momentos de reflex\u00e3o positiva, especialmente quando a ansiedade tenta nos dominar.\u00a0<\/p>\r\n<h2>A gratid\u00e3o e entrela\u00e7a espiritualidade<\/h2>\r\n<p>Ao exercitar a gratid\u00e3o, estamos n\u00e3o apenas enriquecendo nossas vidas, mas tamb\u00e9m criando um escudo protetivo contra os males da ansiedade, sempre com a certeza de que orar e ter f\u00e9 s\u00e3o pilares fundamentais nessa jornada de amor e paz interior.<\/p>\r\n<p>Reconhecer a import\u00e2ncia da gratid\u00e3o e entrela\u00e7\u00e1-la com a espiritualidade pode ser um caminho iluminado e transformador, promovendo plena sa\u00fade emocional e bem-estar em nosso dia a dia. Assim, nos tornamos mais equipados para enfrentar os desafios da vida com uma mente clara, um cora\u00e7\u00e3o agradecido e uma f\u00e9 inabal\u00e1vel.<\/p>\r\n","protected":false},"excerpt":{"rendered":"<p>Exercitar a gratid\u00e3o \u00e9 uma pr\u00e1tica poderosa que pode ter um impacto significativo na nossa sa\u00fade mental, contribuindo para a &hellip; <\/p>\n","protected":false},"author":1,"featured_media":4838,"parent":0,"menu_order":0,"comment_status":"open","ping_status":"closed","template":"","meta":{"_uf_show_specific_survey":0,"_uf_disable_surveys":false,"footnotes":""},"class_list":["post-4817","page","type-page","status-publish","has-post-thumbnail","hentry"],"yoast_head":"<!-- This site is optimized with the Yoast SEO plugin v27.5 - https:\/\/yoast.com\/product\/yoast-seo-wordpress\/ -->\n<title>Exercitar gratid\u00e3o pode combater males - Gl\u00f3ria Deus<\/title>\n<meta name=\"robots\" content=\"index, follow, max-snippet:-1, max-image-preview:large, max-video-preview:-1\" \/>\n<link rel=\"canonical\" href=\"https:\/\/gloriadeus.com\/home\/exercitar-gratidao-pode-combater-males\/\" \/>\n<meta property=\"og:locale\" content=\"pt_BR\" \/>\n<meta property=\"og:type\" content=\"article\" \/>\n<meta property=\"og:title\" content=\"Exercitar gratid\u00e3o pode combater males - Gl\u00f3ria Deus\" \/>\n<meta property=\"og:description\" content=\"Exercitar a gratid\u00e3o \u00e9 uma pr\u00e1tica poderosa que pode ter um impacto significativo na nossa sa\u00fade mental, contribuindo para a &hellip;\" \/>\n<meta property=\"og:url\" content=\"https:\/\/gloriadeus.com\/home\/exercitar-gratidao-pode-combater-males\/\" \/>\n<meta property=\"og:site_name\" content=\"Gl\u00f3ria Deus\" \/>\n<meta property=\"article:modified_time\" content=\"2026-02-04T17:19:55+00:00\" \/>\n<meta property=\"og:image\" content=\"https:\/\/gloriadeus.com\/wp-content\/uploads\/2025\/03\/230817DDIMG-18-1.jpg\" \/>\n\t<meta property=\"og:image:width\" content=\"1261\" \/>\n\t<meta property=\"og:image:height\" content=\"1526\" \/>\n\t<meta property=\"og:image:type\" content=\"image\/jpeg\" \/>\n<meta name=\"twitter:card\" content=\"summary_large_image\" \/>\n<meta name=\"twitter:label1\" content=\"Est. tempo de leitura\" \/>\n\t<meta name=\"twitter:data1\" content=\"6 minutos\" \/>\n<script type=\"application\/ld+json\" class=\"yoast-schema-graph\">{\"@context\":\"https:\\\/\\\/schema.org\",\"@graph\":[{\"@type\":\"WebPage\",\"@id\":\"https:\\\/\\\/gloriadeus.com\\\/home\\\/exercitar-gratidao-pode-combater-males\\\/\",\"url\":\"https:\\\/\\\/gloriadeus.com\\\/home\\\/exercitar-gratidao-pode-combater-males\\\/\",\"name\":\"Exercitar gratid\u00e3o pode combater males - Gl\u00f3ria Deus\",\"isPartOf\":{\"@id\":\"https:\\\/\\\/gloriadeus.com\\\/home\\\/#website\"},\"primaryImageOfPage\":{\"@id\":\"https:\\\/\\\/gloriadeus.com\\\/home\\\/exercitar-gratidao-pode-combater-males\\\/#primaryimage\"},\"image\":{\"@id\":\"https:\\\/\\\/gloriadeus.com\\\/home\\\/exercitar-gratidao-pode-combater-males\\\/#primaryimage\"},\"thumbnailUrl\":\"https:\\\/\\\/gloriadeus.com\\\/wp-content\\\/uploads\\\/2025\\\/03\\\/230817DDIMG-18-1.jpg\",\"datePublished\":\"2026-01-05T23:45:37+00:00\",\"dateModified\":\"2026-02-04T17:19:55+00:00\",\"breadcrumb\":{\"@id\":\"https:\\\/\\\/gloriadeus.com\\\/home\\\/exercitar-gratidao-pode-combater-males\\\/#breadcrumb\"},\"inLanguage\":\"pt-BR\",\"potentialAction\":[{\"@type\":\"ReadAction\",\"target\":[\"https:\\\/\\\/gloriadeus.com\\\/home\\\/exercitar-gratidao-pode-combater-males\\\/\"]}]},{\"@type\":\"ImageObject\",\"inLanguage\":\"pt-BR\",\"@id\":\"https:\\\/\\\/gloriadeus.com\\\/home\\\/exercitar-gratidao-pode-combater-males\\\/#primaryimage\",\"url\":\"https:\\\/\\\/gloriadeus.com\\\/wp-content\\\/uploads\\\/2025\\\/03\\\/230817DDIMG-18-1.jpg\",\"contentUrl\":\"https:\\\/\\\/gloriadeus.com\\\/wp-content\\\/uploads\\\/2025\\\/03\\\/230817DDIMG-18-1.jpg\",\"width\":1261,\"height\":1526,\"caption\":\"Exercitar gratid\u00e3o pode combater males\"},{\"@type\":\"BreadcrumbList\",\"@id\":\"https:\\\/\\\/gloriadeus.com\\\/home\\\/exercitar-gratidao-pode-combater-males\\\/#breadcrumb\",\"itemListElement\":[{\"@type\":\"ListItem\",\"position\":1,\"name\":\"In\u00edcio\",\"item\":\"https:\\\/\\\/gloriadeus.com\\\/home\\\/\"},{\"@type\":\"ListItem\",\"position\":2,\"name\":\"Exercitar gratid\u00e3o pode combater males\"}]},{\"@type\":\"WebSite\",\"@id\":\"https:\\\/\\\/gloriadeus.com\\\/home\\\/#website\",\"url\":\"https:\\\/\\\/gloriadeus.com\\\/home\\\/\",\"name\":\"Gloria Deus\",\"description\":\"\u21a8 Deslize para descobrir mais \u21a8\",\"publisher\":{\"@id\":\"https:\\\/\\\/gloriadeus.com\\\/home\\\/#\\\/schema\\\/person\\\/ab2365ca8f87ea38e53ba3c2275e65c4\"},\"alternateName\":\"Muita f\u00e9\",\"potentialAction\":[{\"@type\":\"SearchAction\",\"target\":{\"@type\":\"EntryPoint\",\"urlTemplate\":\"https:\\\/\\\/gloriadeus.com\\\/home\\\/?s={search_term_string}\"},\"query-input\":{\"@type\":\"PropertyValueSpecification\",\"valueRequired\":true,\"valueName\":\"search_term_string\"}}],\"inLanguage\":\"pt-BR\"},{\"@type\":[\"Person\",\"Organization\"],\"@id\":\"https:\\\/\\\/gloriadeus.com\\\/home\\\/#\\\/schema\\\/person\\\/ab2365ca8f87ea38e53ba3c2275e65c4\",\"name\":\"gloriadeus.com\",\"image\":{\"@type\":\"ImageObject\",\"inLanguage\":\"pt-BR\",\"@id\":\"https:\\\/\\\/gloriadeus.com\\\/wp-content\\\/uploads\\\/2024\\\/03\\\/230525DDPNG-21.png\",\"url\":\"https:\\\/\\\/gloriadeus.com\\\/wp-content\\\/uploads\\\/2024\\\/03\\\/230525DDPNG-21.png\",\"contentUrl\":\"https:\\\/\\\/gloriadeus.com\\\/wp-content\\\/uploads\\\/2024\\\/03\\\/230525DDPNG-21.png\",\"width\":220,\"height\":230,\"caption\":\"gloriadeus.com\"},\"logo\":{\"@id\":\"https:\\\/\\\/gloriadeus.com\\\/wp-content\\\/uploads\\\/2024\\\/03\\\/230525DDPNG-21.png\"},\"sameAs\":[\"https:\\\/\\\/gloriadeus.com\"]}]}<\/script>\n<!-- \/ Yoast SEO plugin. -->","yoast_head_json":{"title":"Exercitar gratid\u00e3o pode combater males - Gl\u00f3ria Deus","robots":{"index":"index","follow":"follow","max-snippet":"max-snippet:-1","max-image-preview":"max-image-preview:large","max-video-preview":"max-video-preview:-1"},"canonical":"https:\/\/gloriadeus.com\/home\/exercitar-gratidao-pode-combater-males\/","og_locale":"pt_BR","og_type":"article","og_title":"Exercitar gratid\u00e3o pode combater males - Gl\u00f3ria Deus","og_description":"Exercitar a gratid\u00e3o \u00e9 uma pr\u00e1tica poderosa que pode ter um impacto significativo na nossa sa\u00fade mental, contribuindo para a &hellip;","og_url":"https:\/\/gloriadeus.com\/home\/exercitar-gratidao-pode-combater-males\/","og_site_name":"Gl\u00f3ria Deus","article_modified_time":"2026-02-04T17:19:55+00:00","og_image":[{"width":1261,"height":1526,"url":"https:\/\/gloriadeus.com\/wp-content\/uploads\/2025\/03\/230817DDIMG-18-1.jpg","type":"image\/jpeg"}],"twitter_card":"summary_large_image","twitter_misc":{"Est. tempo de leitura":"6 minutos"},"schema":{"@context":"https:\/\/schema.org","@graph":[{"@type":"WebPage","@id":"https:\/\/gloriadeus.com\/home\/exercitar-gratidao-pode-combater-males\/","url":"https:\/\/gloriadeus.com\/home\/exercitar-gratidao-pode-combater-males\/","name":"Exercitar gratid\u00e3o pode combater males - Gl\u00f3ria Deus","isPartOf":{"@id":"https:\/\/gloriadeus.com\/home\/#website"},"primaryImageOfPage":{"@id":"https:\/\/gloriadeus.com\/home\/exercitar-gratidao-pode-combater-males\/#primaryimage"},"image":{"@id":"https:\/\/gloriadeus.com\/home\/exercitar-gratidao-pode-combater-males\/#primaryimage"},"thumbnailUrl":"https:\/\/gloriadeus.com\/wp-content\/uploads\/2025\/03\/230817DDIMG-18-1.jpg","datePublished":"2026-01-05T23:45:37+00:00","dateModified":"2026-02-04T17:19:55+00:00","breadcrumb":{"@id":"https:\/\/gloriadeus.com\/home\/exercitar-gratidao-pode-combater-males\/#breadcrumb"},"inLanguage":"pt-BR","potentialAction":[{"@type":"ReadAction","target":["https:\/\/gloriadeus.com\/home\/exercitar-gratidao-pode-combater-males\/"]}]},{"@type":"ImageObject","inLanguage":"pt-BR","@id":"https:\/\/gloriadeus.com\/home\/exercitar-gratidao-pode-combater-males\/#primaryimage","url":"https:\/\/gloriadeus.com\/wp-content\/uploads\/2025\/03\/230817DDIMG-18-1.jpg","contentUrl":"https:\/\/gloriadeus.com\/wp-content\/uploads\/2025\/03\/230817DDIMG-18-1.jpg","width":1261,"height":1526,"caption":"Exercitar gratid\u00e3o pode combater males"},{"@type":"BreadcrumbList","@id":"https:\/\/gloriadeus.com\/home\/exercitar-gratidao-pode-combater-males\/#breadcrumb","itemListElement":[{"@type":"ListItem","position":1,"name":"In\u00edcio","item":"https:\/\/gloriadeus.com\/home\/"},{"@type":"ListItem","position":2,"name":"Exercitar gratid\u00e3o pode combater males"}]},{"@type":"WebSite","@id":"https:\/\/gloriadeus.com\/home\/#website","url":"https:\/\/gloriadeus.com\/home\/","name":"Gloria Deus","description":"\u21a8 Deslize para descobrir mais \u21a8","publisher":{"@id":"https:\/\/gloriadeus.com\/home\/#\/schema\/person\/ab2365ca8f87ea38e53ba3c2275e65c4"},"alternateName":"Muita f\u00e9","potentialAction":[{"@type":"SearchAction","target":{"@type":"EntryPoint","urlTemplate":"https:\/\/gloriadeus.com\/home\/?s={search_term_string}"},"query-input":{"@type":"PropertyValueSpecification","valueRequired":true,"valueName":"search_term_string"}}],"inLanguage":"pt-BR"},{"@type":["Person","Organization"],"@id":"https:\/\/gloriadeus.com\/home\/#\/schema\/person\/ab2365ca8f87ea38e53ba3c2275e65c4","name":"gloriadeus.com","image":{"@type":"ImageObject","inLanguage":"pt-BR","@id":"https:\/\/gloriadeus.com\/wp-content\/uploads\/2024\/03\/230525DDPNG-21.png","url":"https:\/\/gloriadeus.com\/wp-content\/uploads\/2024\/03\/230525DDPNG-21.png","contentUrl":"https:\/\/gloriadeus.com\/wp-content\/uploads\/2024\/03\/230525DDPNG-21.png","width":220,"height":230,"caption":"gloriadeus.com"},"logo":{"@id":"https:\/\/gloriadeus.com\/wp-content\/uploads\/2024\/03\/230525DDPNG-21.png"},"sameAs":["https:\/\/gloriadeus.com"]}]}},"_links":{"self":[{"href":"https:\/\/gloriadeus.com\/home\/wp-json\/wp\/v2\/pages\/4817","targetHints":{"allow":["GET"]}}],"collection":[{"href":"https:\/\/gloriadeus.com\/home\/wp-json\/wp\/v2\/pages"}],"about":[{"href":"https:\/\/gloriadeus.com\/home\/wp-json\/wp\/v2\/types\/page"}],"author":[{"embeddable":true,"href":"https:\/\/gloriadeus.com\/home\/wp-json\/wp\/v2\/users\/1"}],"replies":[{"embeddable":true,"href":"https:\/\/gloriadeus.com\/home\/wp-json\/wp\/v2\/comments?post=4817"}],"version-history":[{"count":7,"href":"https:\/\/gloriadeus.com\/home\/wp-json\/wp\/v2\/pages\/4817\/revisions"}],"predecessor-version":[{"id":10351,"href":"https:\/\/gloriadeus.com\/home\/wp-json\/wp\/v2\/pages\/4817\/revisions\/10351"}],"wp:featuredmedia":[{"embeddable":true,"href":"https:\/\/gloriadeus.com\/home\/wp-json\/wp\/v2\/media\/4838"}],"wp:attachment":[{"href":"https:\/\/gloriadeus.com\/home\/wp-json\/wp\/v2\/media?parent=4817"}],"curies":[{"name":"wp","href":"https:\/\/api.w.org\/{rel}","templated":true}]}}