{"id":1014,"date":"2024-01-10T17:54:39","date_gmt":"2024-01-10T20:54:39","guid":{"rendered":"https:\/\/gloriadeus.com\/?page_id=1014"},"modified":"2026-02-08T22:51:45","modified_gmt":"2026-02-09T01:51:45","slug":"saudacao-para-semana-escolha-e-acesse","status":"publish","type":"page","link":"https:\/\/gloriadeus.com\/home\/saudacao-para-semana-escolha-e-acesse\/","title":{"rendered":"Sauda\u00e7\u00e3o para semana &#8211; Escolha e acesse"},"content":{"rendered":"<!-- subtitulo, palavra, paragrafo ok -->\r\n\r\n\r\n<figure data-wp-context=\"{&quot;imageId&quot;:&quot;69fa22895fa62&quot;}\" data-wp-interactive=\"core\/image\" data-wp-key=\"69fa22895fa62\" class=\"wp-block-image size-large is-resized wp-lightbox-container\"><img loading=\"lazy\" decoding=\"async\" width=\"1024\" height=\"579\" data-wp-class--hide=\"state.isContentHidden\" data-wp-class--show=\"state.isContentVisible\" data-wp-init=\"callbacks.setButtonStyles\" data-wp-on--click=\"actions.showLightbox\" data-wp-on--load=\"callbacks.setButtonStyles\" data-wp-on-window--resize=\"callbacks.setButtonStyles\" class=\"wp-image-5075\" style=\"width: 311px; height: auto;\" src=\"https:\/\/gloriadeus.com\/wp-content\/uploads\/2025\/03\/250218AMDIMG-31-1024x579.jpg\" alt=\"Aben\u00e7oada semana\" srcset=\"https:\/\/gloriadeus.com\/wp-content\/uploads\/2025\/03\/250218AMDIMG-31-1024x579.jpg 1024w, https:\/\/gloriadeus.com\/wp-content\/uploads\/2025\/03\/250218AMDIMG-31-300x170.jpg 300w, https:\/\/gloriadeus.com\/wp-content\/uploads\/2025\/03\/250218AMDIMG-31-768x434.jpg 768w, https:\/\/gloriadeus.com\/wp-content\/uploads\/2025\/03\/250218AMDIMG-31.jpg 1125w\" sizes=\"auto, (max-width: 1024px) 100vw, 1024px\" \/><button\n\t\t\tclass=\"lightbox-trigger\"\n\t\t\ttype=\"button\"\n\t\t\taria-haspopup=\"dialog\"\n\t\t\taria-label=\"Ampliar\"\n\t\t\tdata-wp-init=\"callbacks.initTriggerButton\"\n\t\t\tdata-wp-on--click=\"actions.showLightbox\"\n\t\t\tdata-wp-style--right=\"state.imageButtonRight\"\n\t\t\tdata-wp-style--top=\"state.imageButtonTop\"\n\t\t>\n\t\t\t<svg xmlns=\"http:\/\/www.w3.org\/2000\/svg\" width=\"12\" height=\"12\" fill=\"none\" viewBox=\"0 0 12 12\">\n\t\t\t\t<path fill=\"#fff\" d=\"M2 0a2 2 0 0 0-2 2v2h1.5V2a.5.5 0 0 1 .5-.5h2V0H2Zm2 10.5H2a.5.5 0 0 1-.5-.5V8H0v2a2 2 0 0 0 2 2h2v-1.5ZM8 12v-1.5h2a.5.5 0 0 0 .5-.5V8H12v2a2 2 0 0 1-2 2H8Zm2-12a2 2 0 0 1 2 2v2h-1.5V2a.5.5 0 0 0-.5-.5H8V0h2Z\" \/>\n\t\t\t<\/svg>\n\t\t<\/button><\/figure>\r\n\r\n\r\n\r\n<p>\u00c0 seguir, toque no campo e escolha qual sauda\u00e7\u00e3o para o dia da semana deseja conferir:<\/p>\r\n\r\n\r\n\r\n<p><em>\u2192 <a href=\"https:\/\/gloriadeus.com\/feliz-domingo-com-tranquilidade\/\"><span style=\"text-decoration: underline;\">Bom domingo<\/span><\/a><\/em><\/p>\r\n\r\n\r\n\r\n<p><em>\u2192 <a href=\"https:\/\/gloriadeus.com\/segunda-feira-e-um-bom-dia-para-escrever-uma-nova-historia\/\"><span style=\"text-decoration: underline;\">Boa segunda-feira<\/span><\/a><\/em><\/p>\r\n\r\n\r\n\r\n<p><em>\u2192 <a href=\"https:\/\/gloriadeus.com\/feliz-terca-feira\/\"><span style=\"text-decoration: underline;\">Boa ter\u00e7a-feira<\/span><\/a><\/em><\/p>\r\n\r\n\r\n\r\n<p><em>\u2192 <a href=\"https:\/\/gloriadeus.com\/quarta-feira-acredita-que-vai-da-certo\/\"><span style=\"text-decoration: underline;\">Boa quarta-feira<\/span><\/a><\/em><\/p>\r\n\r\n\r\n\r\n<p><em>\u2192 <a href=\"https:\/\/gloriadeus.com\/feliz-quinta-comboas-boas-conquistas\/\"><span style=\"text-decoration: underline;\">Boa quinta-feira<\/span><\/a><\/em><\/p>\r\n\r\n\r\n\r\n<p><em>\u2192 <a href=\"https:\/\/gloriadeus.com\/sexta-feira-chegou\/\"><span style=\"text-decoration: underline;\">Boa sexta-feira<\/span><\/a><\/em><\/p>\r\n\r\n\r\n\r\n<p><em>\u2192 <a href=\"https:\/\/gloriadeus.com\/bom-sabado-animado\/\"><span style=\"text-decoration: underline;\">Bom s\u00e1bado<\/span><\/a><\/em><\/p>\r\n\r\n\r\n\r\n<p>S\u00e3o belas notas para compartilhar no WhatsApp, Facebook, Instagram, Google Threads ou em qual outra Rede Social voc\u00ea preferir, sinta-se \u00e0 vontade e, sorria sempre \ud83d\ude03<\/p>\r\n","protected":false},"excerpt":{"rendered":"<p>\u00c0 seguir, toque no campo e escolha qual sauda\u00e7\u00e3o para o dia da semana deseja conferir: \u2192 Bom domingo \u2192 &hellip; <\/p>\n","protected":false},"author":1,"featured_media":1015,"parent":0,"menu_order":0,"comment_status":"open","ping_status":"closed","template":"","meta":{"_uf_show_specific_survey":0,"_uf_disable_surveys":false,"footnotes":""},"class_list":["post-1014","page","type-page","status-publish","has-post-thumbnail","hentry"],"yoast_head":"<!-- This site is optimized with the Yoast SEO plugin v27.5 - https:\/\/yoast.com\/product\/yoast-seo-wordpress\/ -->\n<title>Sauda\u00e7\u00e3o para semana - Escolha e acesse - Gl\u00f3ria Deus<\/title>\n<meta name=\"robots\" content=\"index, follow, max-snippet:-1, max-image-preview:large, max-video-preview:-1\" \/>\n<link rel=\"canonical\" href=\"https:\/\/gloriadeus.com\/home\/saudacao-para-semana-escolha-e-acesse\/\" \/>\n<meta property=\"og:locale\" content=\"pt_BR\" \/>\n<meta property=\"og:type\" content=\"article\" \/>\n<meta property=\"og:title\" content=\"Sauda\u00e7\u00e3o para semana - Escolha e acesse - Gl\u00f3ria Deus\" \/>\n<meta property=\"og:description\" content=\"\u00c0 seguir, toque no campo e escolha qual sauda\u00e7\u00e3o para o dia da semana deseja conferir: \u2192 Bom domingo \u2192 &hellip;\" \/>\n<meta property=\"og:url\" content=\"https:\/\/gloriadeus.com\/home\/saudacao-para-semana-escolha-e-acesse\/\" \/>\n<meta property=\"og:site_name\" content=\"Gl\u00f3ria Deus\" \/>\n<meta property=\"article:modified_time\" content=\"2026-02-09T01:51:45+00:00\" \/>\n<meta property=\"og:image\" content=\"https:\/\/gloriadeus.com\/wp-content\/uploads\/2024\/03\/210324DDIMG01cx.png\" \/>\n\t<meta property=\"og:image:width\" content=\"988\" \/>\n\t<meta property=\"og:image:height\" content=\"1424\" \/>\n\t<meta property=\"og:image:type\" content=\"image\/png\" \/>\n<meta name=\"twitter:card\" content=\"summary_large_image\" \/>\n<meta name=\"twitter:label1\" content=\"Est. tempo de leitura\" \/>\n\t<meta name=\"twitter:data1\" content=\"1 minuto\" \/>\n<script type=\"application\/ld+json\" class=\"yoast-schema-graph\">{\"@context\":\"https:\\\/\\\/schema.org\",\"@graph\":[{\"@type\":\"WebPage\",\"@id\":\"https:\\\/\\\/gloriadeus.com\\\/home\\\/saudacao-para-semana-escolha-e-acesse\\\/\",\"url\":\"https:\\\/\\\/gloriadeus.com\\\/home\\\/saudacao-para-semana-escolha-e-acesse\\\/\",\"name\":\"Sauda\u00e7\u00e3o para semana - Escolha e acesse - Gl\u00f3ria Deus\",\"isPartOf\":{\"@id\":\"https:\\\/\\\/gloriadeus.com\\\/home\\\/#website\"},\"primaryImageOfPage\":{\"@id\":\"https:\\\/\\\/gloriadeus.com\\\/home\\\/saudacao-para-semana-escolha-e-acesse\\\/#primaryimage\"},\"image\":{\"@id\":\"https:\\\/\\\/gloriadeus.com\\\/home\\\/saudacao-para-semana-escolha-e-acesse\\\/#primaryimage\"},\"thumbnailUrl\":\"https:\\\/\\\/gloriadeus.com\\\/wp-content\\\/uploads\\\/2024\\\/03\\\/210324DDIMG01cx.png\",\"datePublished\":\"2024-01-10T20:54:39+00:00\",\"dateModified\":\"2026-02-09T01:51:45+00:00\",\"breadcrumb\":{\"@id\":\"https:\\\/\\\/gloriadeus.com\\\/home\\\/saudacao-para-semana-escolha-e-acesse\\\/#breadcrumb\"},\"inLanguage\":\"pt-BR\",\"potentialAction\":[{\"@type\":\"ReadAction\",\"target\":[\"https:\\\/\\\/gloriadeus.com\\\/home\\\/saudacao-para-semana-escolha-e-acesse\\\/\"]}]},{\"@type\":\"ImageObject\",\"inLanguage\":\"pt-BR\",\"@id\":\"https:\\\/\\\/gloriadeus.com\\\/home\\\/saudacao-para-semana-escolha-e-acesse\\\/#primaryimage\",\"url\":\"https:\\\/\\\/gloriadeus.com\\\/wp-content\\\/uploads\\\/2024\\\/03\\\/210324DDIMG01cx.png\",\"contentUrl\":\"https:\\\/\\\/gloriadeus.com\\\/wp-content\\\/uploads\\\/2024\\\/03\\\/210324DDIMG01cx.png\",\"width\":988,\"height\":1424,\"caption\":\"Para a semana ser incr\u00edvel\"},{\"@type\":\"BreadcrumbList\",\"@id\":\"https:\\\/\\\/gloriadeus.com\\\/home\\\/saudacao-para-semana-escolha-e-acesse\\\/#breadcrumb\",\"itemListElement\":[{\"@type\":\"ListItem\",\"position\":1,\"name\":\"In\u00edcio\",\"item\":\"https:\\\/\\\/gloriadeus.com\\\/home\\\/\"},{\"@type\":\"ListItem\",\"position\":2,\"name\":\"Sauda\u00e7\u00e3o para semana &#8211; Escolha e acesse\"}]},{\"@type\":\"WebSite\",\"@id\":\"https:\\\/\\\/gloriadeus.com\\\/home\\\/#website\",\"url\":\"https:\\\/\\\/gloriadeus.com\\\/home\\\/\",\"name\":\"Gloria Deus\",\"description\":\"\u21a8 Deslize para descobrir mais \u21a8\",\"publisher\":{\"@id\":\"https:\\\/\\\/gloriadeus.com\\\/home\\\/#\\\/schema\\\/person\\\/ab2365ca8f87ea38e53ba3c2275e65c4\"},\"alternateName\":\"Muita f\u00e9\",\"potentialAction\":[{\"@type\":\"SearchAction\",\"target\":{\"@type\":\"EntryPoint\",\"urlTemplate\":\"https:\\\/\\\/gloriadeus.com\\\/home\\\/?s={search_term_string}\"},\"query-input\":{\"@type\":\"PropertyValueSpecification\",\"valueRequired\":true,\"valueName\":\"search_term_string\"}}],\"inLanguage\":\"pt-BR\"},{\"@type\":[\"Person\",\"Organization\"],\"@id\":\"https:\\\/\\\/gloriadeus.com\\\/home\\\/#\\\/schema\\\/person\\\/ab2365ca8f87ea38e53ba3c2275e65c4\",\"name\":\"gloriadeus.com\",\"image\":{\"@type\":\"ImageObject\",\"inLanguage\":\"pt-BR\",\"@id\":\"https:\\\/\\\/gloriadeus.com\\\/wp-content\\\/uploads\\\/2024\\\/03\\\/230525DDPNG-21.png\",\"url\":\"https:\\\/\\\/gloriadeus.com\\\/wp-content\\\/uploads\\\/2024\\\/03\\\/230525DDPNG-21.png\",\"contentUrl\":\"https:\\\/\\\/gloriadeus.com\\\/wp-content\\\/uploads\\\/2024\\\/03\\\/230525DDPNG-21.png\",\"width\":220,\"height\":230,\"caption\":\"gloriadeus.com\"},\"logo\":{\"@id\":\"https:\\\/\\\/gloriadeus.com\\\/wp-content\\\/uploads\\\/2024\\\/03\\\/230525DDPNG-21.png\"},\"sameAs\":[\"https:\\\/\\\/gloriadeus.com\"]}]}<\/script>\n<!-- \/ Yoast SEO plugin. -->","yoast_head_json":{"title":"Sauda\u00e7\u00e3o para semana - Escolha e acesse - Gl\u00f3ria Deus","robots":{"index":"index","follow":"follow","max-snippet":"max-snippet:-1","max-image-preview":"max-image-preview:large","max-video-preview":"max-video-preview:-1"},"canonical":"https:\/\/gloriadeus.com\/home\/saudacao-para-semana-escolha-e-acesse\/","og_locale":"pt_BR","og_type":"article","og_title":"Sauda\u00e7\u00e3o para semana - Escolha e acesse - Gl\u00f3ria Deus","og_description":"\u00c0 seguir, toque no campo e escolha qual sauda\u00e7\u00e3o para o dia da semana deseja conferir: \u2192 Bom domingo \u2192 &hellip;","og_url":"https:\/\/gloriadeus.com\/home\/saudacao-para-semana-escolha-e-acesse\/","og_site_name":"Gl\u00f3ria Deus","article_modified_time":"2026-02-09T01:51:45+00:00","og_image":[{"width":988,"height":1424,"url":"https:\/\/gloriadeus.com\/wp-content\/uploads\/2024\/03\/210324DDIMG01cx.png","type":"image\/png"}],"twitter_card":"summary_large_image","twitter_misc":{"Est. tempo de leitura":"1 minuto"},"schema":{"@context":"https:\/\/schema.org","@graph":[{"@type":"WebPage","@id":"https:\/\/gloriadeus.com\/home\/saudacao-para-semana-escolha-e-acesse\/","url":"https:\/\/gloriadeus.com\/home\/saudacao-para-semana-escolha-e-acesse\/","name":"Sauda\u00e7\u00e3o para semana - Escolha e acesse - Gl\u00f3ria Deus","isPartOf":{"@id":"https:\/\/gloriadeus.com\/home\/#website"},"primaryImageOfPage":{"@id":"https:\/\/gloriadeus.com\/home\/saudacao-para-semana-escolha-e-acesse\/#primaryimage"},"image":{"@id":"https:\/\/gloriadeus.com\/home\/saudacao-para-semana-escolha-e-acesse\/#primaryimage"},"thumbnailUrl":"https:\/\/gloriadeus.com\/wp-content\/uploads\/2024\/03\/210324DDIMG01cx.png","datePublished":"2024-01-10T20:54:39+00:00","dateModified":"2026-02-09T01:51:45+00:00","breadcrumb":{"@id":"https:\/\/gloriadeus.com\/home\/saudacao-para-semana-escolha-e-acesse\/#breadcrumb"},"inLanguage":"pt-BR","potentialAction":[{"@type":"ReadAction","target":["https:\/\/gloriadeus.com\/home\/saudacao-para-semana-escolha-e-acesse\/"]}]},{"@type":"ImageObject","inLanguage":"pt-BR","@id":"https:\/\/gloriadeus.com\/home\/saudacao-para-semana-escolha-e-acesse\/#primaryimage","url":"https:\/\/gloriadeus.com\/wp-content\/uploads\/2024\/03\/210324DDIMG01cx.png","contentUrl":"https:\/\/gloriadeus.com\/wp-content\/uploads\/2024\/03\/210324DDIMG01cx.png","width":988,"height":1424,"caption":"Para a semana ser incr\u00edvel"},{"@type":"BreadcrumbList","@id":"https:\/\/gloriadeus.com\/home\/saudacao-para-semana-escolha-e-acesse\/#breadcrumb","itemListElement":[{"@type":"ListItem","position":1,"name":"In\u00edcio","item":"https:\/\/gloriadeus.com\/home\/"},{"@type":"ListItem","position":2,"name":"Sauda\u00e7\u00e3o para semana &#8211; Escolha e acesse"}]},{"@type":"WebSite","@id":"https:\/\/gloriadeus.com\/home\/#website","url":"https:\/\/gloriadeus.com\/home\/","name":"Gloria Deus","description":"\u21a8 Deslize para descobrir mais \u21a8","publisher":{"@id":"https:\/\/gloriadeus.com\/home\/#\/schema\/person\/ab2365ca8f87ea38e53ba3c2275e65c4"},"alternateName":"Muita f\u00e9","potentialAction":[{"@type":"SearchAction","target":{"@type":"EntryPoint","urlTemplate":"https:\/\/gloriadeus.com\/home\/?s={search_term_string}"},"query-input":{"@type":"PropertyValueSpecification","valueRequired":true,"valueName":"search_term_string"}}],"inLanguage":"pt-BR"},{"@type":["Person","Organization"],"@id":"https:\/\/gloriadeus.com\/home\/#\/schema\/person\/ab2365ca8f87ea38e53ba3c2275e65c4","name":"gloriadeus.com","image":{"@type":"ImageObject","inLanguage":"pt-BR","@id":"https:\/\/gloriadeus.com\/wp-content\/uploads\/2024\/03\/230525DDPNG-21.png","url":"https:\/\/gloriadeus.com\/wp-content\/uploads\/2024\/03\/230525DDPNG-21.png","contentUrl":"https:\/\/gloriadeus.com\/wp-content\/uploads\/2024\/03\/230525DDPNG-21.png","width":220,"height":230,"caption":"gloriadeus.com"},"logo":{"@id":"https:\/\/gloriadeus.com\/wp-content\/uploads\/2024\/03\/230525DDPNG-21.png"},"sameAs":["https:\/\/gloriadeus.com"]}]}},"_links":{"self":[{"href":"https:\/\/gloriadeus.com\/home\/wp-json\/wp\/v2\/pages\/1014","targetHints":{"allow":["GET"]}}],"collection":[{"href":"https:\/\/gloriadeus.com\/home\/wp-json\/wp\/v2\/pages"}],"about":[{"href":"https:\/\/gloriadeus.com\/home\/wp-json\/wp\/v2\/types\/page"}],"author":[{"embeddable":true,"href":"https:\/\/gloriadeus.com\/home\/wp-json\/wp\/v2\/users\/1"}],"replies":[{"embeddable":true,"href":"https:\/\/gloriadeus.com\/home\/wp-json\/wp\/v2\/comments?post=1014"}],"version-history":[{"count":7,"href":"https:\/\/gloriadeus.com\/home\/wp-json\/wp\/v2\/pages\/1014\/revisions"}],"predecessor-version":[{"id":10458,"href":"https:\/\/gloriadeus.com\/home\/wp-json\/wp\/v2\/pages\/1014\/revisions\/10458"}],"wp:featuredmedia":[{"embeddable":true,"href":"https:\/\/gloriadeus.com\/home\/wp-json\/wp\/v2\/media\/1015"}],"wp:attachment":[{"href":"https:\/\/gloriadeus.com\/home\/wp-json\/wp\/v2\/media?parent=1014"}],"curies":[{"name":"wp","href":"https:\/\/api.w.org\/{rel}","templated":true}]}}